{"text_format":"1","workbook":"xlsx","n_sheets":5,"sheets":["model","dropdown","estrato","salud","recoding"],"not_rendered":{"charts":2,"images":0,"macros":1,"external_links":0,"defined_names":30,"comments":0,"pivot_tables":0},"unopened":[],"bounds":{"document_bytes":16777216,"sheet_cells":100000,"rows_first":2000,"rows_last":500,"rows_between":2000,"halvings":0,"cell_chars":16384,"cell_head_chars":4096},"cells_cut":0,"cells_raw":0,"read":"whole","date_system":"1900"}

{"sheet":"model","index":0,"n_rows":219,"n_cols":35,"rows_kept":219,"cut":false,"hidden":false,"merged":[[200,1,200,4],[197,1,198,1],[197,4,198,4],[112,15,112,16],[112,19,112,21],[184,2,184,3],[197,2,197,3],[199,1,199,4],[112,1,112,4],[112,5,112,8],[112,22,112,24],[112,25,112,27],[112,28,112,30],[112,9,112,10],[112,11,112,12],[112,13,112,14],[49,9,49,12],[5,2,5,3],[11,2,11,4],[11,5,11,7],[89,2,89,3],[89,4,89,5],[49,2,49,5],[10,2,10,4],[10,5,10,7]]}
[]
["ONS - Herramienta para el análsisi de desigualdades en Salud"]
[]
["1. Parámetros"]
[]
[null,"Indicador salud","Mortalidad Materna",null,{"$f":"VLOOKUP(CONCATENATE(B15,$F$12,indicador_sel),salud!A:H,8,0)","v":100000}]
[null,"Indicador económico","PIB"]
[null,"Sentido",{"$f":"VLOOKUP(estrato_sel,direction,2,0)","v":"Positivo"}]
[null,null,null,null,null,null,null,null,false]
[null,"Tabla datos"]
[null,null,{"$f":"VLOOKUP(event_sel,periods,2,0)","v":"2000-2005"},null,null,{"$f":"VLOOKUP(event_sel,periods,3,0)","v":"2010-2015"}]
[null,null,"p1",null,null,"p2"]
[null,null,"se","casos","pob","se","casos","pob"]
[null,"Amazonas",{"$f":"VLOOKUP(CONCATENATE(B14,$C$12,estrato_sel),estrato!A:F,6,0)","v":231.83333333333334},{"$f":"IFERROR(VLOOKUP(CONCATENATE(B14,$C$12,indicador_sel),salud!A:H,6,0),0)","v":12},{"$f":"VLOOKUP(CONCATENATE(B14,$C$12,indicador_sel),salud!A:H,7,0)","v":8100},{"$f":"VLOOKUP(CONCATENATE(B14,$F$12,estrato_sel),estrato!A:F,6,0)","v":326.5},{"$f":"IFERROR(VLOOKUP(CONCATENATE(B14,$F$12,indicador_sel),salud!A:H,6,0),0)","v":7},{"$f":"VLOOKUP(CONCATENATE(B14,$F$12,indicador_sel),salud!A:H,7,0)","v":8618},{"$f":"B14","v":"Amazonas"}]
[null,"Antioquia",{"$f":"VLOOKUP(CONCATENATE(B15,$C$12,estrato_sel),estrato!A:F,6,0)","v":41657.333333333336},{"$f":"IFERROR(VLOOKUP(CONCATENATE(B15,$C$12,indicador_sel),salud!A:H,6,0),0)","v":373},{"$f":"VLOOKUP(CONCATENATE(B15,$C$12,indicador_sel),salud!A:H,7,0)","v":579644},{"$f":"VLOOKUP(CONCATENATE(B15,$F$12,estrato_sel),estrato!A:F,6,0)","v":65591},{"$f":"IFERROR(VLOOKUP(CONCATENATE(B15,$F$12,indicador_sel),salud!A:H,6,0),0)","v":211},{"$f":"VLOOKUP(CONCATENATE(B15,$F$12,indicador_sel),salud!A:H,7,0)","v":458869},{"$f":"B15","v":"Antioquia"}]
[null,"Arauca",{"$f":"VLOOKUP(CONCATENATE(B16,$C$12,estrato_sel),estrato!A:F,6,0)","v":3005.3333333333335},{"$f":"IFERROR(VLOOKUP(CONCATENATE(B16,$C$12,indicador_sel),salud!A:H,6,0),0)","v":30},{"$f":"VLOOKUP(CONCATENATE(B16,$C$12,indicador_sel),salud!A:H,7,0)","v":31182},{"$f":"VLOOKUP(CONCATENATE(B16,$F$12,estrato_sel),estrato!A:F,6,0)","v":3147},{"$f":"IFERROR(VLOOKUP(CONCATENATE(B16,$F$12,indicador_sel),salud!A:H,6,0),0)","v":14},{"$f":"VLOOKUP(CONCATENATE(B16,$F$12,indicador_sel),salud!A:H,7,0)","v":25633},"Arauca"]
[null,"Atlántico",{"$f":"VLOOKUP(CONCATENATE(B17,$C$12,estrato_sel),estrato!A:F,6,0)","v":12464.166666666666},{"$f":"IFERROR(VLOOKUP(CONCATENATE(B17,$C$12,indicador_sel),salud!A:H,6,0),0)","v":189},{"$f":"VLOOKUP(CONCATENATE(B17,$C$12,indicador_sel),salud!A:H,7,0)","v":247615},{"$f":"VLOOKUP(CONCATENATE(B17,$F$12,estrato_sel),estrato!A:F,6,0)","v":19295.166666666668},{"$f":"IFERROR(VLOOKUP(CONCATENATE(B17,$F$12,indicador_sel),salud!A:H,6,0),0)","v":139},{"$f":"VLOOKUP(CONCATENATE(B17,$F$12,indicador_sel),salud!A:H,7,0)","v":230819},"Atlántico"]
[null,"Bogotá",{"$f":"VLOOKUP(CONCATENATE(B18,$C$12,estrato_sel),estrato!A:F,6,0)","v":80237.833333333328},{"$f":"IFERROR(VLOOKUP(CONCATENATE(B18,$C$12,indicador_sel),salud!A:H,6,0),0)","v":483},{"$f":"VLOOKUP(CONCATENATE(B18,$C$12,indicador_sel),salud!A:H,7,0)","v":697517},{"$f":"VLOOKUP(CONCATENATE(B18,$F$12,estrato_sel),estrato!A:F,6,0)","v":125643},{"$f":"IFERROR(VLOOKUP(CONCATENATE(B18,$F$12,indicador_sel),salud!A:H,6,0),0)","v":227},{"$f":"VLOOKUP(CONCATENATE(B18,$F$12,indicador_sel),salud!A:H,7,0)","v":633311},"Bogotá"]
[null,"Bolívar",{"$f":"VLOOKUP(CONCATENATE(B19,$C$12,estrato_sel),estrato!A:F,6,0)","v":11807.666666666666},{"$f":"IFERROR(VLOOKUP(CONCATENATE(B19,$C$12,indicador_sel),salud!A:H,6,0),0)","v":158},{"$f":"VLOOKUP(CONCATENATE(B19,$C$12,indicador_sel),salud!A:H,7,0)","v":185444},{"$f":"VLOOKUP(CONCATENATE(B19,$F$12,estrato_sel),estrato!A:F,6,0)","v":18524.833333333332},{"$f":"IFERROR(VLOOKUP(CONCATENATE(B19,$F$12,indicador_sel),salud!A:H,6,0),0)","v":122},{"$f":"VLOOKUP(CONCATENATE(B19,$F$12,indicador_sel),salud!A:H,7,0)","v":210859},"Bolívar"]
[null,"Boyacá",{"$f":"VLOOKUP(CONCATENATE(B20,$C$12,estrato_sel),estrato!A:F,6,0)","v":8249.8333333333339},{"$f":"IFERROR(VLOOKUP(CONCATENATE(B20,$C$12,indicador_sel),salud!A:H,6,0),0)","v":114},{"$f":"VLOOKUP(CONCATENATE(B20,$C$12,indicador_sel),salud!A:H,7,0)","v":129450},{"$f":"VLOOKUP(CONCATENATE(B20,$F$12,estrato_sel),estrato!A:F,6,0)","v":13203.166666666666},{"$f":"IFERROR(VLOOKUP(CONCATENATE(B20,$F$12,indicador_sel),salud!A:H,6,0),0)","v":51},{"$f":"VLOOKUP(CONCATENATE(B20,$F$12,indicador_sel),salud!A:H,7,0)","v":99677},"Boyacá"]
[null,"Caldas",{"$f":"VLOOKUP(CONCATENATE(B21,$C$12,estrato_sel),estrato!A:F,6,0)","v":5405.166666666667},{"$f":"IFERROR(VLOOKUP(CONCATENATE(B21,$C$12,indicador_sel),salud!A:H,6,0),0)","v":80},{"$f":"VLOOKUP(CONCATENATE(B21,$C$12,indicador_sel),salud!A:H,7,0)","v":91186},{"$f":"VLOOKUP(CONCATENATE(B21,$F$12,estrato_sel),estrato!A:F,6,0)","v":7139.5},{"$f":"IFERROR(VLOOKUP(CONCATENATE(B21,$F$12,indicador_sel),salud!A:H,6,0),0)","v":33},{"$f":"VLOOKUP(CONCATENATE(B21,$F$12,indicador_sel),salud!A:H,7,0)","v":62084},"Caldas"]
[null,"Caquetá",{"$f":"VLOOKUP(CONCATENATE(B22,$C$12,estrato_sel),estrato!A:F,6,0)","v":1433.5},{"$f":"IFERROR(VLOOKUP(CONCATENATE(B22,$C$12,indicador_sel),salud!A:H,6,0),0)","v":73},{"$f":"VLOOKUP(CONCATENATE(B22,$C$12,indicador_sel),salud!A:H,7,0)","v":41197},{"$f":"VLOOKUP(CONCATENATE(B22,$F$12,estrato_sel),estrato!A:F,6,0)","v":2136.6666666666665},{"$f":"IFERROR(VLOOKUP(CONCATENATE(B22,$F$12,indicador_sel),salud!A:H,6,0),0)","v":53},{"$f":"VLOOKUP(CONCATENATE(B22,$F$12,indicador_sel),salud!A:H,7,0)","v":45108},"Caquetá"]
[null,"Casanare",{"$f":"VLOOKUP(CONCATENATE(B23,$C$12,estrato_sel),estrato!A:F,6,0)","v":8879},{"$f":"IFERROR(VLOOKUP(CONCATENATE(B23,$C$12,indicador_sel),salud!A:H,6,0),0)","v":16},{"$f":"VLOOKUP(CONCATENATE(B23,$C$12,indicador_sel),salud!A:H,7,0)","v":34515},{"$f":"VLOOKUP(CONCATENATE(B23,$F$12,estrato_sel),estrato!A:F,6,0)","v":8208.6666666666661},{"$f":"IFERROR(VLOOKUP(CONCATENATE(B23,$F$12,indicador_sel),salud!A:H,6,0),0)","v":19},{"$f":"VLOOKUP(CONCATENATE(B23,$F$12,indicador_sel),salud!A:H,7,0)","v":41269},"Casanare"]
[null,"Cauca",{"$f":"VLOOKUP(CONCATENATE(B24,$C$12,estrato_sel),estrato!A:F,6,0)","v":4352.166666666667},{"$f":"IFERROR(VLOOKUP(CONCATENATE(B24,$C$12,indicador_sel),salud!A:H,6,0),0)","v":162},{"$f":"VLOOKUP(CONCATENATE(B24,$C$12,indicador_sel),salud!A:H,7,0)","v":107200},{"$f":"VLOOKUP(CONCATENATE(B24,$F$12,estrato_sel),estrato!A:F,6,0)","v":7476.5},{"$f":"IFERROR(VLOOKUP(CONCATENATE(B24,$F$12,indicador_sel),salud!A:H,6,0),0)","v":113},{"$f":"VLOOKUP(CONCATENATE(B24,$F$12,indicador_sel),salud!A:H,7,0)","v":106211},"Cauca"]
[null,"Cesar",{"$f":"VLOOKUP(CONCATENATE(B25,$C$12,estrato_sel),estrato!A:F,6,0)","v":5192.833333333333},{"$f":"IFERROR(VLOOKUP(CONCATENATE(B25,$C$12,indicador_sel),salud!A:H,6,0),0)","v":89},{"$f":"VLOOKUP(CONCATENATE(B25,$C$12,indicador_sel),salud!A:H,7,0)","v":115867},{"$f":"VLOOKUP(CONCATENATE(B25,$F$12,estrato_sel),estrato!A:F,6,0)","v":9299.1666666666661},{"$f":"IFERROR(VLOOKUP(CONCATENATE(B25,$F$12,indicador_sel),salud!A:H,6,0),0)","v":102},{"$f":"VLOOKUP(CONCATENATE(B25,$F$12,indicador_sel),salud!A:H,7,0)","v":123632},"Cesar"]
[null,"Chocó",{"$f":"VLOOKUP(CONCATENATE(B26,$C$12,estrato_sel),estrato!A:F,6,0)","v":1084.1666666666667},{"$f":"IFERROR(VLOOKUP(CONCATENATE(B26,$C$12,indicador_sel),salud!A:H,6,0),0)","v":95},{"$f":"VLOOKUP(CONCATENATE(B26,$C$12,indicador_sel),salud!A:H,7,0)","v":28046},{"$f":"VLOOKUP(CONCATENATE(B26,$F$12,estrato_sel),estrato!A:F,6,0)","v":1884.5},{"$f":"IFERROR(VLOOKUP(CONCATENATE(B26,$F$12,indicador_sel),salud!A:H,6,0),0)","v":78},{"$f":"VLOOKUP(CONCATENATE(B26,$F$12,indicador_sel),salud!A:H,7,0)","v":38543},"Chocó"]
[null,"Córdoba",{"$f":"VLOOKUP(CONCATENATE(B27,$C$12,estrato_sel),estrato!A:F,6,0)","v":6297.666666666667},{"$f":"IFERROR(VLOOKUP(CONCATENATE(B27,$C$12,indicador_sel),salud!A:H,6,0),0)","v":146},{"$f":"VLOOKUP(CONCATENATE(B27,$C$12,indicador_sel),salud!A:H,7,0)","v":146885},{"$f":"VLOOKUP(CONCATENATE(B27,$F$12,estrato_sel),estrato!A:F,6,0)","v":8567.5},{"$f":"IFERROR(VLOOKUP(CONCATENATE(B27,$F$12,indicador_sel),salud!A:H,6,0),0)","v":161},{"$f":"VLOOKUP(CONCATENATE(B27,$F$12,indicador_sel),salud!A:H,7,0)","v":159118},"Córdoba"]
[null,"Cundinamarca",{"$f":"VLOOKUP(CONCATENATE(B28,$C$12,estrato_sel),estrato!A:F,6,0)","v":15998.666666666666},{"$f":"IFERROR(VLOOKUP(CONCATENATE(B28,$C$12,indicador_sel),salud!A:H,6,0),0)","v":167},{"$f":"VLOOKUP(CONCATENATE(B28,$C$12,indicador_sel),salud!A:H,7,0)","v":213177},{"$f":"VLOOKUP(CONCATENATE(B28,$F$12,estrato_sel),estrato!A:F,6,0)","v":25684.5},{"$f":"IFERROR(VLOOKUP(CONCATENATE(B28,$F$12,indicador_sel),salud!A:H,6,0),0)","v":103},{"$f":"VLOOKUP(CONCATENATE(B28,$F$12,indicador_sel),salud!A:H,7,0)","v":207543},"Cundinamarca"]
[null,"Guainía",{"$f":"VLOOKUP(CONCATENATE(B29,$C$12,estrato_sel),estrato!A:F,6,0)","v":105.66666666666667},{"$f":"IFERROR(VLOOKUP(CONCATENATE(B29,$C$12,indicador_sel),salud!A:H,6,0),0)","v":8},{"$f":"VLOOKUP(CONCATENATE(B29,$C$12,indicador_sel),salud!A:H,7,0)","v":3252},{"$f":"VLOOKUP(CONCATENATE(B29,$F$12,estrato_sel),estrato!A:F,6,0)","v":150},{"$f":"IFERROR(VLOOKUP(CONCATENATE(B29,$F$12,indicador_sel),salud!A:H,6,0),0)","v":6},{"$f":"VLOOKUP(CONCATENATE(B29,$F$12,indicador_sel),salud!A:H,7,0)","v":3520},"Guainía"]
[null,"Guaviare",{"$f":"VLOOKUP(CONCATENATE(B30,$C$12,estrato_sel),estrato!A:F,6,0)","v":314},{"$f":"IFERROR(VLOOKUP(CONCATENATE(B30,$C$12,indicador_sel),salud!A:H,6,0),0)","v":22},{"$f":"VLOOKUP(CONCATENATE(B30,$C$12,indicador_sel),salud!A:H,7,0)","v":9674},{"$f":"VLOOKUP(CONCATENATE(B30,$F$12,estrato_sel),estrato!A:F,6,0)","v":363.66666666666669},{"$f":"IFERROR(VLOOKUP(CONCATENATE(B30,$F$12,indicador_sel),salud!A:H,6,0),0)","v":7},{"$f":"VLOOKUP(CONCATENATE(B30,$F$12,indicador_sel),salud!A:H,7,0)","v":7240},"Guaviare"]
[null,"Huila",{"$f":"VLOOKUP(CONCATENATE(B31,$C$12,estrato_sel),estrato!A:F,6,0)","v":5937.333333333333},{"$f":"IFERROR(VLOOKUP(CONCATENATE(B31,$C$12,indicador_sel),salud!A:H,6,0),0)","v":93},{"$f":"VLOOKUP(CONCATENATE(B31,$C$12,indicador_sel),salud!A:H,7,0)","v":129970},{"$f":"VLOOKUP(CONCATENATE(B31,$F$12,estrato_sel),estrato!A:F,6,0)","v":8176.166666666667},{"$f":"IFERROR(VLOOKUP(CONCATENATE(B31,$F$12,indicador_sel),salud!A:H,6,0),0)","v":42},{"$f":"VLOOKUP(CONCATENATE(B31,$F$12,indicador_sel),salud!A:H,7,0)","v":120104},"Huila"]
[null,"La Guajira",{"$f":"VLOOKUP(CONCATENATE(B32,$C$12,estrato_sel),estrato!A:F,6,0)","v":3492.5},{"$f":"IFERROR(VLOOKUP(CONCATENATE(B32,$C$12,indicador_sel),salud!A:H,6,0),0)","v":73},{"$f":"VLOOKUP(CONCATENATE(B32,$C$12,indicador_sel),salud!A:H,7,0)","v":62074},{"$f":"VLOOKUP(CONCATENATE(B32,$F$12,estrato_sel),estrato!A:F,6,0)","v":5415.166666666667},{"$f":"IFERROR(VLOOKUP(CONCATENATE(B32,$F$12,indicador_sel),salud!A:H,6,0),0)","v":136},{"$f":"VLOOKUP(CONCATENATE(B32,$F$12,indicador_sel),salud!A:H,7,0)","v":81311},"La Guajira"]
[null,"Magdalena",{"$f":"VLOOKUP(CONCATENATE(B33,$C$12,estrato_sel),estrato!A:F,6,0)","v":4077.1666666666665},{"$f":"IFERROR(VLOOKUP(CONCATENATE(B33,$C$12,indicador_sel),salud!A:H,6,0),0)","v":134},{"$f":"VLOOKUP(CONCATENATE(B33,$C$12,indicador_sel),salud!A:H,7,0)","v":117816},{"$f":"VLOOKUP(CONCATENATE(B33,$F$12,estrato_sel),estrato!A:F,6,0)","v":6318.666666666667},{"$f":"IFERROR(VLOOKUP(CONCATENATE(B33,$F$12,indicador_sel),salud!A:H,6,0),0)","v":113},{"$f":"VLOOKUP(CONCATENATE(B33,$F$12,indicador_sel),salud!A:H,7,0)","v":135486},"Magdalena"]
[null,"Meta",{"$f":"VLOOKUP(CONCATENATE(B34,$C$12,estrato_sel),estrato!A:F,6,0)","v":6387.333333333333},{"$f":"IFERROR(VLOOKUP(CONCATENATE(B34,$C$12,indicador_sel),salud!A:H,6,0),0)","v":89},{"$f":"VLOOKUP(CONCATENATE(B34,$C$12,indicador_sel),salud!A:H,7,0)","v":90908},{"$f":"VLOOKUP(CONCATENATE(B34,$F$12,estrato_sel),estrato!A:F,6,0)","v":20922.666666666668},{"$f":"IFERROR(VLOOKUP(CONCATENATE(B34,$F$12,indicador_sel),salud!A:H,6,0),0)","v":45},{"$f":"VLOOKUP(CONCATENATE(B34,$F$12,indicador_sel),salud!A:H,7,0)","v":92887},"Meta"]
[null,"Nariño",{"$f":"VLOOKUP(CONCATENATE(B35,$C$12,estrato_sel),estrato!A:F,6,0)","v":4710.166666666667},{"$f":"IFERROR(VLOOKUP(CONCATENATE(B35,$C$12,indicador_sel),salud!A:H,6,0),0)","v":170},{"$f":"VLOOKUP(CONCATENATE(B35,$C$12,indicador_sel),salud!A:H,7,0)","v":129536},{"$f":"VLOOKUP(CONCATENATE(B35,$F$12,estrato_sel),estrato!A:F,6,0)","v":7221.166666666667},{"$f":"IFERROR(VLOOKUP(CONCATENATE(B35,$F$12,indicador_sel),salud!A:H,6,0),0)","v":86},{"$f":"VLOOKUP(CONCATENATE(B35,$F$12,indicador_sel),salud!A:H,7,0)","v":108734},"Nariño"]
[null,"Norte de Santander",{"$f":"VLOOKUP(CONCATENATE(B36,$C$12,estrato_sel),estrato!A:F,6,0)","v":5259},{"$f":"IFERROR(VLOOKUP(CONCATENATE(B36,$C$12,indicador_sel),salud!A:H,6,0),0)","v":94},{"$f":"VLOOKUP(CONCATENATE(B36,$C$12,indicador_sel),salud!A:H,7,0)","v":133690},{"$f":"VLOOKUP(CONCATENATE(B36,$F$12,estrato_sel),estrato!A:F,6,0)","v":7821.5},{"$f":"IFERROR(VLOOKUP(CONCATENATE(B36,$F$12,indicador_sel),salud!A:H,6,0),0)","v":74},{"$f":"VLOOKUP(CONCATENATE(B36,$F$12,indicador_sel),salud!A:H,7,0)","v":123434},"Norte de Santander"]
[null,"Putumayo",{"$f":"VLOOKUP(CONCATENATE(B37,$C$12,estrato_sel),estrato!A:F,6,0)","v":1018.3333333333334},{"$f":"IFERROR(VLOOKUP(CONCATENATE(B37,$C$12,indicador_sel),salud!A:H,6,0),0)","v":38},{"$f":"VLOOKUP(CONCATENATE(B37,$C$12,indicador_sel),salud!A:H,7,0)","v":29600},{"$f":"VLOOKUP(CONCATENATE(B37,$F$12,estrato_sel),estrato!A:F,6,0)","v":2236},{"$f":"IFERROR(VLOOKUP(CONCATENATE(B37,$F$12,indicador_sel),salud!A:H,6,0),0)","v":36},{"$f":"VLOOKUP(CONCATENATE(B37,$F$12,indicador_sel),salud!A:H,7,0)","v":25939},"Putumayo"]
[null,"Quindío",{"$f":"VLOOKUP(CONCATENATE(B38,$C$12,estrato_sel),estrato!A:F,6,0)","v":2763.3333333333335},{"$f":"IFERROR(VLOOKUP(CONCATENATE(B38,$C$12,indicador_sel),salud!A:H,6,0),0)","v":32},{"$f":"VLOOKUP(CONCATENATE(B38,$C$12,indicador_sel),salud!A:H,7,0)","v":51833},{"$f":"VLOOKUP(CONCATENATE(B38,$F$12,estrato_sel),estrato!A:F,6,0)","v":3607.6666666666665},{"$f":"IFERROR(VLOOKUP(CONCATENATE(B38,$F$12,indicador_sel),salud!A:H,6,0),0)","v":15},{"$f":"VLOOKUP(CONCATENATE(B38,$F$12,indicador_sel),salud!A:H,7,0)","v":35934},"Quindío"]
[null,"Risaralda",{"$f":"VLOOKUP(CONCATENATE(B39,$C$12,estrato_sel),estrato!A:F,6,0)","v":4846.5},{"$f":"IFERROR(VLOOKUP(CONCATENATE(B39,$C$12,indicador_sel),salud!A:H,6,0),0)","v":50},{"$f":"VLOOKUP(CONCATENATE(B39,$C$12,indicador_sel),salud!A:H,7,0)","v":85948},{"$f":"VLOOKUP(CONCATENATE(B39,$F$12,estrato_sel),estrato!A:F,6,0)","v":7033.333333333333},{"$f":"IFERROR(VLOOKUP(CONCATENATE(B39,$F$12,indicador_sel),salud!A:H,6,0),0)","v":33},{"$f":"VLOOKUP(CONCATENATE(B39,$F$12,indicador_sel),salud!A:H,7,0)","v":69087},"Risaralda"]
[null,"San Andrés y Providencia",{"$f":"VLOOKUP(CONCATENATE(B40,$C$12,estrato_sel),estrato!A:F,6,0)","v":480.16666666666669},{"$f":"IFERROR(VLOOKUP(CONCATENATE(B40,$C$12,indicador_sel),salud!A:H,6,0),0)","v":6},{"$f":"VLOOKUP(CONCATENATE(B40,$C$12,indicador_sel),salud!A:H,7,0)","v":5928},{"$f":"VLOOKUP(CONCATENATE(B40,$F$12,estrato_sel),estrato!A:F,6,0)","v":703.66666666666663},{"$f":"IFERROR(VLOOKUP(CONCATENATE(B40,$F$12,indicador_sel),salud!A:H,6,0),0)","v":2},{"$f":"VLOOKUP(CONCATENATE(B40,$F$12,indicador_sel),salud!A:H,7,0)","v":5095},"San Andrés y Providencia"]
[null,"Santander",{"$f":"VLOOKUP(CONCATENATE(B41,$C$12,estrato_sel),estrato!A:F,6,0)","v":20125.5},{"$f":"IFERROR(VLOOKUP(CONCATENATE(B41,$C$12,indicador_sel),salud!A:H,6,0),0)","v":114},{"$f":"VLOOKUP(CONCATENATE(B41,$C$12,indicador_sel),salud!A:H,7,0)","v":206050},{"$f":"VLOOKUP(CONCATENATE(B41,$F$12,estrato_sel),estrato!A:F,6,0)","v":32817.833333333336},{"$f":"IFERROR(VLOOKUP(CONCATENATE(B41,$F$12,indicador_sel),salud!A:H,6,0),0)","v":72},{"$f":"VLOOKUP(CONCATENATE(B41,$F$12,indicador_sel),salud!A:H,7,0)","v":184251},"Santander"]
[null,"Sucre",{"$f":"VLOOKUP(CONCATENATE(B42,$C$12,estrato_sel),estrato!A:F,6,0)","v":2356.3333333333335},{"$f":"IFERROR(VLOOKUP(CONCATENATE(B42,$C$12,indicador_sel),salud!A:H,6,0),0)","v":57},{"$f":"VLOOKUP(CONCATENATE(B42,$C$12,indicador_sel),salud!A:H,7,0)","v":83314},{"$f":"VLOOKUP(CONCATENATE(B42,$F$12,estrato_sel),estrato!A:F,6,0)","v":3807},{"$f":"IFERROR(VLOOKUP(CONCATENATE(B42,$F$12,indicador_sel),salud!A:H,6,0),0)","v":62},{"$f":"VLOOKUP(CONCATENATE(B42,$F$12,indicador_sel),salud!A:H,7,0)","v":89804},"Sucre"]
[null,"Tolima",{"$f":"VLOOKUP(CONCATENATE(B43,$C$12,estrato_sel),estrato!A:F,6,0)","v":7267.333333333333},{"$f":"IFERROR(VLOOKUP(CONCATENATE(B43,$C$12,indicador_sel),salud!A:H,6,0),0)","v":127},{"$f":"VLOOKUP(CONCATENATE(B43,$C$12,indicador_sel),salud!A:H,7,0)","v":149057},{"$f":"VLOOKUP(CONCATENATE(B43,$F$12,estrato_sel),estrato!A:F,6,0)","v":10123},{"$f":"IFERROR(VLOOKUP(CONCATENATE(B43,$F$12,indicador_sel),salud!A:H,6,0),0)","v":66},{"$f":"VLOOKUP(CONCATENATE(B43,$F$12,indicador_sel),salud!A:H,7,0)","v":114132},"Tolima"]
[null,"Valle del Cauca",{"$f":"VLOOKUP(CONCATENATE(B44,$C$12,estrato_sel),estrato!A:F,6,0)","v":32128.5},{"$f":"IFERROR(VLOOKUP(CONCATENATE(B44,$C$12,indicador_sel),salud!A:H,6,0),0)","v":310},{"$f":"VLOOKUP(CONCATENATE(B44,$C$12,indicador_sel),salud!A:H,7,0)","v":371599},{"$f":"VLOOKUP(CONCATENATE(B44,$F$12,estrato_sel),estrato!A:F,6,0)","v":47549.166666666664},{"$f":"IFERROR(VLOOKUP(CONCATENATE(B44,$F$12,indicador_sel),salud!A:H,6,0),0)","v":184},{"$f":"VLOOKUP(CONCATENATE(B44,$F$12,indicador_sel),salud!A:H,7,0)","v":324298},"Valle del Cauca"]
[null,"Vaupés",{"$f":"VLOOKUP(CONCATENATE(B45,$C$12,estrato_sel),estrato!A:F,6,0)","v":100},{"$f":"IFERROR(VLOOKUP(CONCATENATE(B45,$C$12,indicador_sel),salud!A:H,6,0),0)","v":4},{"$f":"VLOOKUP(CONCATENATE(B45,$C$12,indicador_sel),salud!A:H,7,0)","v":3372},{"$f":"VLOOKUP(CONCATENATE(B45,$F$12,estrato_sel),estrato!A:F,6,0)","v":135.5},{"$f":"IFERROR(VLOOKUP(CONCATENATE(B45,$F$12,indicador_sel),salud!A:H,6,0),0)","v":6},{"$f":"VLOOKUP(CONCATENATE(B45,$F$12,indicador_sel),salud!A:H,7,0)","v":3633},"Vaupés"]
[null,"Vichada",{"$f":"VLOOKUP(CONCATENATE(B46,$C$12,estrato_sel),estrato!A:F,6,0)","v":203.66666666666666},{"$f":"IFERROR(VLOOKUP(CONCATENATE(B46,$C$12,indicador_sel),salud!A:H,6,0),0)","v":14},{"$f":"VLOOKUP(CONCATENATE(B46,$C$12,indicador_sel),salud!A:H,7,0)","v":4964},{"$f":"VLOOKUP(CONCATENATE(B46,$F$12,estrato_sel),estrato!A:F,6,0)","v":269.66666666666669},{"$f":"IFERROR(VLOOKUP(CONCATENATE(B46,$F$12,indicador_sel),salud!A:H,6,0),0)","v":22},{"$f":"VLOOKUP(CONCATENATE(B46,$F$12,indicador_sel),salud!A:H,7,0)","v":6064},"Vichada"]
[null,"Colombia",null,{"$f":"IFERROR(VLOOKUP(CONCATENATE(B47,$C$12,indicador_sel),salud!A:H,6,0),0)","v":3622},{"$f":"VLOOKUP(CONCATENATE(B47,$C$12,indicador_sel),salud!A:H,7,0)","v":4325610},null,{"$f":"IFERROR(VLOOKUP(CONCATENATE(B47,$F$12,indicador_sel),salud!A:H,6,0),0)","v":2460},{"$f":"VLOOKUP(CONCATENATE(B47,$F$12,indicador_sel),salud!A:H,7,0)","v":3982247}]
[]
[]
[null,null,"2000-2005",null,null,null,null,null,null,"2010-2015"]
[null,null,"Depto","se","casos","pob",null,null,null,"se","casos","pob","Depto"]
[null,"Q1","Vaupés",100,4,3372,null,{"$f":"B52","v":"Q1"},null,135.5,6,3633,"Vaupés"]
[null,"Q1","Guainía",105.66666666666667,8,3252,null,{"$f":"B53","v":"Q1"},null,150,6,3520,"Guainía"]
[null,"Q1","Vichada",203.66666666666666,14,4964,null,"Q1",null,269.66666666666669,22,6064,"Vichada"]
[null,"Q1","Amazonas",231.83333333333334,12,8100,null,"Q1",null,326.5,7,8618,"Amazonas"]
[null,"Q1","Guaviare",314,22,9674,null,"Q1",null,363.66666666666669,7,7240,"Guaviare"]
[null,"Q1","San Andrés y Providencia",480.16666666666669,6,5928,null,"Q1",null,703.66666666666663,2,5095,"San Andrés y Providencia"]
[null,"Q1","Putumayo",1018.3333333333334,38,29600,null,"Q1",null,1884.5,78,38543,"Chocó"]
[null,"Q1","Chocó",1084.1666666666667,95,28046,null,"Q1",null,2136.6666666666665,53,45108,"Caquetá"]
[null,"Q1","Caquetá",1433.5,73,41197,null,"Q1",null,2236,36,25939,"Putumayo"]
[null,"Q2","Sucre",2356.3333333333335,57,83314,null,"Q2",null,3147,14,25633,"Arauca"]
[null,"Q2","Quindío",2763.3333333333335,32,51833,null,"Q2",null,3607.6666666666665,15,35934,"Quindío"]
[null,"Q2","Arauca",3005.3333333333335,30,31182,null,"Q2",null,3807,62,89804,"Sucre"]
[null,"Q2","La Guajira",3492.5,73,62074,null,"Q2",null,5415.166666666667,136,81311,"La Guajira"]
[null,"Q2","Magdalena",4077.1666666666665,134,117816,null,"Q2",null,6318.666666666667,113,135486,"Magdalena"]
[null,"Q2","Cauca",4352.166666666667,162,107200,null,"Q2",null,7033.333333333333,33,69087,"Risaralda"]
[null,"Q2","Nariño",4710.166666666667,170,129536,null,"Q2",null,7139.5,33,62084,"Caldas"]
[null,"Q2","Risaralda",4846.5,50,85948,null,"Q2",null,7221.166666666667,86,108734,"Nariño"]
[null,"Q3","Cesar",5192.833333333333,89,115867,null,"Q3",null,7476.5,113,106211,"Cauca"]
[null,"Q3","Norte de Santander",5259,94,133690,null,"Q3",null,7821.5,74,123434,"Norte de Santander"]
[null,"Q3","Caldas",5405.166666666667,80,91186,null,"Q3",null,8176.166666666667,42,120104,"Huila"]
[null,"Q3","Huila",5937.333333333333,93,129970,null,"Q3",null,8208.6666666666661,19,41269,"Casanare"]
[null,"Q3","Córdoba",6297.666666666667,146,146885,null,"Q3",null,8567.5,161,159118,"Córdoba"]
[null,"Q3","Meta",6387.333333333333,89,90908,null,"Q3",null,9299.1666666666661,102,123632,"Cesar"]
[null,"Q3","Tolima",7267.333333333333,127,149057,null,"Q3",null,10123,66,114132,"Tolima"]
[null,"Q3","Boyacá",8249.8333333333339,114,129450,null,"Q3",null,13203.166666666666,51,99677,"Boyacá"]
[null,"Q4","Casanare",8879,16,34515,null,"Q4",null,18524.833333333332,122,210859,"Bolívar"]
[null,"Q4","Bolívar",11807.666666666666,158,185444,null,"Q4",null,19295.166666666668,139,230819,"Atlántico"]
[null,"Q4","Atlántico",12464.166666666666,189,247615,null,"Q4",null,20922.666666666668,45,92887,"Meta"]
[null,"Q4","Cundinamarca",15998.666666666666,167,213177,null,"Q4",null,25684.5,103,207543,"Cundinamarca"]
[null,"Q4","Santander",20125.5,114,206050,null,"Q4",null,32817.833333333336,72,184251,"Santander"]
[null,"Q4","Valle del Cauca",32128.5,310,371599,null,"Q4",null,47549.166666666664,184,324298,"Valle del Cauca"]
[null,"Q4","Antioquia",41657.333333333336,373,579644,null,"Q4",null,65591,211,458869,"Antioquia"]
[null,"Q4","Bogotá",80237.833333333328,483,697517,null,"Q4",null,125643,227,633311,"Bogotá"]
[null,"Colombia",null,null,null,{"$f":"SUM(F52:F84)","v":4325610},null,null,null,null,null,{"$f":"SUM(L52:L84)","v":3982247}]
[]
[]
["2. Brechas"]
[]
[null,"Cuantil",{"$f":"C12","v":"p1"},null,{"$f":"F12","v":"p2"},null,{"$f":"C12","v":"p1"},{"$f":"F12","v":"p2"}]
[null,null,"casos","pob","casos","pob","tasa","tasa"]
[null,"Q1",{"$f":"SUMIF($B$52:$B$84,B92,$E$52:$E$84)","v":272},{"$f":"SUMIF($B$52:$B$84,B92,$F$52:$F$84)","v":134133},{"$f":"SUMIF($B$52:$B$84,B92,$K$52:$K$84)","v":217},{"$f":"SUMIF($B$52:$B$84,B92,$L$52:$L$84)","v":143760},{"$f":"C92/D92*$E$6","v":202.78380413470214},{"$f":"E92/F92*$E$6","v":150.94602114635504}]
[null,"Q2",{"$f":"SUMIF($B$52:$B$84,B93,$E$52:$E$84)","v":708},{"$f":"SUMIF($B$52:$B$84,B93,$F$52:$F$84)","v":668903},{"$f":"SUMIF($B$52:$B$84,B93,$K$52:$K$84)","v":492},{"$f":"SUMIF($B$52:$B$84,B93,$L$52:$L$84)","v":608073},{"$f":"C93/D93*$E$6","v":105.84494313824275},{"$f":"E93/F93*$E$6","v":80.911337947910866}]
[null,"Q3",{"$f":"SUMIF($B$52:$B$84,B94,$E$52:$E$84)","v":832},{"$f":"SUMIF($B$52:$B$84,B94,$F$52:$F$84)","v":987013},{"$f":"SUMIF($B$52:$B$84,B94,$K$52:$K$84)","v":628},{"$f":"SUMIF($B$52:$B$84,B94,$L$52:$L$84)","v":887577},84.294735732964014,70.754424686534236]
[null,"Q4",{"$f":"SUMIF($B$52:$B$84,B95,$E$52:$E$84)","v":1810},{"$f":"SUMIF($B$52:$B$84,B95,$F$52:$F$84)","v":2535561},{"$f":"SUMIF($B$52:$B$84,B95,$K$52:$K$84)","v":1103},{"$f":"SUMIF($B$52:$B$84,B95,$L$52:$L$84)","v":2342837},71.384596939296671,47.079673063042797]
[]
[]
[null,null,{"$f":"C12","v":"p1"},{"$f":"F12","v":"p2"}]
[null,"Brecha absoluta",{"$f":"G92-G95","v":131.39920719540547},{"$f":"H92-H95","v":103.86634808331223}]
[null,"Brecha relativa",{"$f":"G92/G95","v":2.8407221281524282},{"$f":"H92/H95","v":3.2061824419262286}]
[]
[]
["3. Riesgo atribuible poblacional (RAP)"]
[]
[null,null,{"$f":"C12","v":"p1"},{"$f":"F12","v":"p2"}]
[null,"Tasa nacional",{"$f":"SUM(C92:C95)/SUM(D92:D95)*$E$6","v":83.733854878271501},{"$f":"SUM(E92:E95)/SUM(F92:F95)*$E$6","v":61.271940188541791}]
[null,"RAPA",{"$f":"C106-G95","v":12.34925793897483},{"$f":"D106-H95","v":14.192267125498994}]
[null,"RAPR",{"$f":"(C106-G95)/C106","v":0.14748225740863866},{"$f":"(D106-H95)/D106","v":0.23162751304802048}]
[]
["4. Curva de concentración"]
[]
[null,"Cálculos (expandir para ver gráficas)"]
[null,{"$f":"C12","v":"p1"},null,null,null,{"$f":"F12","v":"p2"},null,null,null,{"$f":"C12","v":"p1"},null,{"$f":"F12","v":"p2"},null,{"$f":"C12","v":"p1"},null,{"$f":"F12","v":"p2"},null,{"$f":"C12","v":"p1"},{"$f":"F12","v":"p2"},{"$f":"C12","v":"p1"},null,null,{"$f":"F12","v":"p2"},null,null,{"$f":"C12","v":"p1"},null,null,{"$f":"F12","v":"p2"},null,null,"p1","p2","p1","p2"]
[null,"Depto","casos","pob","TASA","Depto","casos","pob","TASA","casosAcum","pobAcum","casosAcum","pobAcum","casosAcum","pobAcum","casosAcum","pobAcum","Ridit","Ridit","predicted","residuals","std_residuals","predicted","residuals","std_residuals","weigthed_y","weigthed_x1","weigthed_x2","weigthed_y","weigthed_x1","weigthed_x2","|xi-xbar|","|xi-xbar|","(yj+yj+1)*h","(yj+yj+1)*h"]
[null,{"$f":"C52","v":"Vaupés"},{"$f":"E52","v":4},3372,{"$f":"C115/D115*$E$6","v":118.62396204033216},{"$f":"M52","v":"Vaupés"},{"$f":"K52","v":6},{"$f":"L52","v":3633},{"$f":"G115/H115*$E$6","v":165.15276630883565},{"$f":"C115","v":4},{"$f":"D115","v":3372},{"$f":"G115","v":6},3633,{"$f":"J115/J$147","v":1.1043622308117063E-3},{"$f":"K115/K$147","v":7.7954323205282026E-4},2.4590163934426232E-3,9.1229901108595224E-4,{"$f":"(1/2*(O115))","v":3.8977161602641013E-4},{"$f":"(1/2*(Q115))","v":4.5614950554297612E-4},{"$f":"FORECAST(R115,E$115:E$147,R$115:R$147)","v":150.89699330685167},{"$f":"E115-T115","v":-32.27303126651951},{"$f":"U115/_xlfn.STDEV.S(U$115:U$147)","v":-0.55904778310593839},{"$f":"FORECAST(S115,I$115:I$147,S$115:S$147)","v":119.37830666742425},{"$f":"I115-W115","v":45.774459641411397},{"$f":"X115/_xlfn.STDEV.S(X$115:X$147)","v":0.78656131338117097},{"$f":"E115/ABS(V115)","v":212.18930764967038},{"$f":"1/ABS(V115)","v":1.7887558634867211},{"$f":"R115/ABS(V115)","v":6.97206263587936E-4},{"$f":"I115/ABS(Y115)","v":209.96807686726632},{"$f":"1/ABS(Y115)","v":1.2713567054312978},{"$f":"S115/ABS(Y115)","v":5.799287325512336E-4},{"$f":"ABS(E115-AVERAGE(E$115:E$147))","v":3.4264582508426287},{"$f":"ABS(I115-AVERAGE(I$115:I$147))","v":77.149071846657932},{"$f":"(N115+N116)*D115/SUM(D$115:D$147)","v":3.4435924110560813E-6},{"$f":"(P115+P116)*H115/SUM(H$115:H$147)","v":6.7300746719455491E-6}]
[null,{"$f":"C53","v":"Guainía"},8,3252,{"$f":"C116/D116*$E$6","v":246.00246002460025},{"$f":"M53","v":"Guainía"},6,3520,{"$f":"G116/H116*$E$6","v":170.45454545454544},{"$f":"C116+J115","v":12},{"$f":"D116+K115","v":6624},{"$f":"G116+L115","v":12},{"$f":"H116+M115","v":7153},{"$f":"J116/J$147","v":3.3130866924351186E-3},{"$f":"K116/K$147","v":1.5313447120752911E-3},{"$f":"L116/L$147","v":4.9180327868852463E-3},{"$f":"M116/M$147","v":1.7962220826583586E-3},{"$f":"O115+(1/2*(O116-O115))","v":1.1554439720640557E-3},{"$f":"Q115+(1/2*(Q116-Q115))","v":1.3542605468721553E-3},150.78529289284481,95.217167131755446,{"$f":"U116/_xlfn.STDEV.S(U$115:U$147)","v":1.6493940640109015},{"$f":"FORECAST(S116,I$115:I$147,S$115:S$147)","v":119.26674114194142},{"$f":"I116-W116","v":51.187804312604015},{"$f":"X116/_xlfn.STDEV.S(X$115:X$147)","v":0.87958103502756591},149.14717191741653,{"$f":"1/ABS(V116)","v":0.60628325384429815},{"$f":"R116/ABS(V116)","v":7.0052633101777605E-4},{"$f":"I116/ABS(Y116)","v":193.79061015021023},{"$f":"1/ABS(Y116)","v":1.1369049128812334},{"$f":"S116/ABS(Y116)","v":1.5396654690601793E-3},130.80495623511072,{"$f":"ABS(I116-AVERAGE(I$115:I$147))","v":82.45085099236772},7.887481016249004E-6,{"$f":"(P116+P117)*H116/SUM(H$115:H$147)","v":1.6664123480463395E-5}]
[null,"Vichada",14,4964,282.03062046736505,"Vichada",22,6064,362.79683377308709,26,11588,34,13217,7.1783545002760902E-3,2.6789285210640813E-3,1.3934426229508197E-2,3.3189804650490037E-3,{"$f":"O116+(1/2*(O117-O116))","v":2.1051366165696864E-3},{"$f":"Q116+(1/2*(Q117-Q116))","v":2.5576012738536811E-3},150.64674660638943,131.38387386097563,2.275889823031485,119.11725924676072,243.67957452632635,4.1872460687704649,123.92103414377955,0.4393885810640869,9.2497299090060726E-4,86.643303931650252,0.23882045229160323,6.1080749300331666E-4,166.83311667787552,274.7931393109094,2.027757144541208E-5,4.680609781938459E-5]
[null,"Amazonas",12,8100,148.14814814814815,"Amazonas",7,8618,81.225342306799718,38,19688,41,21835,1.0491441192711209E-2,4.5514967831126706E-3,1.6803278688524589E-2,5.4830853033475827E-3,3.6152126520883759E-3,4.4010328841982936E-3,150.42644856765367,-2.2783004195055128,-3.9465731875493779E-2,118.88826371409766,-37.662921407297944,-0.64717742513983867,3753.8426657213636,25.338437993619202,9.1603841618688953E-2,125.5070698568464,1.5451713257518604,6.8003498163542115E-3,32.950644358658622,6.778352155378002,5.0665844748967917E-5,7.8936610905153088E-5]
[null,"Guaviare",22,9674,227.41368616911308,"Guaviare",7,7240,96.685082872928177,60,29362,48,29075,1.6565433462175594E-2,6.7879443592926778E-3,1.9672131147540985E-2,7.3011543482862816E-3,5.6697205712026742E-3,6.3921198258169321E-3,150.126725868596,77.28696030051708,1.3387990567785428,118.64092607910439,-21.955843206176212,-0.37727625850590019,169.86394262655256,0.74693808225875891,4.2349302103971602E-3,256.27131496644688,2.6505776005101076,1.694280963008693E-2,112.21618237962355,8.6813884107504578,7.7800219381192947E-5,7.3020805903275621E-5]
[null,"San Andrés y Providencia",6,5928,101.21457489878543,"San Andrés y Providencia",2,5095,39.254170755642789,66,35290,50,34170,1.8221976808393152E-2,8.1583869095919418E-3,2.0491803278688523E-2,8.5805827714855454E-3,7.4731656344423098E-3,7.9408685598859139E-3,149.86362957340651,-48.649054674621084,-0.84272053472278585,118.44853676597273,-79.194366010329944,-1.3608292709395622,120.104555102695,1.1866330044146265,8.8679049892864178E-3,28.845771908286771,0.73484603936360549,5.835315810339141E-3,13.982928890704102,48.74952370653493,6.4322262162030622E-5,9.3335352184208608E-5]
[null,"Putumayo",38,29600,128.37837837837836,"Chocó",78,38543,202.37137742261891,104,64890,128,72713,2.8713418001104361E-2,1.500135241041148E-2,5.2459016393442623E-2,1.8259289290694425E-2,1.1579869660001711E-2,1.3419936031089985E-2,149.26452143499526,-20.886143056616902,-0.36179904753937314,117.76791375450622,84.603463668112681,1.4537760144127183,354.83337850525282,2.7639652641461807,3.2006357503584972E-2,139.20395949328608,0.68786387317304165,9.231089176080013E-3,13.180874588888827,114.36768296044119,5.7245128292333512E-4,1.2257050468998127E-3]
[null,"Chocó",95,28046,338.72923054981106,"Caquetá",53,45108,117.49578788684933,199,92936,181,117821,5.4942020982882388E-2,2.1485062222437991E-2,7.4180327868852453E-2,2.9586562561287635E-2,1.8243207316424735E-2,2.3922925925991032E-2,148.29243778978997,190.43679276002109,3.2988307151904035,116.46320695006548,1.0325809367838445,1.7743261726552145E-2,102.68160442123812,0.30313771343137308,5.5302041515554899E-3,6621.9948562795062,56.359423391897359,1.3482823110359266,223.53172676032153,29.492093424671609,8.4313288831156462E-4,1.847645394137745E-3]
[null,"Caquetá",73,41197,177.19736874044227,"Putumayo",36,25939,138.78715447781335,272,134133,217,143760,7.5096631695196023E-2,3.1009036875723886E-2,8.8934426229508201E-2,3.6100221809445776E-2,2.6247049549080938E-2,3.2843392185366707E-2,147.12479410514663,30.072574635295638,0.52093049590885221,115.35508505869419,23.432069419119159,0.40264285896380381,340.15549124512512,1.9196418866884137,5.0384935716402006E-2,344.69046547846472,2.4835905511238598,8.1569538498431959E-2,61.999864950952741,50.783460015635626,1.5803171636181177E-3,1.1959505504814943E-3]
[null,"Sucre",57,83314,68.415872482415921,"Arauca",14,25633,54.617095150782198,329,217447,231,169393,9.0833793484262834E-2,5.0269672947861686E-2,9.4672131147540986E-2,4.2537040017859261E-2,4.0639354911792783E-2,3.9318630913652522E-2,145.0251669541187,-76.609294471702782,-1.3270602282762973,114.55071524460209,-59.93362009381989,-1.0298639744953975,51.554459266163434,0.75354530163177902,3.0623594955127814E-2,53.03330974126262,0.97100202042698902,3.8178470057579669E-2,46.78163130707361,33.386599311395521,3.6691990308600447E-3,1.2583451989398506E-3]
[null,"Quindío",32,51833,61.736731425925576,"Quindío",15,35934,41.743195859074973,361,269280,246,205327,9.9668691330756481E-2,6.2252491556104225E-2,0.10081967213114754,5.156058878316689E-2,5.6261082251982952E-2,4.7048814400513075E-2,142.74618509243601,-81.009453666510439,-1.4032817403758553,113.59045315772921,-71.847257298654242,-1.2345808886958149,43.994537696606812,0.71261527263381885,4.0092506467670541E-2,33.811632952759865,0.80999147901631519,3.8109138762235699E-2,53.460772363563954,46.260498603102747,2.4878739904468212E-3,2.0487893508116498E-3]
[null,"Arauca",30,31182,96.20935154897056,"Sucre",62,89804,69.039241013763302,391,300462,308,295131,0.10795140806184428,6.9461185821190541E-2,0.12622950819672132,7.4111676146657909E-2,6.585683868864739E-2,6.2836132464912403E-2,141.34630437553079,-45.136952826560233,-0.78188234645388344,111.62931432882377,-42.590073315060465,-0.73184269713121186,123.04837420273579,1.2789648014632358,8.4228578618422256E-2,94.336175361718858,1.3664138535780324,8.5860161905320656E-2,18.988152240518971,18.964453448414417,1.7016658190637207E-3,6.9501711874365765E-3]
[null,"La Guajira",73,62074,117.60157231691208,"La Guajira",136,81311,167.25904244198202,464,362536,444,376442,0.12810601877415792,8.3811531783956478E-2,0.18196721311475411,9.4530047985471516E-2,7.6636358802573509E-2,8.4320862066064706E-2,139.77372982712737,-22.172157510215285,-0.38407596114532289,108.96042926060132,58.298613181380702,1.0017689801577252,306.19352475541984,2.6036516240640997,0.19953438005867957,166.96368699263141,0.99823414360719509,8.4171963532738522E-2,2.4040685274225524,79.255347979804299,4.20763871133557E-3,8.3765533650214854E-3]
[null,"Magdalena",134,117816,113.73667413594077,"Magdalena",113,135486,83.403451279098945,598,480352,557,511928,0.16510215350635007,0.1110483839273536,0.22827868852459016,0.12855254834770419,9.7429957855655031E-2,0.11154129816658785,136.74024741835694,-23.00357328241617,-0.39847811446181064,105.57904086019559,-22.175589581096645,-0.38105225059018022,285.42765589411329,2.5095481124493175,0.24450516683267565,218.87667937906747,2.6243120161373747,0.29271916907413825,1.4608296535487568,4.6002431830787742,1.0211939594349332E-2,1.5993363899787245E-2]
[null,"Cauca",162,107200,151.11940298507463,"Risaralda",33,69087,47.765860436840505,760,587552,590,581015,0.20982882385422419,0.13583101574113246,0.24180327868852458,0.14590129642887545,0.12343969983424302,0.13722692238828982,132.9458059391647,18.173597045909929,0.31481112064352651,102.38831050305873,-54.622450066218228,-0.93859996165445292,480.03197179363082,3.1765078627331618,0.39210717709689435,50.890541645286774,1.0654166214084628,0.14620384401721309,35.921899195585098,40.237834025337214,1.156340357959312E-2,8.624603041992104E-3]
[null,"Nariño",170,129536,131.23764822134387,"Caldas",33,62084,53.153791637136777,930,717088,623,643099,0.25676421866372168,0.16577731233282705,0.25532786885245901,0.16149148960373377,0.15080416403697977,0.15369639301630461,128.95373027335407,2.2839179479898064,3.9563041199174719E-2,100.34243303303093,-47.188641395894152,-0.81086177846321705,3317.1779581009937,25.276115528268839,3.8117434723427057,65.552222399576308,1.233255810744029,0.18954696977775568,16.040144431854344,34.849902825040942,1.5791669378833972E-2,8.5107120118488831E-3]
[null,"Risaralda",50,85948,58.174710289942759,"Nariño",86,108734,79.092096308422384,980,803036,709,751833,0.27056874654886803,0.18564687986203102,0.29057377049180327,0.18879617462201617,0.17571209609742905,0.17514383211287499,125.32002676914877,-67.145316479206002,-1.1631209976420347,97.678180281468386,-18.586083973046001,-0.31937230357223356,50.016043393489461,0.85975577951672633,0.15106949015076304,247.64857635982779,3.1311418955708739,0.54840019047945432,57.022793499546772,8.9115981537553353,1.1240404159950011E-2,1.7132570804504241E-2]
[null,"Cesar",89,115867,76.812207099519284,"Cauca",113,106211,106.39199329636291,1069,918903,822,858044,0.29514080618442851,0.21243315971620189,0.33688524590163932,0.21546729773416867,0.19904001978911645,0.20213173617809244,121.9168234097291,-45.104616310209821,-0.78132219895395449,94.325677572827558,12.066315723535354,0.20734045180490965,98.310539752174691,1.2798817201646318,0.25474768290929672,513.12704477208842,4.8229855356007327,0.97487843987280309,38.385296689970247,18.388298834185193,1.6506619722393527E-2,1.8779094060113938E-2]
[null,"Norte de Santander",94,133690,70.311915625701246,"Norte de Santander",74,123434,59.951066966962102,1163,1052593,896,981478,0.3210933186085036,0.2433397832906804,0.36721311475409835,0.24646336603430175,0.22788647150344116,0.23096533188423521,117.70854741058783,-47.39663178488658,-0.82102550910727856,90.743898585059412,-30.79283161809731,-0.52912585467953899,85.639136477200495,1.2179889527273335,0.27756320476720364,113.30209332384827,1.8899095388291738,0.43650358386686205,44.885588163788285,28.052627495215617,2.0530462816177607E-2,2.3297864451821328E-2]
[null,"Caldas",80,91186,87.732765994779896,"Huila",42,120104,34.969692932791581,1243,1143779,938,1101582,0.34318056322473772,0.26442027829600911,0.38442622950819672,0.2766232230195666,0.25388003079334476,0.26154329452693414,113.91646674932451,-26.183700754544617,-0.45356569512957579,86.945430117977267,-51.975737185185686,-0.89312040873004328,193.42901576742082,2.2047522789710046,0.55974257647685566,39.154511072606788,1.1196698566343728,0.29284214308665391,27.464737794709634,53.034001529386138,1.501010398087874E-2,2.3423331552080696E-2]
[null,"Huila",{"$f":"E72","v":93},129970,71.554974224821109,"Casanare",19,41269,46.039400033923769,1336,1273749,957,1142851,0.36885698509110987,0.29446690755754679,0.39221311475409837,0.28698646769022612,0.27944359292677795,0.28180484535489636,110.1871163930288,-38.632142168207693,-0.66920312682791594,84.428491275010472,-38.389091241086703,-0.65965549921601929,106.92564238902803,1.4943145958389219,0.41757663962415442,69.793096682495957,1.5159427931525924,0.42720002439123594,43.642529564668422,41.96429442825395,2.3376974395089224E-2,8.8130052014830235E-3]
[null,"Córdoba",146,146885,99.397487830615802,"Córdoba",161,159118,101.18277001973379,1482,1420634,1118,1301969,0.40916620651573715,0.32842396794902917,0.45819672131147543,0.32694330612842448,0.31144543775328798,0.30696488690932533,105.51851462372457,-6.1210267931087685,-0.10603114503748159,81.303050067834633,19.879719951899162,0.34160138115250371,937.4367106521313,9.4311911811053619,2.9373014659343086,296.20129075111089,2.9273886324059162,0.89860552048612663,15.800015958873729,13.179075557556075,2.8622558082605089E-2,3.8286511585453979E-2]
[null,"Meta",89,90908,97.901174814097772,"Cesar",102,123632,82.502911867477678,1571,1511542,1220,1425601,0.43373826615129762,0.34944019456215425,0.5,0.35798909510133348,0.33893208125559171,0.34246620061487898,101.50861478255081,-3.6074399684530363,-6.2489677539017269E-2,76.892991025436828,5.6099208420408502,9.6397570611365502E-2,1566.6775485114367,16.002642986525583,5.4238090930133138,855.86090338411896,10.373705412469157,3.5526434789063179,17.296328975391759,5.5007825947000413,1.8967985863695722E-2,3.1885552117258194E-2]
[null,"Tolima",127,149057,85.202305158429326,"Tolima",66,114132,57.827778361896755,1698,1660599,1286,1539733,0.46880176697956932,0.38389938066538593,0.52704918032786885,0.38664929623903288,0.36666978761377012,0.37231919567018318,97.462088537508848,-12.259783379079522,-0.21236941342239735,73.184579785271779,-15.356801423375025,-0.26388221710379217,401.19857085523006,4.7087760138557497,1.726565900921303,219.14238479795512,3.7895694942060927,1.4109294660190752,29.995198631060205,30.175916100280965,3.3393634241397907E-2,3.0809716223026848E-2]
[null,"Boyacá",114,129450,88.064889918887602,"Boyacá",51,99677,51.165263802080723,1812,1790049,1337,1639410,0.50027609055770295,0.41382579566812544,0.54795081967213111,0.41167963714957911,0.39886258816675568,0.399164466694306,92.765629116643723,-4.7007391977561213,-8.1428292426655502E-2,69.849795297929489,-18.684531495848766,-0.32106396773258583,1081.5023537207273,12.280743832381416,4.8983292695965739,159.36158817016886,3.1146441223603762,1.2432552600445343,27.132613870601929,36.838430660096996,3.0075138213686299E-2,2.868230868274068E-2]
[null,"Casanare",16,34515,46.356656526148051,"Bolívar",122,210859,57.858568996343529,1828,1824564,1459,1850269,0.50469353948094975,0.42180501709585466,0.59795081967213115,0.46462939139636494,0.41781540638199005,0.43815451427297203,90.000689747284426,-43.644033221136375,-0.75602132990185467,65.006357296903673,-7.1477883005601441,-0.12282337787277486,61.316598742215369,1.3227140034922271,0.55265028889625389,471.07130579225429,8.1417724973810621,3.5673543739110416,68.840847263341487,30.145125465834191,8.4021950649805152E-3,6.6339097841157449E-2]
[null,"Bolívar",158,185444,85.20092318975,"Atlántico",139,230819,60.220345812086528,1986,2010008,1598,2081088,0.54831584759801211,0.46467619595848908,0.65491803278688521,0.52259139124218057,0.4432406065271719,0.49361039131927276,86.29152438428072,-1.0906011945307199,-1.8891878330858761E-2,58.117494139598016,2.1028516724885122,3.6134162725582238E-2,4509.9233489440458,52.932799083644284,23.461965971015424,1666.5764824668754,27.674641518454798,13.660490629545066,29.996580599739531,27.783348650091192,4.9250959482998825E-2,7.6989689139462553E-2]
[null,"Atlántico",189,247615,76.328170748944942,"Meta",45,92887,48.445961221699484,2175,2257623,1643,2173975,0.60049696300386524,0.52192014536678066,0.67336065573770487,0.54591666463682442,0.49329817066263487,0.5342540279395025,78.988856873803684,-2.6606861248587421,-4.6089586917300571E-2,53.068643308905095,-4.6226820872056109,-7.9433442193310097E-2,1656.0827695397236,21.696874866644372,10.703028680811769,609.89376620241205,12.589156058054101,6.7258073323743925,38.869333040544589,39.557733240478235,7.1388989364233268E-2,3.2397275219035966E-2]
[null,"Cundinamarca",167,213177,78.338657547484019,"Cundinamarca",103,207543,49.628269804329697,2342,2470800,1746,2381518,0.646604086140254,0.57120267430489569,0.71557377049180326,0.59803372317186754,0.54656140983583823,0.57197519390434604,71.218528194598903,7.1201293528851153,0.1233380433739226,48.38282885052287,1.2454409538068276,2.1400922698795868E-2,635.1540482119176,8.1077984751899379,4.4314097652646716,2318.9780414057591,46.726957247327725,26.726660432100363,36.858846242005512,38.375424657848022,6.5283703435968024E-2,7.6125080581513849E-2]
[null,"Santander",114,206050,55.326377092938607,"Santander",72,184251,39.077128482342019,2456,2676850,1818,2565769,0.67807840971838762,0.61883757435367492,0.7450819672131147,0.6443018225639946,0.5950201243292853,0.62116777286793101,64.14910949549612,-8.8227324025575129,-0.15283128968748511,42.272007727774152,-3.1948792454321335,-5.489892038196563E-2,362.00948906517743,6.5431627387613869,3.8933135063245476,711.80140174812811,18.215294454651996,11.314753888529754,59.871126696550924,48.926565979835701,6.8677373841724246E-2,7.243612281882196E-2]
[null,"Valle del Cauca",310,371599,83.423260019537182,"Valle del Cauca",184,324298,56.737938562680007,2766,3048449,2002,2890067,0.76366648260629488,0.7047443019597236,0.82049180327868854,0.72573775559376408,0.66179093815669932,0.68501978907887939,54.408222954032809,29.015037065504373,0.50261136037241494,34.340155858800273,22.397782703879734,0.38487028614646279,165.97965465349586,1.9896088286962712,1.3167050933077571,147.42093792371472,2.5982780068904798,1.7798718522484076,31.774243769952349,31.265755899497712,0.14005500455928138,0.14067723677068766]
[null,"Antioquia",373,579644,64.349842317008367,"Antioquia",211,458869,45.982622491386429,3139,3628093,2213,3348936,0.86664826062948652,0.83874713624205599,0.90696721311475414,0.84096641921005899,0.77174571910088985,0.78335208740191153,38.367426317388109,25.982415999620258,0.45007895119516816,22.125079961160807,23.857542530225622,0.40995393793015189,142.97456512047435,2.2218324081686927,1.7146896495638095,112.16533916847254,2.4392984369145889,1.9108295223532634,50.847661472481164,42.02107197079129,0.25013615753253715,0.2197372835273036]
[null,"Bogotá",483,697517,69.245624120989163,"Bogotá",227,633311,35.843369213545955,3622,4325610,2440,3982247,1,1,1,1,0.919373568121028,0.9204832096050295,16.830679268260013,52.41494485272915,0.90795495717618024,5.0903203327751925,30.753048880770763,0.5284422515880639,76.265483847733094,1.1013762214703777,1.0125761865768768,67.828356089677143,1.8923543622691417,1.7418804170915783,45.951879668500368,52.160325248631764,{"$f":"(N147+1)*D147/SUM(D$115:D$147)","v":0.32250572751588791},{"$f":"(P147+1)*H147/SUM(H$115:H$147)","v":0.31806716157988191}]
[]
[null,null,"Índice de concentración",null,{"$f":"SUM(AH115:AH147)-1","v":0.22627768068398613},null,null,null,"Índice de concentración",null,{"$f":"SUM(AI115:AI147)-1","v":0.28022623426866922}]
[]
[]
[]
[]
[]
[]
[]
[]
[]
[]
[]
[]
[]
[]
[]
[]
[]
[]
[]
[]
[]
[]
["5. Índice de intesidad de la pendiente"]
[]
[null,null,{"$f":"C12","v":"p1"},{"$f":"F12","v":"p2"}]
[null,"B1coef",{"$f":"INDEX(LINEST($Z$115:$Z$147,$AA$115:$AB$147,FALSE),2)","v":149.52617202492038},{"$f":"INDEX(LINEST($AC$115:$AC$147,$AD$115:$AE$147,FALSE),2)","v":120.35852819098558}]
[null,"B2coef",{"$f":"INDEX(LINEST($Z$115:$Z$147,$AA$115:$AB$147,FALSE),1)","v":-145.73672530851584},{"$f":"INDEX(LINEST($AC$115:$AC$147,$AD$115:$AE$147,FALSE),1)","v":-124.59976821117976}]
[null,null,{"$f":"C175+(C176*R115)","v":149.4693679859825},{"$f":"D175+(D176*S115)","v":120.30169206832528}]
[null,"IRD",{"$f":"1+(ABS(C176)/C177)","v":1.97502737365012},{"$f":"1+(ABS(D176)/D177)","v":2.0357274787158719}]
[null,"IRDm",{"$f":"(C175+(C176*R147))/C177","v":0.10396564246671192},{"$f":"(D175+(D176*S147))/D177","v":4.7102692692782784E-2}]
[null,"Índice de Hoover",{"$f":"1/2*(SUM(AF115:AF147)/SUM(E115:E147))","v":0.21026074720512702},{"$f":"1/2*(SUM(AG115:AG147)/SUM(I115:I147))","v":0.25775102790495596}]
[]
["6. Resúmen resultados"]
[]
[null,null,{"$f":"C11","v":"2000-2005"},{"$f":"F11","v":"2010-2015"}]
[null,"Evento","Mortalidad Materna","Mortalidad Materna"]
[null,"Estratificador","PIB"]
[null,"Brecha absoluta de desigualdad",131.39920719540547,103.86634808331223]
[null,"Brecha relativa de desigualdad",2.8407221281524282,3.2061824419262286]
[null,"Riesgo atribuible poblacional absoluto",12.34925793897483,14.192267125498994]
[null,"Riesgo atribuible poblacional relativo",0.14748225740863866,0.23162751304802048]
[null,"Indice de concentración",0.22627768068398613,0.28022623426866922]
[null,"Índice relativo de desigualdad",1.97502737365012,2.0357274787158719]
[null,"Índice relativo de desigualdad Modificado",0.10396564246671192,4.7102692692782784E-2]
[null,"Índice de Hoover",0.21026074720512702,0.25775102790495596]
[]
["7.  Tabla resumen"]
[]
[null,"Indicador de salud/Estratificador","Periodo de análisis",null,"Cambio en el tiempo"]
[null,null,{"$f":"C184","v":"2000-2005"},{"$f":"D184","v":"2010-2015"}]
[null,{"$f":"event_res","v":"Mortalidad Materna"}]
[null,"Ruralidad"]
[null,"Promedio/1",{"$f":"C106","v":83.733854878271501},{"$f":"D106","v":61.271940188541791},{"$f":"(D202-C202)/C202","v":-0.26825367973782921}]
[null,"Desviación estándar",{"$f":"STDEVA(E115:E147)","v":68.272994663331687},{"$f":"STDEVA(I115:I147)","v":66.347596484000647},{"$f":"(D203-C203)/C203","v":-2.8201460750704996E-2}]
[null,"Máximo",{"$f":"MAX(E115:E147)","v":338.72923054981106},{"$f":"MAX(I115:I147)","v":362.79683377308709},7.1052631578947298E-2]
[null,"Percentil .75",{"$f":"PERCENTILE(E115:E147,0.75)","v":128.37837837837836},{"$f":"PERCENTILE(I115:I147,0.75)","v":101.18277001973379},-0.2118394756357577]
[null,"Percentil .5 (Mediana)",{"$f":"PERCENTILE(E115:E147,0.5)","v":88.064889918887602},{"$f":"PERCENTILE(I115:I147,0.5)","v":59.951066966962102},-0.31923985799357507]
[null,"Percentil .25",{"$f":"PERCENTILE(E115:E147,0.25)","v":71.554974224821109},{"$f":"PERCENTILE(I115:I147,0.25)","v":48.445961221699484},-0.3229546688188944]
[null,"Mínimo",{"$f":"MIN(E115:E147)","v":46.356656526148051},{"$f":"MIN(I115:I147)","v":34.969692932791581},-0.24563815526543659]
[null,"Rango",{"$f":"C204-C208","v":292.37257402366299},{"$f":"D204-D208","v":327.8271408402955},0.1212650226685182]
[null,"Brecha absoluta simple",{"$f":"gaps_res","v":131.39920719540547},{"$f":"D187","v":103.86634808331223},-0.20953596067858127]
[null,"Brecha relativa simple",{"$f":"C188","v":2.8407221281524282},{"$f":"D188","v":3.2061824419262286},0.12865049705213211]
[null,"Brecha absoluta ponderada",{"$f":"C210*(D92/D95)","v":6.9511125383066394},{"$f":"D210*(F92/F95)","v":6.3733952470688173},-8.3111485831095441E-2]
[null,"Brecha relativa ponderada",{"$f":"C211*(D92/D95)","v":0.15027624309392265},{"$f":"D211*(F92/F95)","v":0.19673617407071625},0.30916351127939862]
[null,"Promedio ponderado del indicador",{"$f":"C202","v":83.733854878271501},{"$f":"D202","v":61.271940188541791},-0.26825367973782921]
[null,"RAP",{"$f":"pobR_res","v":12.34925793897483},{"$f":"D189","v":14.192267125498994},0.14924048032939219]
[null,"RAP %",{"$f":"C190","v":0.14748225740863866},{"$f":"D190","v":0.23162751304802048},0.57054493955998453]
[null,"Índice de la pendiente modificado",{"$f":"C179","v":0.10396564246671192},{"$f":"D179","v":4.7102692692782784E-2},-0.54693981997115737]
[null,"Índice de Hoover",{"$f":"C180","v":0.21026074720512702},{"$f":"D180","v":0.25775102790495596},0.22586374932596517]
[null,"Índice de concentración",{"$f":"C191","v":0.22627768068398613},{"$f":"D191","v":0.28022623426866922},0.23841747635740673]

{"sheet":"dropdown","index":1,"n_rows":14,"n_cols":6,"rows_kept":14,"cut":false,"hidden":false,"merged":[]}
["salud","p1","p2","estrato","sentido","periodo"]
["Accidente de Transito Terrestre","2000-2005","2010-2015","IDH","Positivo",2005]
["Homicidio","2000-2005","2010-2015","IPM","Negativo",2015]
["Mortalidad Materna","2000-2005","2010-2015","PIB","Positivo","2000-2005"]
["Suicidio","2000-2005","2010-2015","PIBpc","Positivo","2010-2015"]
["Tasa de Fecundidad","2000-2005","2010-2015","Ruralidad","Negativo"]
["Tasa de mortalidad <1","2005-2010","2011-2015","IRCA","Negativo"]
["Tasa de mortalidad IRA <5","2005-2010","2011-2015","PIB-Percápita","Positivo"]
["Tasa de mortalidad DNT <5","2005-2010","2011-2015","Embarazadas >4 CPN ","Positivo"]
["BPN","2005-2010","2011-2015"]
["Mortalidad EDA<5 años","2005-2010","2011-2015"]
["Tasa de mortalidad en niñez","2005-2010","2011-2015"]
["Tasa de Mortalidad Neonatal","2005-2010","2011-2015"]
["Nacimientos por cesarea","2005-2010","2011-2015"]

{"sheet":"estrato","index":2,"n_rows":529,"n_cols":6,"rows_kept":529,"cut":false,"hidden":false,"merged":[]}
["D&P&I","depto","per","periodo","indicador","valor"]
[{"$f":"CONCATENATE(B2,C2,E2)","v":"Antioquiap1IPM"},"Antioquia","p1","2000-2005","IPM",0.44290000000000002]
[{"$f":"CONCATENATE(B3,C3,E3)","v":"Antioquiap2IPM"},"Antioquia","p2","2010-2015","IPM",0.44769999999999999]
["Atlánticop1IPM","Atlántico","p1","2000-2005","IPM",0.47327494547668858]
["Atlánticop2IPM","Atlántico","p2","2010-2015","IPM",0.47310000000000002]
["Bogotáp1IPM","Bogotá","p1","2000-2005","IPM",0.24301880000000001]
["Bogotáp2IPM","Bogotá","p2","2010-2015","IPM",0.24301880000000001]
["Bolívarp1IPM","Bolívar","p1","2000-2005","IPM",0.62841176903378515]
["Bolívarp2IPM","Bolívar","p2","2010-2015","IPM",0.63419999999999999]
["Boyacáp1IPM","Boyacá","p1","2000-2005","IPM",0.54870335066970766]
["Boyacáp2IPM","Boyacá","p2","2010-2015","IPM",0.55049999999999999]
["Caldasp1IPM","Caldas","p1","2000-2005","IPM",0.46099054479897722]
["Caldasp2IPM","Caldas","p2","2010-2015","IPM",0.46700000000000003]
["Caquetáp1IPM","Caquetá","p1","2000-2005","IPM",0.70836890156502963]
["Caquetáp2IPM","Caquetá","p2","2010-2015","IPM",0.72450000000000003]
["Caucap1IPM","Cauca","p1","2000-2005","IPM",0.70592293935975903]
["Caucap2IPM","Cauca","p2","2010-2015","IPM",0.71709999999999996]
["Cesarp1IPM","Cesar","p1","2000-2005","IPM",0.66713615450704578]
["Cesarp2IPM","Cesar","p2","2010-2015","IPM",0.6673]
["Chocóp1IPM","Chocó","p1","2000-2005","IPM",0.85794536539740618]
["Chocóp2IPM","Chocó","p2","2010-2015","IPM",0.86879999999999991]
["Córdobap1IPM","Córdoba","p1","2000-2005","IPM",0.79637061439388013]
["Córdobap2IPM","Córdoba","p2","2010-2015","IPM",0.79637061439388013]
["Cundinamarcap1IPM","Cundinamarca","p1","2000-2005","IPM",0.4138]
["Cundinamarcap2IPM","Cundinamarca","p2","2010-2015","IPM",0.41560000000000002]
["Huilap1IPM","Huila","p1","2000-2005","IPM",0.5802606249729837]
["Huilap2IPM","Huila","p2","2010-2015","IPM",0.58099999999999996]
["La Guajirap1IPM","La Guajira","p1","2000-2005","IPM",0.79718688058901011]
["La Guajirap2IPM","La Guajira","p2","2010-2015","IPM",0.79799999999999993]
["Magdalenap1IPM","Magdalena","p1","2000-2005","IPM",0.69675868594032397]
["Magdalenap2IPM","Magdalena","p2","2010-2015","IPM",0.69779999999999998]
["Metap1IPM","Meta","p1","2000-2005","IPM",0.5106249063590379]
["Metap2IPM","Meta","p2","2010-2015","IPM",0.54]
["Nariñop1IPM","Nariño","p1","2000-2005","IPM",0.68656142600008341]
["Nariñop2IPM","Nariño","p2","2010-2015","IPM",0.68889999999999996]
["Norte de Santanderp1IPM","Norte de Santander","p1","2000-2005","IPM",0.58204847524829029]
["Norte de Santanderp2IPM","Norte de Santander","p2","2010-2015","IPM",0.58810000000000007]
["Quindíop1IPM","Quindío","p1","2000-2005","IPM",0.41605245943696617]
["Quindíop2IPM","Quindío","p2","2010-2015","IPM",0.41639999999999999]
["Risaraldap1IPM","Risaralda","p1","2000-2005","IPM",0.41195451076014095]
["Risaraldap2IPM","Risaralda","p2","2010-2015","IPM",0.4138]
["Santanderp1IPM","Santander","p1","2000-2005","IPM",0.44987347026974422]
["Santanderp2IPM","Santander","p2","2010-2015","IPM",0.45240000000000002]
["Sucrep1IPM","Sucre","p1","2000-2005","IPM",0.7310343815525423]
["Sucrep2IPM","Sucre","p2","2010-2015","IPM",0.7319]
["Tolimap1IPM","Tolima","p1","2000-2005","IPM",0.54585000376294757]
["Tolimap2IPM","Tolima","p2","2010-2015","IPM",0.5524]
["Valle del Caucap1IPM","Valle del Cauca","p1","2000-2005","IPM",0.38781642803840727]
["Valle del Caucap2IPM","Valle del Cauca","p2","2010-2015","IPM",0.38819999999999999]
["Araucap1IPM","Arauca","p1","2000-2005","IPM",0.59152678828613747]
["Araucap2IPM","Arauca","p2","2010-2015","IPM",0.61380000000000001]
["Casanarep1IPM","Casanare","p1","2000-2005","IPM",0.56743453259259524]
["Casanarep2IPM","Casanare","p2","2010-2015","IPM",0.5696]
["Putumayop1IPM","Putumayo","p1","2000-2005","IPM",0.76338089912880391]
["Putumayop2IPM","Putumayo","p2","2010-2015","IPM",0.78610000000000002]
["San Andrés y Providenciap1IPM","San Andrés y Providencia","p1","2000-2005","IPM",0.37542973256397216]
["San Andrés y Providenciap2IPM","San Andrés y Providencia","p2","2010-2015","IPM",0.37542973256397216]
["Amazonasp1IPM","Amazonas","p1","2000-2005","IPM",0.73819399073881597]
["Amazonasp2IPM","Amazonas","p2","2010-2015","IPM",0.76319999999999988]
["Guainíap1IPM","Guainía","p1","2000-2005","IPM",0.78833750254783863]
["Guainíap2IPM","Guainía","p2","2010-2015","IPM",0.83250000000000002]
["Guaviarep1IPM","Guaviare","p1","2000-2005","IPM",0.74950350903510488]
["Guaviarep2IPM","Guaviare","p2","2010-2015","IPM",0.78469999999999995]
["Vaupésp1IPM","Vaupés","p1","2000-2005","IPM",0.77832465959206443]
["Vaupésp2IPM","Vaupés","p2","2010-2015","IPM",0.78599999999999992]
["Vichadap1IPM","Vichada","p1","2000-2005","IPM",0.84257556447182946]
[{"$f":"CONCATENATE(B67,C67,E67)","v":"Vichadap2IPM"},"Vichada","p2","2010-2015","IPM",0.85230000000000006]
["Antioquiap1IDH","Antioquia","p1","2000-2005","IDH",0.80700000000000005]
["Antioquiap2IDH","Antioquia","p2","2010-2015","IDH",0.84899999999999998]
["Atlánticop1IDH","Atlántico","p1","2000-2005","IDH",0.80100000000000005]
["Atlánticop2IDH","Atlántico","p2","2010-2015","IDH",0.83499999999999996]
["Bogotáp1IDH","Bogotá","p1","2000-2005","IDH",0.87]
["Bogotáp2IDH","Bogotá","p2","2010-2015","IDH",0.83499999999999996]
["Bolívarp1IDH","Bolívar","p1","2000-2005","IDH",0.78700000000000003]
["Bolívarp2IDH","Bolívar","p2","2010-2015","IDH",0.82299999999999995]
["Boyacáp1IDH","Boyacá","p1","2000-2005","IDH",0.79800000000000004]
["Boyacáp2IDH","Boyacá","p2","2010-2015","IDH",0.84199999999999997]
["Caldasp1IDH","Caldas","p1","2000-2005","IDH",0.78900000000000003]
["Caldasp2IDH","Caldas","p2","2010-2015","IDH",0.82799999999999996]
["Caquetáp1IDH","Caquetá","p1","2000-2005","IDH",0.72299999999999998]
["Caquetáp2IDH","Caquetá","p2","2010-2015","IDH",0.752]
["Caucap1IDH","Cauca","p1","2000-2005","IDH",0.74199999999999999]
["Caucap2IDH","Cauca","p2","2010-2015","IDH",0.78200000000000003]
["Cesarp1IDH","Cesar","p1","2000-2005","IDH",0.77]
["Cesarp2IDH","Cesar","p2","2010-2015","IDH",0.81]
["Chocóp1IDH","Chocó","p1","2000-2005","IDH",0.68700000000000006]
["Chocóp2IDH","Chocó","p2","2010-2015","IDH",0.73099999999999998]
["Córdobap1IDH","Córdoba","p1","2000-2005","IDH",0.751]
["Córdobap2IDH","Córdoba","p2","2010-2015","IDH",0.79800000000000004]
["Cundinamarcap1IDH","Cundinamarca","p1","2000-2005","IDH",0.80300000000000005]
["Cundinamarcap2IDH","Cundinamarca","p2","2010-2015","IDH",0.83699999999999997]
["Huilap1IDH","Huila","p1","2000-2005","IDH",0.77400000000000002]
["Huilap2IDH","Huila","p2","2010-2015","IDH",0.80700000000000005]
["La Guajirap1IDH","La Guajira","p1","2000-2005","IDH",0.70499999999999996]
["La Guajirap2IDH","La Guajira","p2","2010-2015","IDH",0.69099999999999995]
["Magdalenap1IDH","Magdalena","p1","2000-2005","IDH",0.74399999999999999]
["Magdalenap2IDH","Magdalena","p2","2010-2015","IDH",0.78500000000000003]
["Metap1IDH","Meta","p1","2000-2005","IDH",0.78500000000000003]
["Metap2IDH","Meta","p2","2010-2015","IDH",0.82199999999999995]
["Nariñop1IDH","Nariño","p1","2000-2005","IDH",0.74199999999999999]
["Nariñop2IDH","Nariño","p2","2010-2015","IDH",0.77300000000000002]
["Norte de Santanderp1IDH","Norte de Santander","p1","2000-2005","IDH",0.748]
["Norte de Santanderp2IDH","Norte de Santander","p2","2010-2015","IDH",0.79600000000000004]
["Quindíop1IDH","Quindío","p1","2000-2005","IDH",0.78]
["Quindíop2IDH","Quindío","p2","2010-2015","IDH",0.83199999999999996]
["Risaraldap1IDH","Risaralda","p1","2000-2005","IDH",0.78800000000000003]
["Risaraldap2IDH","Risaralda","p2","2010-2015","IDH",0.83899999999999997]
["Santanderp1IDH","Santander","p1","2000-2005","IDH",0.82699999999999996]
["Santanderp2IDH","Santander","p2","2010-2015","IDH",0.879]
["Sucrep1IDH","Sucre","p1","2000-2005","IDH",0.73899999999999999]
["Sucrep2IDH","Sucre","p2","2010-2015","IDH",0.77500000000000002]
["Tolimap1IDH","Tolima","p1","2000-2005","IDH",0.76400000000000001]
["Tolimap2IDH","Tolima","p2","2010-2015","IDH",0.80400000000000005]
["Valle del Caucap1IDH","Valle del Cauca","p1","2000-2005","IDH",0.81899999999999995]
["Valle del Caucap2IDH","Valle del Cauca","p2","2010-2015","IDH",0.86099999999999999]
["Araucap1IDH","Arauca","p1","2000-2005","IDH",0.79600000000000004]
["Araucap2IDH","Arauca","p2","2010-2015","IDH",0.80400000000000005]
["Casanarep1IDH","Casanare","p1","2000-2005","IDH",0.85899999999999999]
["Casanarep2IDH","Casanare","p2","2010-2015","IDH",0.86699999999999999]
["Putumayop1IDH","Putumayo","p1","2000-2005","IDH",0.72699999999999998]
["Putumayop2IDH","Putumayo","p2","2010-2015","IDH",0.75900000000000001]
["San Andrés y Providenciap1IDH","San Andrés y Providencia","p1","2000-2005","IDH",0.83199999999999996]
["San Andrés y Providenciap2IDH","San Andrés y Providencia","p2","2010-2015","IDH",0.83399999999999996]
["Amazonasp1IDH","Amazonas","p1","2000-2005","IDH",0.73]
["Amazonasp2IDH","Amazonas","p2","2010-2015","IDH",0.76800000000000002]
["Guainíap1IDH","Guainía","p1","2000-2005","IDH"]
["Guainíap2IDH","Guainía","p2","2010-2015","IDH"]
["Guaviarep1IDH","Guaviare","p1","2000-2005","IDH"]
["Guaviarep2IDH","Guaviare","p2","2010-2015","IDH"]
["Vaupésp1IDH","Vaupés","p1","2000-2005","IDH"]
[{"$f":"CONCATENATE(B131,C131,E131)","v":"Vaupésp2IDH"},"Vaupés","p2","2010-2015","IDH"]
["Vichadap1IDH","Vichada","p1","2000-2005","IDH"]
["Vichadap2IDH","Vichada","p2","2010-2015","IDH"]
["Amazonasp1PIB","Amazonas","p1","2000-2005","PIB",231.83333333333334]
["Amazonasp2PIB","Amazonas","p2","2010-2015","PIB",326.5]
["Antioquiap1PIB","Antioquia","p1","2000-2005","PIB",41657.333333333336]
["Antioquiap2PIB","Antioquia","p2","2010-2015","PIB",65591]
["Araucap1PIB","Arauca","p1","2000-2005","PIB",3005.3333333333335]
["Araucap2PIB","Arauca","p2","2010-2015","PIB",3147]
["Atlánticop1PIB","Atlántico","p1","2000-2005","PIB",12464.166666666666]
["Atlánticop2PIB","Atlántico","p2","2010-2015","PIB",19295.166666666668]
["Bogotáp1PIB","Bogotá","p1","2000-2005","PIB",80237.833333333328]
["Bogotáp2PIB","Bogotá","p2","2010-2015","PIB",125643]
["Bolívarp1PIB","Bolívar","p1","2000-2005","PIB",11807.666666666666]
["Bolívarp2PIB","Bolívar","p2","2010-2015","PIB",18524.833333333332]
["Boyacáp1PIB","Boyacá","p1","2000-2005","PIB",8249.8333333333339]
["Boyacáp2PIB","Boyacá","p2","2010-2015","PIB",13203.166666666666]
["Caldasp1PIB","Caldas","p1","2000-2005","PIB",5405.166666666667]
["Caldasp2PIB","Caldas","p2","2010-2015","PIB",7139.5]
["Caquetáp1PIB","Caquetá","p1","2000-2005","PIB",1433.5]
["Caquetáp2PIB","Caquetá","p2","2010-2015","PIB",2136.6666666666665]
["Casanarep1PIB","Casanare","p1","2000-2005","PIB",8879]
["Casanarep2PIB","Casanare","p2","2010-2015","PIB",8208.6666666666661]
["Caucap1PIB","Cauca","p1","2000-2005","PIB",4352.166666666667]
["Caucap2PIB","Cauca","p2","2010-2015","PIB",7476.5]
["Cesarp1PIB","Cesar","p1","2000-2005","PIB",5192.833333333333]
["Cesarp2PIB","Cesar","p2","2010-2015","PIB",9299.1666666666661]
["Chocóp1PIB","Chocó","p1","2000-2005","PIB",1084.1666666666667]
["Chocóp2PIB","Chocó","p2","2010-2015","PIB",1884.5]
["Córdobap1PIB","Córdoba","p1","2000-2005","PIB",6297.666666666667]
["Córdobap2PIB","Córdoba","p2","2010-2015","PIB",8567.5]
["Cundinamarcap1PIB","Cundinamarca","p1","2000-2005","PIB",15998.666666666666]
["Cundinamarcap2PIB","Cundinamarca","p2","2010-2015","PIB",25684.5]
["Guainíap1PIB","Guainía","p1","2000-2005","PIB",105.66666666666667]
["Guainíap2PIB","Guainía","p2","2010-2015","PIB",150]
["Guaviarep1PIB","Guaviare","p1","2000-2005","PIB",314]
["Guaviarep2PIB","Guaviare","p2","2010-2015","PIB",363.66666666666669]
["Huilap1PIB","Huila","p1","2000-2005","PIB",5937.333333333333]
["Huilap2PIB","Huila","p2","2010-2015","PIB",8176.166666666667]
["La Guajirap1PIB","La Guajira","p1","2000-2005","PIB",3492.5]
["La Guajirap2PIB","La Guajira","p2","2010-2015","PIB",5415.166666666667]
["Magdalenap1PIB","Magdalena","p1","2000-2005","PIB",4077.1666666666665]
["Magdalenap2PIB","Magdalena","p2","2010-2015","PIB",6318.666666666667]
["Metap1PIB","Meta","p1","2000-2005","PIB",6387.333333333333]
["Metap2PIB","Meta","p2","2010-2015","PIB",20922.666666666668]
["Nariñop1PIB","Nariño","p1","2000-2005","PIB",4710.166666666667]
["Nariñop2PIB","Nariño","p2","2010-2015","PIB",7221.166666666667]
["Norte de Santanderp1PIB","Norte de Santander","p1","2000-2005","PIB",5259]
["Norte de Santanderp2PIB","Norte de Santander","p2","2010-2015","PIB",7821.5]
["Putumayop1PIB","Putumayo","p1","2000-2005","PIB",1018.3333333333334]
["Putumayop2PIB","Putumayo","p2","2010-2015","PIB",2236]
["Quindíop1PIB","Quindío","p1","2000-2005","PIB",2763.3333333333335]
["Quindíop2PIB","Quindío","p2","2010-2015","PIB",3607.6666666666665]
["Risaraldap1PIB","Risaralda","p1","2000-2005","PIB",4846.5]
["Risaraldap2PIB","Risaralda","p2","2010-2015","PIB",7033.333333333333]
["San Andrés y Providenciap1PIB","San Andrés y Providencia","p1","2000-2005","PIB",480.16666666666669]
["San Andrés y Providenciap2PIB","San Andrés y Providencia","p2","2010-2015","PIB",703.66666666666663]
["Santanderp1PIB","Santander","p1","2000-2005","PIB",20125.5]
["Santanderp2PIB","Santander","p2","2010-2015","PIB",32817.833333333336]
["Sucrep1PIB","Sucre","p1","2000-2005","PIB",2356.3333333333335]
["Sucrep2PIB","Sucre","p2","2010-2015","PIB",3807]
["Tolimap1PIB","Tolima","p1","2000-2005","PIB",7267.333333333333]
["Tolimap2PIB","Tolima","p2","2010-2015","PIB",10123]
["Valle del Caucap1PIB","Valle del Cauca","p1","2000-2005","PIB",32128.5]
[{"$f":"CONCATENATE(B195,C195,E195)","v":"Valle del Caucap2PIB"},"Valle del Cauca","p2","2010-2015","PIB",47549.166666666664]
["Vaupésp1PIB","Vaupés","p1","2000-2005","PIB",100]
["Vaupésp2PIB","Vaupés","p2","2010-2015","PIB",135.5]
["Vichadap1PIB","Vichada","p1","2000-2005","PIB",203.66666666666666]
["Vichadap2PIB","Vichada","p2","2010-2015","PIB",269.66666666666669]
["Antioquiap1PIBpc","Antioquia","p1","2000-2005","PIBpc",1265403.8326855698]
["Antioquiap2PIBpc","Antioquia","p2","2010-2015","PIBpc",1746018.0136053697]
["Atlánticop1PIBpc","Atlántico","p1","2000-2005","PIBpc",993256.13813300827]
["Atlánticop2PIBpc","Atlántico","p2","2010-2015","PIBpc",1346688.3837922423]
["Bogotáp1PIBpc","Bogotá","p1","2000-2005","PIBpc",2034557.8715448147]
["Bogotáp2PIBpc","Bogotá","p2","2010-2015","PIBpc",2747320.4480142044]
["Bolívarp1PIBpc","Bolívar","p1","2000-2005","PIBpc",1071699.0018855706]
["Bolívarp2PIBpc","Bolívar","p2","2010-2015","PIBpc",1515027.6006026906]
["Boyacáp1PIBpc","Boyacá","p1","2000-2005","PIBpc",1103764.8686263594]
["Boyacáp2PIBpc","Boyacá","p2","2010-2015","PIBpc",1729959.4810510266]
["Caldasp1PIBpc","Caldas","p1","2000-2005","PIBpc",934554.44682335923]
["Caldasp2PIBpc","Caldas","p2","2010-2015","PIBpc",1210297.2657571735]
["Caquetáp1PIBpc","Caquetá","p1","2000-2005","PIBpc",583848.79151242296]
["Caquetáp2PIBpc","Caquetá","p2","2010-2015","PIBpc",769820.16712663718]
["Caucap1PIBpc","Cauca","p1","2000-2005","PIBpc",583523.24151194131]
["Caucap2PIBpc","Cauca","p2","2010-2015","PIBpc",923776.02919510333]
["Cesarp1PIBpc","Cesar","p1","2000-2005","PIBpc",990626.29761966073]
["Cesarp2PIBpc","Cesar","p2","2010-2015","PIBpc",1553338.2588034426]
["Córdobap1PIBpc","Córdoba","p1","2000-2005","PIBpc",741897.06295074918]
["Córdobap2PIBpc","Córdoba","p2","2010-2015","PIBpc",867644.75489377463]
["Cundinamarcap1PIBpc","Cundinamarca","p1","2000-2005","PIBpc",1223499.5942741157]
["Cundinamarcap2PIBpc","Cundinamarca","p2","2010-2015","PIBpc",1660361.7803846465]
["Chocóp1PIBpc","Chocó","p1","2000-2005","PIBpc",406535.16051045572]
["Chocóp2PIBpc","Chocó","p2","2010-2015","PIBpc",643597.34200615901]
["Huilap1PIBpc","Huila","p1","2000-2005","PIBpc",1014980.1311884043]
["Huilap2PIBpc","Huila","p2","2010-2015","PIBpc",1217714.9286582931]
["La Guajirap1PIBpc","La Guajira","p1","2000-2005","PIBpc",948083.82554063178]
["La Guajirap2PIBpc","La Guajira","p2","2010-2015","PIBpc",1015936.8031088149]
["Magdalenap1PIBpc","Magdalena","p1","2000-2005","PIBpc",601083.92166483065]
["Magdalenap2PIBpc","Magdalena","p2","2010-2015","PIBpc",856094.74560785142]
["Metap1PIBpc","Meta","p1","2000-2005","PIBpc",1437650.8775657439]
["Metap2PIBpc","Meta","p2","2010-2015","PIBpc",3807024.9338662247]
["Nariñop1PIBpc","Nariño","p1","2000-2005","PIBpc",525606.76326701883]
["Nariñop2PIBpc","Nariño","p2","2010-2015","PIBpc",711489.01298195263]
["Norte de Santanderp1PIBpc","Norte de Santander","p1","2000-2005","PIBpc",720325.60525362403]
["Norte de Santanderp2PIBpc","Norte de Santander","p2","2010-2015","PIBpc",982576.30842255638]
["Quindíop1PIBpc","Quindío","p1","2000-2005","PIBpc",873842.08018686948]
["Quindíop2PIBpc","Quindío","p2","2010-2015","PIBpc",1078639.3138964979]
["Risaraldap1PIBpc","Risaralda","p1","2000-2005","PIBpc",914348.91056360235]
["Risaraldap2PIBpc","Risaralda","p2","2010-2015","PIBpc",1248948.2346471853]
["Santanderp1PIBpc","Santander","p1","2000-2005","PIBpc",1735955.6696671862]
["Santanderp2PIBpc","Santander","p2","2010-2015","PIBpc",2686725.9308137409]
["Sucrep1PIBpc","Sucre","p1","2000-2005","PIBpc",521303.68841717631]
["Sucrep2PIBpc","Sucre","p2","2010-2015","PIBpc",763570.52557600231]
["Tolimap1PIBpc","Tolima","p1","2000-2005","PIBpc",896432.1531570903]
["Tolimap2PIBpc","Tolima","p2","2010-2015","PIBpc",1206813.0395892616]
["Valle Del Caucap1PIBpc","Valle Del Cauca","p1","2000-2005","PIBpc",1320780.0883989683]
["Valle Del Caucap2PIBpc","Valle Del Cauca","p2","2010-2015","PIBpc",1761905.0795137673]
["Araucap1PIBpc","Arauca","p1","2000-2005","PIBpc",2223419.0937840939]
["Araucap2PIBpc","Arauca","p2","2010-2015","PIBpc",2056911.1430072864]
["Casanarep1PIBpc","Casanare","p1","2000-2005","PIBpc",5290699.4758757455]
["Casanarep2PIBpc","Casanare","p2","2010-2015","PIBpc",4012058.005241775]
["Putumayop1PIBpc","Putumayo","p1","2000-2005","PIBpc",561645.71939554787]
["Putumayop2PIBpc","Putumayo","p2","2010-2015","PIBpc",1111204.9815378957]
["San Andrés y Providenciap1PIBpc","San Andrés y Providencia","p1","2000-2005","PIBpc",1158871.1364258018]
["San Andrés y Providenciap2PIBpc","San Andrés y Providencia","p2","2010-2015","PIBpc",1566502.5215421924]
["Amazonasp1PIBpc","Amazonas","p1","2000-2005","PIBpc",593538.91712216835]
["Amazonasp2PIBpc","Amazonas","p2","2010-2015","PIBpc",734126.89490180917]
["Guainíap1PIBpc","Guainía","p1","2000-2005","PIBpc",525174.40926162468]
[{"$f":"CONCATENATE(B259,C259,E259)","v":"Guainíap2PIBpc"},"Guainía","p2","2010-2015","PIBpc",626631.85378590075]
["Guaviarep1PIBpc","Guaviare","p1","2000-2005","PIBpc",567143.25966491585]
["Guaviarep2PIBpc","Guaviare","p2","2010-2015","PIBpc",565557.78979393688]
["Vaupésp1PIBpc","Vaupés","p1","2000-2005","PIBpc",440617.92257461866]
["Vaupésp2PIBpc","Vaupés","p2","2010-2015","PIBpc",530098.23444034532]
["Vichadap1PIBpc","Vichada","p1","2000-2005","PIBpc",647230.6789460415]
["Vichadap2PIBpc","Vichada","p2","2010-2015","PIBpc",663096.2743661243]
["Antioquiap1Ruralidad","Antioquia","p1","2005-2010","Ruralidad",23.28]
["Atlánticop1Ruralidad","Atlántico","p1","2005-2010","Ruralidad",4.78]
["Bogotáp1Ruralidad","Bogotá","p1","2005-2010","Ruralidad",0.22]
["Bolívarp1Ruralidad","Bolívar","p1","2005-2010","Ruralidad",24.55]
["Boyacáp1Ruralidad","Boyacá","p1","2005-2010","Ruralidad",47.09]
["Caldasp1Ruralidad","Caldas","p1","2005-2010","Ruralidad",30.11]
["Caquetáp1Ruralidad","Caquetá","p1","2005-2010","Ruralidad",43.71]
["Caucap1Ruralidad","Cauca","p1","2005-2010","Ruralidad",61.39]
["Cesarp1Ruralidad","Cesar","p1","2005-2010","Ruralidad",28.23]
["Córdobap1Ruralidad","Córdoba","p1","2005-2010","Ruralidad",48.79]
["Cundinamarcap1Ruralidad","Cundinamarca","p1","2005-2010","Ruralidad",35.01]
["Chocóp1Ruralidad","Chocó","p1","2005-2010","Ruralidad",51.61]
["Huilap1Ruralidad","Huila","p1","2005-2010","Ruralidad",40.32]
["La Guajirap1Ruralidad","La Guajira","p1","2005-2010","Ruralidad",45.75]
["Magdalenap1Ruralidad","Magdalena","p1","2005-2010","Ruralidad",29.88]
["Metap1Ruralidad","Meta","p1","2005-2010","Ruralidad",26.17]
["Nariñop1Ruralidad","Nariño","p1","2005-2010","Ruralidad",53]
["Norte de Santanderp1Ruralidad","Norte de Santander","p1","2005-2010","Ruralidad",23.09]
["Quindíop1Ruralidad","Quindío","p1","2005-2010","Ruralidad",13.14]
["Risaraldap1Ruralidad","Risaralda","p1","2005-2010","Ruralidad",22.74]
["Santanderp1Ruralidad","Santander","p1","2005-2010","Ruralidad",26.39]
["Sucrep1Ruralidad","Sucre","p1","2005-2010","Ruralidad",35.28]
["Tolimap1Ruralidad","Tolima","p1","2005-2010","Ruralidad",33.549999999999997]
["Valle del Caucap1Ruralidad","Valle del Cauca","p1","2005-2010","Ruralidad",13.33]
["Araucap1Ruralidad","Arauca","p1","2005-2010","Ruralidad",38.81]
["Casanarep1Ruralidad","Casanare","p1","2005-2010","Ruralidad",29.92]
["Putumayop1Ruralidad","Putumayo","p1","2005-2010","Ruralidad",54.78]
["San Andrés y Providenciap1Ruralidad","San Andrés y Providencia","p1","2005-2010","Ruralidad",28.35]
["Amazonasp1Ruralidad","Amazonas","p1","2005-2010","Ruralidad",62.19]
["Guainíap1Ruralidad","Guainía","p1","2005-2010","Ruralidad",69.16]
["Guaviarep1Ruralidad","Guaviare","p1","2005-2010","Ruralidad",46.01]
["Vaupésp1Ruralidad","Vaupés","p1","2005-2010","Ruralidad",63.7]
["Vichadap1Ruralidad","Vichada","p1","2005-2010","Ruralidad",60.49]
["Antioquiap2Ruralidad","Antioquia","p2","2011-2015","Ruralidad",22.13]
["Atlánticop2Ruralidad","Atlántico","p2","2011-2015","Ruralidad",4.43]
["Bogotáp2Ruralidad","Bogotá","p2","2011-2015","Ruralidad",0.21]
["Bolívarp2Ruralidad","Bolívar","p2","2011-2015","Ruralidad",22.93]
["Boyacáp2Ruralidad","Boyacá","p2","2011-2015","Ruralidad",44.25]
["Caldasp2Ruralidad","Caldas","p2","2011-2015","Ruralidad",28.76]
["Caquetáp2Ruralidad","Caquetá","p2","2011-2015","Ruralidad",41.28]
["Caucap2Ruralidad","Cauca","p2","2011-2015","Ruralidad",60.52]
["Cesarp2Ruralidad","Cesar","p2","2011-2015","Ruralidad",26.05]
["Córdobap2Ruralidad","Córdoba","p2","2011-2015","Ruralidad",47.46]
["Cundinamarcap2Ruralidad","Cundinamarca","p2","2011-2015","Ruralidad",33.22]
["Chocóp2Ruralidad","Chocó","p2","2011-2015","Ruralidad",50.92]
["Huilap2Ruralidad","Huila","p2","2011-2015","Ruralidad",40.130000000000003]
["La Guajirap2Ruralidad","La Guajira","p2","2011-2015","Ruralidad",45.27]
["Magdalenap2Ruralidad","Magdalena","p2","2011-2015","Ruralidad",27.2]
["Metap2Ruralidad","Meta","p2","2011-2015","Ruralidad",24.6]
["Nariñop2Ruralidad","Nariño","p2","2011-2015","Ruralidad",51.22]
["Norte de Santanderp2Ruralidad","Norte de Santander","p2","2011-2015","Ruralidad",21.85]
["Quindíop2Ruralidad","Quindío","p2","2011-2015","Ruralidad",12.47]
["Risaraldap2Ruralidad","Risaralda","p2","2011-2015","Ruralidad",21.98]
["Santanderp2Ruralidad","Santander","p2","2011-2015","Ruralidad",24.98]
["Sucrep2Ruralidad","Sucre","p2","2011-2015","Ruralidad",33.590000000000003]
["Tolimap2Ruralidad","Tolima","p2","2011-2015","Ruralidad",32.01]
["Valle del Caucap2Ruralidad","Valle del Cauca","p2","2011-2015","Ruralidad",12.75]
[{"$f":"CONCATENATE(B323,C323,E323)","v":"Araucap2Ruralidad"},"Arauca","p2","2011-2015","Ruralidad",37.409999999999997]
["Casanarep2Ruralidad","Casanare","p2","2011-2015","Ruralidad",26.67]
["Putumayop2Ruralidad","Putumayo","p2","2011-2015","Ruralidad",52.02]
["San Andrés y Providenciap2Ruralidad","San Andrés y Providencia","p2","2011-2015","Ruralidad",28.12]
["Amazonasp2Ruralidad","Amazonas","p2","2011-2015","Ruralidad",62.55]
["Guainíap2Ruralidad","Guainía","p2","2011-2015","Ruralidad",69.23]
["Guaviarep2Ruralidad","Guaviare","p2","2011-2015","Ruralidad",42.46]
["Vaupésp2Ruralidad","Vaupés","p2","2011-2015","Ruralidad",61.92]
["Vichadap2Ruralidad","Vichada","p2","2011-2015","Ruralidad",57.48]
["Amazonasp1IRCA","Amazonas","p1","2010","IRCA",30.157518]
["Amazonasp2IRCA","Amazonas","p2","2015","IRCA",9.0443470000000001]
["Antioquiap1IRCA","Antioquia","p1","2010","IRCA",16.465271000000001]
["Antioquiap2IRCA","Antioquia","p2","2015","IRCA",6.8074170000000001]
["Araucap1IRCA","Arauca","p1","2010","IRCA",2.4073440000000002]
["Araucap2IRCA","Arauca","p2","2015","IRCA",2.1503920000000001]
["San Andrés y Providenciap1IRCA","San Andrés y Providencia","p1","2010","IRCA",4.6524210000000004]
["San Andrés y Providenciap2IRCA","San Andrés y Providencia","p2","2015","IRCA",2.0772110000000001]
["Atlánticop1IRCA","Atlántico","p1","2010","IRCA",4.6779390000000003]
["Atlánticop2IRCA","Atlántico","p2","2015","IRCA",16.772245000000002]
["Bogotáp1IRCA","Bogotá","p1","2010","IRCA",10.169957999999999]
["Bogotáp2IRCA","Bogotá","p2","2015","IRCA",7.350314]
["Bolívarp1IRCA","Bolívar","p1","2010","IRCA",33.620384000000001]
["Bolívarp2IRCA","Bolívar","p2","2015","IRCA",22.129626999999999]
["Boyacáp1IRCA","Boyacá","p1","2010","IRCA",27.237656000000001]
["Boyacáp2IRCA","Boyacá","p2","2015","IRCA",28.025079000000002]
["Caldasp1IRCA","Caldas","p1","2010","IRCA",58.350098000000003]
["Caldasp2IRCA","Caldas","p2","2015","IRCA",54.263359999999999]
["Caquetáp1IRCA","Caquetá","p1","2010","IRCA",21.246893]
["Caquetáp2IRCA","Caquetá","p2","2015","IRCA",14.978417]
["Casanarep1IRCA","Casanare","p1","2010","IRCA",35.718370999999998]
["Casanarep2IRCA","Casanare","p2","2015","IRCA",19.340688]
["Caucap1IRCA","Cauca","p1","2010","IRCA",23.062197999999999]
["Caucap2IRCA","Cauca","p2","2015","IRCA",14.707820999999999]
["Cesarp1IRCA","Cesar","p1","2010","IRCA",18.737656000000001]
["Cesarp2IRCA","Cesar","p2","2015","IRCA",13.062371000000001]
["Chocóp1IRCA","Chocó","p1","2010","IRCA",4.95]
["Chocóp2IRCA","Chocó","p2","2015","IRCA",31.743333]
["Córdobap1IRCA","Córdoba","p1","2010","IRCA",15.449820000000001]
["Córdobap2IRCA","Córdoba","p2","2015","IRCA",9.9166720000000002]
["Cundinamarcap1IRCA","Cundinamarca","p1","2010","IRCA",5.8387169999999999]
["Cundinamarcap2IRCA","Cundinamarca","p2","2015","IRCA",7.0749269999999997]
["Guainíap1IRCA","Guainía","p1","2010","IRCA",70.661469999999994]
["Guainíap2IRCA","Guainía","p2","2015","IRCA",16.617089]
["Guaviarep1IRCA","Guaviare","p1","2010","IRCA",36.785713999999999]
["Guaviarep2IRCA","Guaviare","p2","2015","IRCA",0]
["Huilap1IRCA","Huila","p1","2010","IRCA",25.402491000000001]
["Huilap2IRCA","Huila","p2","2015","IRCA",45.525689]
["La Guajirap1IRCA","La Guajira","p1","2010","IRCA",11.697189]
["La Guajirap2IRCA","La Guajira","p2","2015","IRCA",18.194285000000001]
["Magdalenap1IRCA","Magdalena","p1","2010","IRCA",23.165870000000002]
["Magdalenap2IRCA","Magdalena","p2","2015","IRCA",28.625983999999999]
["Metap1IRCA","Meta","p1","2010","IRCA",35.112166000000002]
["Metap2IRCA","Meta","p2","2015","IRCA",31.893304000000001]
["Nariñop1IRCA","Nariño","p1","2010","IRCA",37.108828000000003]
["Nariñop2IRCA","Nariño","p2","2015","IRCA",50.2806]
["Norte de Santanderp1IRCA","Norte de Santander","p1","2010","IRCA",7.2644580000000003]
["Norte de Santanderp2IRCA","Norte de Santander","p2","2015","IRCA",17.316761]
["Putumayop1IRCA","Putumayo","p1","2010","IRCA",49.311593000000002]
["Putumayop2IRCA","Putumayo","p2","2015","IRCA",50.485607999999999]
["Quindíop1IRCA","Quindío","p1","2010","IRCA",3.7703419999999999]
["Quindíop2IRCA","Quindío","p2","2015","IRCA",4.4019269999999997]
["Risaraldap1IRCA","Risaralda","p1","2010","IRCA",25.437104000000001]
["Risaraldap2IRCA","Risaralda","p2","2015","IRCA",13.337054]
["Santanderp1IRCA","Santander","p1","2010","IRCA",18.476444000000001]
[{"$f":"CONCATENATE(B387,C387,E387)","v":"Santanderp2IRCA"},"Santander","p2","2015","IRCA",9.4751849999999997]
["Sucrep1IRCA","Sucre","p1","2010","IRCA",21.616177]
["Sucrep2IRCA","Sucre","p2","2015","IRCA",15.306804]
["Tolimap1IRCA","Tolima","p1","2010","IRCA",30.288547999999999]
["Tolimap2IRCA","Tolima","p2","2015","IRCA",42.517073000000003]
["Valle del Caucap1IRCA","Valle del Cauca","p1","2010","IRCA",15.69604]
["Valle del Caucap2IRCA","Valle del Cauca","p2","2015","IRCA",14.813992000000001]
["Vaupésp1IRCA","Vaupés","p1","2010","IRCA",57.044665999999999]
["Vaupésp2IRCA","Vaupés","p2","2015","IRCA",18.51745]
["Vichadap1IRCA","Vichada","p1","2010","IRCA",14.903703]
["Vichadap2IRCA","Vichada","p2","2015","IRCA",23.515263000000001]
["Amazonasp1PIB-Percápita","Amazonas","p1","2005-2010","PIB-Percápita",4529748.0310539054]
["Amazonasp2PIB-Percápita","Amazonas","p2","2011-2015","PIB-Percápita",6469097.3568345327]
["Antioquiap1PIB-Percápita","Antioquia","p1","2005-2010","PIB-Percápita",10291802.719945611]
["Antioquiap2PIB-Percápita","Antioquia","p2","2011-2015","PIB-Percápita",14937376.191939335]
["Araucap1PIB-Percápita","Arauca","p1","2005-2010","PIB-Percápita",18498285.581769202]
["Araucap2PIB-Percápita","Arauca","p2","2011-2015","PIB-Percápita",21030133.536936738]
["Atlánticop1PIB-Percápita","Atlántico","p1","2005-2010","PIB-Percápita",8005866.8081054538]
["Atlánticop2PIB-Percápita","Atlántico","p2","2011-2015","PIB-Percápita",11417521.901579913]
["Bogotáp1PIB-Percápita","Bogotá","p1","2005-2010","PIB-Percápita",16381383.713061163]
["Bogotáp2PIB-Percápita","Bogotá","p2","2011-2015","PIB-Percápita",23004547.742985278]
["Bolívarp1PIB-Percápita","Bolívar","p1","2005-2010","PIB-Percápita",9140921.3234047275]
["Bolívarp2PIB-Percápita","Bolívar","p2","2011-2015","PIB-Percápita",14126852.477393273]
["Boyacáp1PIB-Percápita","Boyacá","p1","2005-2010","PIB-Percápita",9614250.2907095198]
["Boyacáp2PIB-Percápita","Boyacá","p2","2011-2015","PIB-Percápita",16116644.018109003]
["Caldasp1PIB-Percápita","Caldas","p1","2005-2010","PIB-Percápita",7673607.8626077855]
["Caldasp2PIB-Percápita","Caldas","p2","2011-2015","PIB-Percápita",10457622.425053721]
["Caquetáp1PIB-Percápita","Caquetá","p1","2005-2010","PIB-Percápita",4406891.001394989]
["Caquetáp2PIB-Percápita","Caquetá","p2","2011-2015","PIB-Percápita",6780094.3248513462]
["Casanarep1PIB-Percápita","Casanare","p1","2005-2010","PIB-Percápita",25356880.167546913]
["Casanarep2PIB-Percápita","Casanare","p2","2011-2015","PIB-Percápita",41922278.140592836]
["Caucap1PIB-Percápita","Cauca","p1","2005-2010","PIB-Percápita",4997475.1797063742]
["Caucap2PIB-Percápita","Cauca","p2","2011-2015","PIB-Percápita",8300466.0669550821]
["Cesarp1PIB-Percápita","Cesar","p1","2005-2010","PIB-Percápita",9062534.6947486419]
["Cesarp2PIB-Percápita","Cesar","p2","2011-2015","PIB-Percápita",13324675.919283077]
["Chocóp1PIB-Percápita","Chocó","p1","2005-2010","PIB-Percápita",3809319.0935278274]
["Chocóp2PIB-Percápita","Chocó","p2","2011-2015","PIB-Percápita",6368500.6928745639]
["Córdobap1PIB-Percápita","Córdoba","p1","2005-2010","PIB-Percápita",5859263.2055137157]
["Córdobap2PIB-Percápita","Córdoba","p2","2011-2015","PIB-Percápita",7352651.078899662]
["Cundinamarcap1PIB-Percápita","Cundinamarca","p1","2005-2010","PIB-Percápita",9578269.3671223763]
["Cundinamarcap2PIB-Percápita","Cundinamarca","p2","2011-2015","PIB-Percápita",13908969.086531287]
["Guainíap1PIB-Percápita","Guainía","p1","2005-2010","PIB-Percápita",4032665.034609823]
["Guainíap2PIB-Percápita","Guainía","p2","2011-2015","PIB-Percápita",5822678.3006027639]
["Guaviarep1PIB-Percápita","Guaviare","p1","2005-2010","PIB-Percápita",4162574.2229050659]
["Guaviarep2PIB-Percápita","Guaviare","p2","2011-2015","PIB-Percápita",5664123.7511572856]
["Huilap1PIB-Percápita","Huila","p1","2005-2010","PIB-Percápita",7533156.4113473259]
["Huilap2PIB-Percápita","Huila","p2","2011-2015","PIB-Percápita",11563922.742063435]
["La Guajirap1PIB-Percápita","La Guajira","p1","2005-2010","PIB-Percápita",7137182.747290601]
["La Guajirap2PIB-Percápita","La Guajira","p2","2011-2015","PIB-Percápita",8643433.7575912122]
["Magdalenap1PIB-Percápita","Magdalena","p1","2005-2010","PIB-Percápita",5049308.4006235646]
["Magdalenap2PIB-Percápita","Magdalena","p2","2011-2015","PIB-Percápita",7370191.5842537936]
["Metap1PIB-Percápita","Meta","p1","2005-2010","PIB-Percápita",15864720.207736092]
["Metap2PIB-Percápita","Meta","p2","2011-2015","PIB-Percápita",39123360.03677842]
["Nariñop1PIB-Percápita","Nariño","p1","2005-2010","PIB-Percápita",4322389.2547797933]
["Nariñop2PIB-Percápita","Nariño","p2","2011-2015","PIB-Percápita",6323880.0769561138]
["Norte de Santanderp1PIB-Percápita","Norte de Santander","p1","2005-2010","PIB-Percápita",5998200.4774143472]
["Norte de Santanderp2PIB-Percápita","Norte de Santander","p2","2011-2015","PIB-Percápita",8661962.0376726426]
["Putumayop1PIB-Percápita","Putumayo","p1","2005-2010","PIB-Percápita",5383327.7726856023]
["Putumayop2PIB-Percápita","Putumayo","p2","2011-2015","PIB-Percápita",11106561.565742251]
["Quindíop1PIB-Percápita","Quindío","p1","2005-2010","PIB-Percápita",6350183.6660261713]
["Quindíop2PIB-Percápita","Quindío","p2","2011-2015","PIB-Percápita",9609720.6912880391]
["Risaraldap1PIB-Percápita","Risaralda","p1","2005-2010","PIB-Percápita",7686578.7730599158]
["Risaraldap2PIB-Percápita","Risaralda","p2","2011-2015","PIB-Percápita",10706610.400135372]
["San Andrés y Providenciap1PIB-Percápita","San Andrés y Providencia","p1","2005-2010","PIB-Percápita",9374779.8813473862]
[{"$f":"CONCATENATE(B451,C451,E451)","v":"San Andrés y Providenciap2PIB-Percápita"},"San Andrés y Providencia","p2","2011-2015","PIB-Percápita",13869347.216014063]
["Santanderp1PIB-Percápita","Santander","p1","2005-2010","PIB-Percápita",15947107.213971876]
["Santanderp2PIB-Percápita","Santander","p2","2011-2015","PIB-Percápita",26756703.128569938]
["Sucrep1PIB-Percápita","Sucre","p1","2005-2010","PIB-Percápita",4405943.7138629006]
["Sucrep2PIB-Percápita","Sucre","p2","2011-2015","PIB-Percápita",6729628.3516043751]
["Tolimap1PIB-Percápita","Tolima","p1","2005-2010","PIB-Percápita",7472655.9063585075]
["Tolimap2PIB-Percápita","Tolima","p2","2011-2015","PIB-Percápita",11008391.576810304]
["Valle del Caucap1PIB-Percápita","Valle del Cauca","p1","2005-2010","PIB-Percápita",10597567.336053982]
["Valle del Caucap2PIB-Percápita","Valle del Cauca","p2","2011-2015","PIB-Percápita",14679981.680626031]
["Vaupésp1PIB-Percápita","Vaupés","p1","2005-2010","PIB-Percápita",2833316.810954086]
["Vaupésp2PIB-Percápita","Vaupés","p2","2011-2015","PIB-Percápita",4403228.3908773344]
["Vichadap1PIB-Percápita","Vichada","p1","2005-2010","PIB-Percápita",4875216.6351633733]
["Vichadap2PIB-Percápita","Vichada","p2","2011-2015","PIB-Percápita",5662534.4936476881]
["Antioquiap1Embarazadas >4 CPN ","Antioquia","p1","2000-2005","Embarazadas >4 CPN ",65.894542438138757]
["Atlánticop1Embarazadas >4 CPN ","Atlántico","p1","2000-2005","Embarazadas >4 CPN ",61.146887960009991]
["Bogotáp1Embarazadas >4 CPN ","Bogotá","p1","2000-2005","Embarazadas >4 CPN ",75.939645903519462]
["Bolívarp1Embarazadas >4 CPN ","Bolívar","p1","2000-2005","Embarazadas >4 CPN ",62.008446432550834]
["Boyacáp1Embarazadas >4 CPN ","Boyacá","p1","2000-2005","Embarazadas >4 CPN ",67.231345478184153]
["Caldasp1Embarazadas >4 CPN ","Caldas","p1","2000-2005","Embarazadas >4 CPN ",73.324333519914831]
["Caquetáp1Embarazadas >4 CPN ","Caquetá","p1","2000-2005","Embarazadas >4 CPN ",49.803130468598091]
["Caucap1Embarazadas >4 CPN ","Cauca","p1","2000-2005","Embarazadas >4 CPN ",55.864926146065628]
["Cesarp1Embarazadas >4 CPN ","Cesar","p1","2000-2005","Embarazadas >4 CPN ",53.280342618458043]
["Córdobap1Embarazadas >4 CPN ","Córdoba","p1","2000-2005","Embarazadas >4 CPN ",55.784307694410842]
["Cundinamarcap1Embarazadas >4 CPN ","Cundinamarca","p1","2000-2005","Embarazadas >4 CPN ",75.00504384627294]
["Chocóp1Embarazadas >4 CPN ","Chocó","p1","2000-2005","Embarazadas >4 CPN ",41.846531437233814]
["Huilap1Embarazadas >4 CPN ","Huila","p1","2000-2005","Embarazadas >4 CPN ",60.568387768480314]
["La Guajirap1Embarazadas >4 CPN ","La Guajira","p1","2000-2005","Embarazadas >4 CPN ",43.443149180604834]
["Magdalenap1Embarazadas >4 CPN ","Magdalena","p1","2000-2005","Embarazadas >4 CPN ",58.586953693504604]
["Metap1Embarazadas >4 CPN ","Meta","p1","2000-2005","Embarazadas >4 CPN ",56.768612025722057]
["Nariñop1Embarazadas >4 CPN ","Nariño","p1","2000-2005","Embarazadas >4 CPN ",58.281183523496424]
["Norte de Santanderp1Embarazadas >4 CPN ","Norte de Santander","p1","2000-2005","Embarazadas >4 CPN ",58.231065064359669]
["Quindíop1Embarazadas >4 CPN ","Quindío","p1","2000-2005","Embarazadas >4 CPN ",72.813809349114706]
["Risaraldap1Embarazadas >4 CPN ","Risaralda","p1","2000-2005","Embarazadas >4 CPN ",71.237707302880409]
["Santanderp1Embarazadas >4 CPN ","Santander","p1","2000-2005","Embarazadas >4 CPN ",60.593779040631333]
["Sucrep1Embarazadas >4 CPN ","Sucre","p1","2000-2005","Embarazadas >4 CPN ",53.944599214121482]
["Tolimap1Embarazadas >4 CPN ","Tolima","p1","2000-2005","Embarazadas >4 CPN ",56.541426012758848]
["Valle del Caucap1Embarazadas >4 CPN ","Valle del Cauca","p1","2000-2005","Embarazadas >4 CPN ",76.184643382095601]
["Araucap1Embarazadas >4 CPN ","Arauca","p1","2000-2005","Embarazadas >4 CPN ",45.043326435592348]
["Casanarep1Embarazadas >4 CPN ","Casanare","p1","2000-2005","Embarazadas >4 CPN ",59.61951162925584]
["Putumayop1Embarazadas >4 CPN ","Putumayo","p1","2000-2005","Embarazadas >4 CPN ",43.65454791187998]
["San Andrés y Providenciap1Embarazadas >4 CPN ","San Andrés y Providencia","p1","2000-2005","Embarazadas >4 CPN ",74.496871300524276]
["Amazonasp1Embarazadas >4 CPN ","Amazonas","p1","2000-2005","Embarazadas >4 CPN ",35.383852164206871]
["Guainíap1Embarazadas >4 CPN ","Guainía","p1","2000-2005","Embarazadas >4 CPN ",36.54024051803885]
["Guaviarep1Embarazadas >4 CPN ","Guaviare","p1","2000-2005","Embarazadas >4 CPN ",42.567497672494056]
["Vaupésp1Embarazadas >4 CPN ","Vaupés","p1","2000-2005","Embarazadas >4 CPN ",21.313912009512485]
["Vichadap1Embarazadas >4 CPN ","Vichada","p1","2000-2005","Embarazadas >4 CPN ",34.385751872090673]
["Antioquiap2Embarazadas >4 CPN ","Antioquia","p2","2010-2015","Embarazadas >4 CPN ",87.7453042153643]
["Atlánticop2Embarazadas >4 CPN ","Atlántico","p2","2010-2015","Embarazadas >4 CPN ",83.562011792790031]
["Bogotáp2Embarazadas >4 CPN ","Bogotá","p2","2010-2015","Embarazadas >4 CPN ",85.215975696023449]
["Bolívarp2Embarazadas >4 CPN ","Bolívar","p2","2010-2015","Embarazadas >4 CPN ",84.798846622624609]
["Boyacáp2Embarazadas >4 CPN ","Boyacá","p2","2010-2015","Embarazadas >4 CPN ",85.557350241279323]
["Caldasp2Embarazadas >4 CPN ","Caldas","p2","2010-2015","Embarazadas >4 CPN ",90.181045035758004]
["Caquetáp2Embarazadas >4 CPN ","Caquetá","p2","2010-2015","Embarazadas >4 CPN ",71.803227808814398]
["Caucap2Embarazadas >4 CPN ","Cauca","p2","2010-2015","Embarazadas >4 CPN ",83.315287493762412]
["Cesarp2Embarazadas >4 CPN ","Cesar","p2","2010-2015","Embarazadas >4 CPN ",86.223631422285493]
["Córdobap2Embarazadas >4 CPN ","Córdoba","p2","2010-2015","Embarazadas >4 CPN ",83.661182267248208]
["Cundinamarcap2Embarazadas >4 CPN ","Cundinamarca","p2","2010-2015","Embarazadas >4 CPN ",85.827515261897531]
["Chocóp2Embarazadas >4 CPN ","Chocó","p2","2010-2015","Embarazadas >4 CPN ",64.079080507485145]
["Huilap2Embarazadas >4 CPN ","Huila","p2","2010-2015","Embarazadas >4 CPN ",90.053620195830277]
["La Guajirap2Embarazadas >4 CPN ","La Guajira","p2","2010-2015","Embarazadas >4 CPN ",73.440247936933503]
["Magdalenap2Embarazadas >4 CPN ","Magdalena","p2","2010-2015","Embarazadas >4 CPN ",81.47926723056257]
["Metap2Embarazadas >4 CPN ","Meta","p2","2010-2015","Embarazadas >4 CPN ",80.453669512418315]
["Nariñop2Embarazadas >4 CPN ","Nariño","p2","2010-2015","Embarazadas >4 CPN ",83.848658193389369]
["Norte de Santanderp2Embarazadas >4 CPN ","Norte de Santander","p2","2010-2015","Embarazadas >4 CPN ",82.794043780481871]
[{"$f":"CONCATENATE(B515,C515,E515)","v":"Quindíop2Embarazadas >4 CPN "},"Quindío","p2","2010-2015","Embarazadas >4 CPN ",92.068792786775759]
["Risaraldap2Embarazadas >4 CPN ","Risaralda","p2","2010-2015","Embarazadas >4 CPN ",86.052368752442575]
["Santanderp2Embarazadas >4 CPN ","Santander","p2","2010-2015","Embarazadas >4 CPN ",89.608197513174957]
["Sucrep2Embarazadas >4 CPN ","Sucre","p2","2010-2015","Embarazadas >4 CPN ",83.172241770967887]
["Tolimap2Embarazadas >4 CPN ","Tolima","p2","2010-2015","Embarazadas >4 CPN ",85.673606000070095]
["Valle del Caucap2Embarazadas >4 CPN ","Valle del Cauca","p2","2010-2015","Embarazadas >4 CPN ",89.047727707232241]
["Araucap2Embarazadas >4 CPN ","Arauca","p2","2010-2015","Embarazadas >4 CPN ",75.859243943354272]
["Casanarep2Embarazadas >4 CPN ","Casanare","p2","2010-2015","Embarazadas >4 CPN ",73.309263611912087]
["Putumayop2Embarazadas >4 CPN ","Putumayo","p2","2010-2015","Embarazadas >4 CPN ",74.96433941169667]
["San Andrés y Providenciap2Embarazadas >4 CPN ","San Andrés y Providencia","p2","2010-2015","Embarazadas >4 CPN ",87.968596663395488]
["Amazonasp2Embarazadas >4 CPN ","Amazonas","p2","2010-2015","Embarazadas >4 CPN ",48.955674170341148]
["Guainíap2Embarazadas >4 CPN ","Guainía","p2","2010-2015","Embarazadas >4 CPN ",34.517045454545453]
["Guaviarep2Embarazadas >4 CPN ","Guaviare","p2","2010-2015","Embarazadas >4 CPN ",57.969613259668506]
["Vaupésp2Embarazadas >4 CPN ","Vaupés","p2","2010-2015","Embarazadas >4 CPN ",25.213322323148912]
["Vichadap2Embarazadas >4 CPN ","Vichada","p2","2010-2015","Embarazadas >4 CPN ",40.319920844327179]

{"sheet":"salud","index":3,"n_rows":861,"n_cols":9,"rows_kept":861,"cut":false,"hidden":false,"merged":[]}
["D&P&I","depto","indicador","per","periodo","casos","denominador","expansor"]
[{"$f":"CONCATENATE(B2,D2,C2)","v":"Amazonasp1Mortalidad Materna"},"Amazonas","Mortalidad Materna","p1","2000-2005",12,8100,100000]
[{"$f":"CONCATENATE(B3,D3,C3)","v":"Amazonasp2Mortalidad Materna"},"Amazonas","Mortalidad Materna","p2","2010-2015",7,8618,100000]
["Antioquiap1Mortalidad Materna","Antioquia","Mortalidad Materna","p1","2000-2005",373,579644,100000]
["Antioquiap2Mortalidad Materna","Antioquia","Mortalidad Materna","p2","2010-2015",211,458869,100000]
["Araucap1Mortalidad Materna","Arauca","Mortalidad Materna","p1","2000-2005",30,31182,100000]
["Araucap2Mortalidad Materna","Arauca","Mortalidad Materna","p2","2010-2015",14,25633,100000]
["Atlánticop1Mortalidad Materna","Atlántico","Mortalidad Materna","p1","2000-2005",189,247615,100000]
["Atlánticop2Mortalidad Materna","Atlántico","Mortalidad Materna","p2","2010-2015",139,230819,100000]
["Bogotáp1Mortalidad Materna","Bogotá","Mortalidad Materna","p1","2000-2005",483,697517,100000]
["Bogotáp2Mortalidad Materna","Bogotá","Mortalidad Materna","p2","2010-2015",227,633311,100000]
["Bolívarp1Mortalidad Materna","Bolívar","Mortalidad Materna","p1","2000-2005",158,185444,100000]
["Bolívarp2Mortalidad Materna","Bolívar","Mortalidad Materna","p2","2010-2015",122,210859,100000]
["Boyacáp1Mortalidad Materna","Boyacá","Mortalidad Materna","p1","2000-2005",114,129450,100000]
["Boyacáp2Mortalidad Materna","Boyacá","Mortalidad Materna","p2","2010-2015",51,99677,100000]
["Caldasp1Mortalidad Materna","Caldas","Mortalidad Materna","p1","2000-2005",80,91186,100000]
["Caldasp2Mortalidad Materna","Caldas","Mortalidad Materna","p2","2010-2015",33,62084,100000]
["Caquetáp1Mortalidad Materna","Caquetá","Mortalidad Materna","p1","2000-2005",73,41197,100000]
["Caquetáp2Mortalidad Materna","Caquetá","Mortalidad Materna","p2","2010-2015",53,45108,100000]
["Casanarep1Mortalidad Materna","Casanare","Mortalidad Materna","p1","2000-2005",16,34515,100000]
["Casanarep2Mortalidad Materna","Casanare","Mortalidad Materna","p2","2010-2015",19,41269,100000]
["Caucap1Mortalidad Materna","Cauca","Mortalidad Materna","p1","2000-2005",162,107200,100000]
["Caucap2Mortalidad Materna","Cauca","Mortalidad Materna","p2","2010-2015",113,106211,100000]
["Cesarp1Mortalidad Materna","Cesar","Mortalidad Materna","p1","2000-2005",89,115867,100000]
["Cesarp2Mortalidad Materna","Cesar","Mortalidad Materna","p2","2010-2015",102,123632,100000]
["Chocóp1Mortalidad Materna","Chocó","Mortalidad Materna","p1","2000-2005",95,28046,100000]
["Chocóp2Mortalidad Materna","Chocó","Mortalidad Materna","p2","2010-2015",78,38543,100000]
["Córdobap1Mortalidad Materna","Córdoba","Mortalidad Materna","p1","2000-2005",146,146885,100000]
["Córdobap2Mortalidad Materna","Córdoba","Mortalidad Materna","p2","2010-2015",161,159118,100000]
["Cundinamarcap1Mortalidad Materna","Cundinamarca","Mortalidad Materna","p1","2000-2005",167,213177,100000]
["Cundinamarcap2Mortalidad Materna","Cundinamarca","Mortalidad Materna","p2","2010-2015",103,207543,100000]
["Guainíap1Mortalidad Materna","Guainía","Mortalidad Materna","p1","2000-2005",8,3252,100000]
["Guainíap2Mortalidad Materna","Guainía","Mortalidad Materna","p2","2010-2015",6,3520,100000]
["Guaviarep1Mortalidad Materna","Guaviare","Mortalidad Materna","p1","2000-2005",22,9674,100000]
["Guaviarep2Mortalidad Materna","Guaviare","Mortalidad Materna","p2","2010-2015",7,7240,100000]
["Huilap1Mortalidad Materna","Huila","Mortalidad Materna","p1","2000-2005",93,129970,100000]
["Huilap2Mortalidad Materna","Huila","Mortalidad Materna","p2","2010-2015",42,120104,100000]
["La Guajirap1Mortalidad Materna","La Guajira","Mortalidad Materna","p1","2000-2005",73,62074,100000]
["La Guajirap2Mortalidad Materna","La Guajira","Mortalidad Materna","p2","2010-2015",136,81311,100000]
["Magdalenap1Mortalidad Materna","Magdalena","Mortalidad Materna","p1","2000-2005",134,117816,100000]
["Magdalenap2Mortalidad Materna","Magdalena","Mortalidad Materna","p2","2010-2015",113,135486,100000]
["Metap1Mortalidad Materna","Meta","Mortalidad Materna","p1","2000-2005",89,90908,100000]
["Metap2Mortalidad Materna","Meta","Mortalidad Materna","p2","2010-2015",45,92887,100000]
["Nariñop1Mortalidad Materna","Nariño","Mortalidad Materna","p1","2000-2005",170,129536,100000]
["Nariñop2Mortalidad Materna","Nariño","Mortalidad Materna","p2","2010-2015",86,108734,100000]
["Norte de Santanderp1Mortalidad Materna","Norte de Santander","Mortalidad Materna","p1","2000-2005",94,133690,100000]
["Norte de Santanderp2Mortalidad Materna","Norte de Santander","Mortalidad Materna","p2","2010-2015",74,123434,100000]
["Putumayop1Mortalidad Materna","Putumayo","Mortalidad Materna","p1","2000-2005",38,29600,100000]
["Putumayop2Mortalidad Materna","Putumayo","Mortalidad Materna","p2","2010-2015",36,25939,100000]
["Quindíop1Mortalidad Materna","Quindío","Mortalidad Materna","p1","2000-2005",32,51833,100000]
["Quindíop2Mortalidad Materna","Quindío","Mortalidad Materna","p2","2010-2015",15,35934,100000]
["Risaraldap1Mortalidad Materna","Risaralda","Mortalidad Materna","p1","2000-2005",50,85948,100000]
["Risaraldap2Mortalidad Materna","Risaralda","Mortalidad Materna","p2","2010-2015",33,69087,100000]
["San Andrés y Providenciap1Mortalidad Materna","San Andrés y Providencia","Mortalidad Materna","p1","2000-2005",6,5928,100000]
["San Andrés y Providenciap2Mortalidad Materna","San Andrés y Providencia","Mortalidad Materna","p2","2010-2015",2,5095,100000]
["Santanderp1Mortalidad Materna","Santander","Mortalidad Materna","p1","2000-2005",114,206050,100000]
["Santanderp2Mortalidad Materna","Santander","Mortalidad Materna","p2","2010-2015",72,184251,100000]
["Sucrep1Mortalidad Materna","Sucre","Mortalidad Materna","p1","2000-2005",57,83314,100000]
["Sucrep2Mortalidad Materna","Sucre","Mortalidad Materna","p2","2010-2015",62,89804,100000]
["Tolimap1Mortalidad Materna","Tolima","Mortalidad Materna","p1","2000-2005",127,149057,100000]
["Tolimap2Mortalidad Materna","Tolima","Mortalidad Materna","p2","2010-2015",66,114132,100000]
["Valle del Caucap1Mortalidad Materna","Valle del Cauca","Mortalidad Materna","p1","2000-2005",310,371599,100000]
["Valle del Caucap2Mortalidad Materna","Valle del Cauca","Mortalidad Materna","p2","2010-2015",184,324298,100000]
["Vaupésp1Mortalidad Materna","Vaupés","Mortalidad Materna","p1","2000-2005",4,3372,100000]
["Vaupésp2Mortalidad Materna","Vaupés","Mortalidad Materna","p2","2010-2015",6,3633,100000]
["Vichadap1Mortalidad Materna","Vichada","Mortalidad Materna","p1","2000-2005",14,4964,100000]
[{"$f":"CONCATENATE(B67,D67,C67)","v":"Vichadap2Mortalidad Materna"},"Vichada","Mortalidad Materna","p2","2010-2015",22,6064,100000]
["Colombiap1Mortalidad Materna","Colombia","Mortalidad Materna","p1","2000-2005",3622,4325610,100000]
["Colombiap2Mortalidad Materna","Colombia","Mortalidad Materna","p2","2010-2015",2460,3982247,100000]
["Antioquiap1Accidente de Transito Terrestre","Antioquia","Accidente de Transito Terrestre","p1","2000-2005",462,3905635,100000,"12-17"]
["Atlánticop1Accidente de Transito Terrestre","Atlántico","Accidente de Transito Terrestre","p1","2000-2005",68,1545640,100000,"12-17"]
["Bogotáp1Accidente de Transito Terrestre","Bogotá","Accidente de Transito Terrestre","p1","2000-2005",246,4434484,100000,"12-17"]
["Bolívarp1Accidente de Transito Terrestre","Bolívar","Accidente de Transito Terrestre","p1","2000-2005",53,1396552,100000,"12-17"]
["Boyacáp1Accidente de Transito Terrestre","Boyacá","Accidente de Transito Terrestre","p1","2000-2005",91,906934,100000,"12-17"]
["Caldasp1Accidente de Transito Terrestre","Caldas","Accidente de Transito Terrestre","p1","2000-2005",57,715437,100000,"12-17"]
["Caquetáp1Accidente de Transito Terrestre","Caquetá","Accidente de Transito Terrestre","p1","2000-2005",16,329406,100000,"12-17"]
["Caucap1Accidente de Transito Terrestre","Cauca","Accidente de Transito Terrestre","p1","2000-2005",72,954018,100000,"12-17"]
["Cesarp1Accidente de Transito Terrestre","Cesar","Accidente de Transito Terrestre","p1","2000-2005",76,713258,100000,"12-17"]
["Córdobap1Accidente de Transito Terrestre","Córdoba","Accidente de Transito Terrestre","p1","2000-2005",73,1095334,100000,"12-17"]
["Cundinamarcap1Accidente de Transito Terrestre","Cundinamarca","Accidente de Transito Terrestre","p1","2000-2005",143,1616620,100000,"12-17"]
["Chocóp1Accidente de Transito Terrestre","Chocó","Accidente de Transito Terrestre","p1","2000-2005",7,417797,100000,"12-17"]
["Huilap1Accidente de Transito Terrestre","Huila","Accidente de Transito Terrestre","p1","2000-2005",70,737430,100000,"12-17"]
["La Guajirap1Accidente de Transito Terrestre","La Guajira","Accidente de Transito Terrestre","p1","2000-2005",22,484426,100000,"12-17"]
["Magdalenap1Accidente de Transito Terrestre","Magdalena","Accidente de Transito Terrestre","p1","2000-2005",62,876476,100000,"12-17"]
["Metap1Accidente de Transito Terrestre","Meta","Accidente de Transito Terrestre","p1","2000-2005",71,572385,100000,"12-17"]
["Nariñop1Accidente de Transito Terrestre","Nariño","Accidente de Transito Terrestre","p1","2000-2005",80,1143116,100000,"12-17"]
["Norte de Santanderp1Accidente de Transito Terrestre","Norte de Santander","Accidente de Transito Terrestre","p1","2000-2005",80,908338,100000,"12-17"]
["Quindíop1Accidente de Transito Terrestre","Quindío","Accidente de Transito Terrestre","p1","2000-2005",28,354315,100000,"12-17"]
["Risaraldap1Accidente de Transito Terrestre","Risaralda","Accidente de Transito Terrestre","p1","2000-2005",62,610262,100000,"12-17"]
["Santanderp1Accidente de Transito Terrestre","Santander","Accidente de Transito Terrestre","p1","2000-2005",142,1418731,100000,"12-17"]
["Sucrep1Accidente de Transito Terrestre","Sucre","Accidente de Transito Terrestre","p1","2000-2005",28,587661,100000,"12-17"]
["Tolimap1Accidente de Transito Terrestre","Tolima","Accidente de Transito Terrestre","p1","2000-2005",106,979330,100000,"12-17"]
["Valle Del Caucap1Accidente de Transito Terrestre","Valle Del Cauca","Accidente de Transito Terrestre","p1","2000-2005",319,2869203,100000,"12-17"]
["Araucap1Accidente de Transito Terrestre","Arauca","Accidente de Transito Terrestre","p1","2000-2005",23,175113,100000,"12-17"]
["Casanarep1Accidente de Transito Terrestre","Casanare","Accidente de Transito Terrestre","p1","2000-2005",23,221201,100000,"12-17"]
["Putumayop1Accidente de Transito Terrestre","Putumayo","Accidente de Transito Terrestre","p1","2000-2005",14,246842,100000,"12-17"]
["San Andrés y Providenciap1Accidente de Transito Terrestre","San Andrés y Providencia","Accidente de Transito Terrestre","p1","2000-2005",7,49095,100000,"12-17"]
["Amazonasp1Accidente de Transito Terrestre","Amazonas","Accidente de Transito Terrestre","p1","2000-2005",0,59624,100000,"12-17"]
["Guainíap1Accidente de Transito Terrestre","Guainía","Accidente de Transito Terrestre","p1","2000-2005",0,30204,100000,"12-17"]
["Guaviarep1Accidente de Transito Terrestre","Guaviare","Accidente de Transito Terrestre","p1","2000-2005",1,77509,100000,"12-17"]
["Vaupésp1Accidente de Transito Terrestre","Vaupés","Accidente de Transito Terrestre","p1","2000-2005",0,32049,100000,"12-17"]
["Vichadap1Accidente de Transito Terrestre","Vichada","Accidente de Transito Terrestre","p1","2000-2005",0,46026,100000,"12-17"]
["Antioquiap2Accidente de Transito Terrestre","Antioquia","Accidente de Transito Terrestre","p2","2010-2015",354,3961864,100000,"12-17"]
["Atlánticop2Accidente de Transito Terrestre","Atlántico","Accidente de Transito Terrestre","p2","2010-2015",52,1563686,100000,"12-17"]
["Bogotáp2Accidente de Transito Terrestre","Bogotá","Accidente de Transito Terrestre","p2","2010-2015",127,4574686,100000,"12-17"]
["Bolívarp2Accidente de Transito Terrestre","Bolívar","Accidente de Transito Terrestre","p2","2010-2015",37,1482993,100000,"12-17"]
["Boyacáp2Accidente de Transito Terrestre","Boyacá","Accidente de Transito Terrestre","p2","2010-2015",50,884002,100000,"12-17"]
["Caldasp2Accidente de Transito Terrestre","Caldas","Accidente de Transito Terrestre","p2","2010-2015",48,602555,100000,"12-17"]
["Caquetáp2Accidente de Transito Terrestre","Caquetá","Accidente de Transito Terrestre","p2","2010-2015",23,361182,100000,"12-17"]
["Caucap2Accidente de Transito Terrestre","Cauca","Accidente de Transito Terrestre","p2","2010-2015",68,993740,100000,"12-17"]
["Cesarp2Accidente de Transito Terrestre","Cesar","Accidente de Transito Terrestre","p2","2010-2015",89,776906,100000,"12-17"]
["Córdobap2Accidente de Transito Terrestre","Córdoba","Accidente de Transito Terrestre","p2","2010-2015",60,1205931,100000,"12-17"]
["Cundinamarcap2Accidente de Transito Terrestre","Cundinamarca","Accidente de Transito Terrestre","p2","2010-2015",95,1735448,100000,"12-17"]
["Chocóp2Accidente de Transito Terrestre","Chocó","Accidente de Transito Terrestre","p2","2010-2015",7,415042,100000,"12-17"]
["Huilap2Accidente de Transito Terrestre","Huila","Accidente de Transito Terrestre","p2","2010-2015",93,828153,100000,"12-17"]
["La Guajirap2Accidente de Transito Terrestre","La Guajira","Accidente de Transito Terrestre","p2","2010-2015",46,657093,100000,"12-17"]
["Magdalenap2Accidente de Transito Terrestre","Magdalena","Accidente de Transito Terrestre","p2","2010-2015",64,963897,100000,"12-17"]
["Metap2Accidente de Transito Terrestre","Meta","Accidente de Transito Terrestre","p2","2010-2015",72,627203,100000,"12-17"]
["Nariñop2Accidente de Transito Terrestre","Nariño","Accidente de Transito Terrestre","p2","2010-2015",96,1194976,100000,"12-17"]
["Norte de Santanderp2Accidente de Transito Terrestre","Norte de Santander","Accidente de Transito Terrestre","p2","2010-2015",82,978597,100000,"12-17"]
["Quindíop2Accidente de Transito Terrestre","Quindío","Accidente de Transito Terrestre","p2","2010-2015",30,349817,100000,"12-17"]
["Risaraldap2Accidente de Transito Terrestre","Risaralda","Accidente de Transito Terrestre","p2","2010-2015",28,590731,100000,"12-17"]
["Santanderp2Accidente de Transito Terrestre","Santander","Accidente de Transito Terrestre","p2","2010-2015",95,1331904,100000,"12-17"]
["Sucrep2Accidente de Transito Terrestre","Sucre","Accidente de Transito Terrestre","p2","2010-2015",35,620320,100000,"12-17"]
["Tolimap2Accidente de Transito Terrestre","Tolima","Accidente de Transito Terrestre","p2","2010-2015",111,968728,100000,"12-17"]
["Valle Del Caucap2Accidente de Transito Terrestre","Valle Del Cauca","Accidente de Transito Terrestre","p2","2010-2015",189,2806178,100000,"12-17"]
["Araucap2Accidente de Transito Terrestre","Arauca","Accidente de Transito Terrestre","p2","2010-2015",26,205932,100000,"12-17"]
["Casanarep2Accidente de Transito Terrestre","Casanare","Accidente de Transito Terrestre","p2","2010-2015",37,259181,100000,"12-17"]
["Putumayop2Accidente de Transito Terrestre","Putumayo","Accidente de Transito Terrestre","p2","2010-2015",25,277595,100000,"12-17"]
["San Andrés y Providenciap2Accidente de Transito Terrestre","San Andrés y Providencia","Accidente de Transito Terrestre","p2","2010-2015",6,48276,100000,"12-17"]
[{"$f":"CONCATENATE(B131,D131,C131)","v":"Amazonasp2Accidente de Transito Terrestre"},"Amazonas","Accidente de Transito Terrestre","p2","2010-2015",0,64198,100000,"12-17"]
["Guainíap2Accidente de Transito Terrestre","Guainía","Accidente de Transito Terrestre","p2","2010-2015",0,36308,100000,"12-17"]
["Guaviarep2Accidente de Transito Terrestre","Guaviare","Accidente de Transito Terrestre","p2","2010-2015",2,89347,100000,"12-17"]
["Vaupésp2Accidente de Transito Terrestre","Vaupés","Accidente de Transito Terrestre","p2","2010-2015",1,35940,100000,"12-17"]
["Vichadap2Accidente de Transito Terrestre","Vichada","Accidente de Transito Terrestre","p2","2010-2015",4,58727,100000,"12-17"]
["Antioquiap1Suicidio","Antioquia","Suicidio","p1","2000-2005",247,3905635,100000,"12-17"]
["Atlánticop1Suicidio","Atlántico","Suicidio","p1","2000-2005",29,1545640,100000,"12-17"]
["Bogotáp1Suicidio","Bogotá","Suicidio","p1","2000-2005",198,4434484,100000,"12-17"]
["Bolívarp1Suicidio","Bolívar","Suicidio","p1","2000-2005",25,1396552,100000,"12-17"]
["Boyacáp1Suicidio","Boyacá","Suicidio","p1","2000-2005",65,906934,100000,"12-17"]
["Caldasp1Suicidio","Caldas","Suicidio","p1","2000-2005",59,715437,100000,"12-17"]
["Caquetáp1Suicidio","Caquetá","Suicidio","p1","2000-2005",28,329406,100000,"12-17"]
["Caucap1Suicidio","Cauca","Suicidio","p1","2000-2005",85,954018,100000,"12-17"]
["Cesarp1Suicidio","Cesar","Suicidio","p1","2000-2005",25,713258,100000,"12-17"]
["Córdobap1Suicidio","Córdoba","Suicidio","p1","2000-2005",29,1095334,100000,"12-17"]
["Cundinamarcap1Suicidio","Cundinamarca","Suicidio","p1","2000-2005",85,1616620,100000,"12-17"]
["Chocóp1Suicidio","Chocó","Suicidio","p1","2000-2005",6,417797,100000,"12-17"]
["Huilap1Suicidio","Huila","Suicidio","p1","2000-2005",114,737430,100000,"12-17"]
["La Guajirap1Suicidio","La Guajira","Suicidio","p1","2000-2005",11,484426,100000,"12-17"]
["Magdalenap1Suicidio","Magdalena","Suicidio","p1","2000-2005",23,876476,100000,"12-17"]
["Metap1Suicidio","Meta","Suicidio","p1","2000-2005",29,572385,100000,"12-17"]
["Nariñop1Suicidio","Nariño","Suicidio","p1","2000-2005",119,1143116,100000,"12-17"]
["Norte de Santanderp1Suicidio","Norte de Santander","Suicidio","p1","2000-2005",42,908338,100000,"12-17"]
["Quindíop1Suicidio","Quindío","Suicidio","p1","2000-2005",25,354315,100000,"12-17"]
["Risaraldap1Suicidio","Risaralda","Suicidio","p1","2000-2005",40,610262,100000,"12-17"]
["Santanderp1Suicidio","Santander","Suicidio","p1","2000-2005",60,1418731,100000,"12-17"]
["Sucrep1Suicidio","Sucre","Suicidio","p1","2000-2005",14,587661,100000,"12-17"]
["Tolimap1Suicidio","Tolima","Suicidio","p1","2000-2005",101,979330,100000,"12-17"]
["Valle Del Caucap1Suicidio","Valle Del Cauca","Suicidio","p1","2000-2005",173,2869203,100000,"12-17"]
["Araucap1Suicidio","Arauca","Suicidio","p1","2000-2005",14,175113,100000,"12-17"]
["Casanarep1Suicidio","Casanare","Suicidio","p1","2000-2005",15,221201,100000,"12-17"]
["Putumayop1Suicidio","Putumayo","Suicidio","p1","2000-2005",19,246842,100000,"12-17"]
["San Andrés y Providenciap1Suicidio","San Andrés y Providencia","Suicidio","p1","2000-2005",2,49095,100000,"12-17"]
["Amazonasp1Suicidio","Amazonas","Suicidio","p1","2000-2005",3,59624,100000,"12-17"]
["Guainíap1Suicidio","Guainía","Suicidio","p1","2000-2005",2,30204,100000,"12-17"]
["Guaviarep1Suicidio","Guaviare","Suicidio","p1","2000-2005",5,77509,100000,"12-17"]
["Vaupésp1Suicidio","Vaupés","Suicidio","p1","2000-2005",1,32049,100000,"12-17"]
["Vichadap1Suicidio","Vichada","Suicidio","p1","2000-2005",2,46026,100000,"12-17"]
["Antioquiap2Suicidio","Antioquia","Suicidio","p2","2010-2015",191,3961864,100000,"12-17"]
["Atlánticop2Suicidio","Atlántico","Suicidio","p2","2010-2015",21,1563686,100000,"12-17"]
["Bogotáp2Suicidio","Bogotá","Suicidio","p2","2010-2015",126,4574686,100000,"12-17"]
["Bolívarp2Suicidio","Bolívar","Suicidio","p2","2010-2015",19,1482993,100000,"12-17"]
["Boyacáp2Suicidio","Boyacá","Suicidio","p2","2010-2015",47,884002,100000,"12-17"]
["Caldasp2Suicidio","Caldas","Suicidio","p2","2010-2015",39,602555,100000,"12-17"]
["Caquetáp2Suicidio","Caquetá","Suicidio","p2","2010-2015",21,361182,100000,"12-17"]
["Caucap2Suicidio","Cauca","Suicidio","p2","2010-2015",61,993740,100000,"12-17"]
["Cesarp2Suicidio","Cesar","Suicidio","p2","2010-2015",26,776906,100000,"12-17"]
["Córdobap2Suicidio","Córdoba","Suicidio","p2","2010-2015",43,1205931,100000,"12-17"]
["Cundinamarcap2Suicidio","Cundinamarca","Suicidio","p2","2010-2015",66,1735448,100000,"12-17"]
["Chocóp2Suicidio","Chocó","Suicidio","p2","2010-2015",1,415042,100000,"12-17"]
["Huilap2Suicidio","Huila","Suicidio","p2","2010-2015",84,828153,100000,"12-17"]
["La Guajirap2Suicidio","La Guajira","Suicidio","p2","2010-2015",11,657093,100000,"12-17"]
["Magdalenap2Suicidio","Magdalena","Suicidio","p2","2010-2015",11,963897,100000,"12-17"]
["Metap2Suicidio","Meta","Suicidio","p2","2010-2015",38,627203,100000,"12-17"]
["Nariñop2Suicidio","Nariño","Suicidio","p2","2010-2015",98,1194976,100000,"12-17"]
["Norte de Santanderp2Suicidio","Norte de Santander","Suicidio","p2","2010-2015",30,978597,100000,"12-17"]
["Quindíop2Suicidio","Quindío","Suicidio","p2","2010-2015",18,349817,100000,"12-17"]
["Risaraldap2Suicidio","Risaralda","Suicidio","p2","2010-2015",38,590731,100000,"12-17"]
["Santanderp2Suicidio","Santander","Suicidio","p2","2010-2015",45,1331904,100000,"12-17"]
["Sucrep2Suicidio","Sucre","Suicidio","p2","2010-2015",10,620320,100000,"12-17"]
["Tolimap2Suicidio","Tolima","Suicidio","p2","2010-2015",63,968728,100000,"12-17"]
["Valle Del Caucap2Suicidio","Valle Del Cauca","Suicidio","p2","2010-2015",81,2806178,100000,"12-17"]
["Araucap2Suicidio","Arauca","Suicidio","p2","2010-2015",9,205932,100000,"12-17"]
["Casanarep2Suicidio","Casanare","Suicidio","p2","2010-2015",16,259181,100000,"12-17"]
[{"$f":"CONCATENATE(B195,D195,C195)","v":"Putumayop2Suicidio"},"Putumayo","Suicidio","p2","2010-2015",18,277595,100000,"12-17"]
["San Andrés y Providenciap2Suicidio","San Andrés y Providencia","Suicidio","p2","2010-2015",1,48276,100000,"12-17"]
["Amazonasp2Suicidio","Amazonas","Suicidio","p2","2010-2015",8,64198,100000,"12-17"]
["Guainíap2Suicidio","Guainía","Suicidio","p2","2010-2015",2,36308,100000,"12-17"]
["Guaviarep2Suicidio","Guaviare","Suicidio","p2","2010-2015",3,89347,100000,"12-17"]
["Vaupésp2Suicidio","Vaupés","Suicidio","p2","2010-2015",12,35940,100000,"12-17"]
["Vichadap2Suicidio","Vichada","Suicidio","p2","2010-2015",4,58727,100000,"12-17"]
["Antioquiap1Homicidio","Antioquia","Homicidio","p1","2000-2005",3006,3905635,100000,"12-17"]
["Atlánticop1Homicidio","Atlántico","Homicidio","p1","2000-2005",148,1545640,100000,"12-17"]
["Bogotáp1Homicidio","Bogotá","Homicidio","p1","2000-2005",641,4434484,100000,"12-17"]
["Bolívarp1Homicidio","Bolívar","Homicidio","p1","2000-2005",141,1396552,100000,"12-17"]
["Boyacáp1Homicidio","Boyacá","Homicidio","p1","2000-2005",98,906934,100000,"12-17"]
["Caldasp1Homicidio","Caldas","Homicidio","p1","2000-2005",339,715437,100000,"12-17"]
["Caquetáp1Homicidio","Caquetá","Homicidio","p1","2000-2005",145,329406,100000,"12-17"]
["Caucap1Homicidio","Cauca","Homicidio","p1","2000-2005",308,954018,100000,"12-17"]
["Cesarp1Homicidio","Cesar","Homicidio","p1","2000-2005",135,713258,100000,"12-17"]
["Córdobap1Homicidio","Córdoba","Homicidio","p1","2000-2005",75,1095334,100000,"12-17"]
["Cundinamarcap1Homicidio","Cundinamarca","Homicidio","p1","2000-2005",255,1616620,100000,"12-17"]
["Chocóp1Homicidio","Chocó","Homicidio","p1","2000-2005",68,417797,100000,"12-17"]
["Huilap1Homicidio","Huila","Homicidio","p1","2000-2005",173,737430,100000,"12-17"]
["La Guajirap1Homicidio","La Guajira","Homicidio","p1","2000-2005",90,484426,100000,"12-17"]
["Magdalenap1Homicidio","Magdalena","Homicidio","p1","2000-2005",131,876476,100000,"12-17"]
["Metap1Homicidio","Meta","Homicidio","p1","2000-2005",192,572385,100000,"12-17"]
["Nariñop1Homicidio","Nariño","Homicidio","p1","2000-2005",145,1143116,100000,"12-17"]
["Norte de Santanderp1Homicidio","Norte de Santander","Homicidio","p1","2000-2005",376,908338,100000,"12-17"]
["Quindíop1Homicidio","Quindío","Homicidio","p1","2000-2005",113,354315,100000,"12-17"]
["Risaraldap1Homicidio","Risaralda","Homicidio","p1","2000-2005",286,610262,100000,"12-17"]
["Santanderp1Homicidio","Santander","Homicidio","p1","2000-2005",309,1418731,100000,"12-17"]
["Sucrep1Homicidio","Sucre","Homicidio","p1","2000-2005",47,587661,100000,"12-17"]
["Tolimap1Homicidio","Tolima","Homicidio","p1","2000-2005",150,979330,100000,"12-17"]
["Valle Del Caucap1Homicidio","Valle Del Cauca","Homicidio","p1","2000-2005",1856,2869203,100000,"12-17"]
["Araucap1Homicidio","Arauca","Homicidio","p1","2000-2005",111,175113,100000,"12-17"]
["Casanarep1Homicidio","Casanare","Homicidio","p1","2000-2005",70,221201,100000,"12-17"]
["Putumayop1Homicidio","Putumayo","Homicidio","p1","2000-2005",108,246842,100000,"12-17"]
["San Andrés y Providenciap1Homicidio","San Andrés y Providencia","Homicidio","p1","2000-2005",2,49095,100000,"12-17"]
["Amazonasp1Homicidio","Amazonas","Homicidio","p1","2000-2005",1,59624,100000,"12-17"]
["Guainíap1Homicidio","Guainía","Homicidio","p1","2000-2005",1,30204,100000,"12-17"]
["Guaviarep1Homicidio","Guaviare","Homicidio","p1","2000-2005",24,77509,100000,"12-17"]
["Vaupésp1Homicidio","Vaupés","Homicidio","p1","2000-2005",1,32049,100000,"12-17"]
["Vichadap1Homicidio","Vichada","Homicidio","p1","2000-2005",17,46026,100000,"12-17"]
["Antioquiap2Homicidio","Antioquia","Homicidio","p2","2010-2015",1187,3961864,100000,"12-17"]
["Atlánticop2Homicidio","Atlántico","Homicidio","p2","2010-2015",136,1563686,100000,"12-17"]
["Bogotáp2Homicidio","Bogotá","Homicidio","p2","2010-2015",585,4574686,100000,"12-17"]
["Bolívarp2Homicidio","Bolívar","Homicidio","p2","2010-2015",113,1482993,100000,"12-17"]
["Boyacáp2Homicidio","Boyacá","Homicidio","p2","2010-2015",23,884002,100000,"12-17"]
["Caldasp2Homicidio","Caldas","Homicidio","p2","2010-2015",126,602555,100000,"12-17"]
["Caquetáp2Homicidio","Caquetá","Homicidio","p2","2010-2015",47,361182,100000,"12-17"]
["Caucap2Homicidio","Cauca","Homicidio","p2","2010-2015",218,993740,100000,"12-17"]
["Cesarp2Homicidio","Cesar","Homicidio","p2","2010-2015",72,776906,100000,"12-17"]
["Córdobap2Homicidio","Córdoba","Homicidio","p2","2010-2015",82,1205931,100000,"12-17"]
["Cundinamarcap2Homicidio","Cundinamarca","Homicidio","p2","2010-2015",171,1735448,100000,"12-17"]
["Chocóp2Homicidio","Chocó","Homicidio","p2","2010-2015",64,415042,100000,"12-17"]
["Huilap2Homicidio","Huila","Homicidio","p2","2010-2015",112,828153,100000,"12-17"]
["La Guajirap2Homicidio","La Guajira","Homicidio","p2","2010-2015",59,657093,100000,"12-17"]
["Magdalenap2Homicidio","Magdalena","Homicidio","p2","2010-2015",60,963897,100000,"12-17"]
["Metap2Homicidio","Meta","Homicidio","p2","2010-2015",101,627203,100000,"12-17"]
["Nariñop2Homicidio","Nariño","Homicidio","p2","2010-2015",189,1194976,100000,"12-17"]
["Norte de Santanderp2Homicidio","Norte de Santander","Homicidio","p2","2010-2015",142,978597,100000,"12-17"]
["Quindíop2Homicidio","Quindío","Homicidio","p2","2010-2015",137,349817,100000,"12-17"]
["Risaraldap2Homicidio","Risaralda","Homicidio","p2","2010-2015",146,590731,100000,"12-17"]
["Santanderp2Homicidio","Santander","Homicidio","p2","2010-2015",166,1331904,100000,"12-17"]
["Sucrep2Homicidio","Sucre","Homicidio","p2","2010-2015",26,620320,100000,"12-17"]
["Tolimap2Homicidio","Tolima","Homicidio","p2","2010-2015",100,968728,100000,"12-17"]
["Valle Del Caucap2Homicidio","Valle Del Cauca","Homicidio","p2","2010-2015",1841,2806178,100000,"12-17"]
[{"$f":"CONCATENATE(B259,D259,C259)","v":"Araucap2Homicidio"},"Arauca","Homicidio","p2","2010-2015",45,205932,100000,"12-17"]
["Casanarep2Homicidio","Casanare","Homicidio","p2","2010-2015",19,259181,100000,"12-17"]
["Putumayop2Homicidio","Putumayo","Homicidio","p2","2010-2015",45,277595,100000,"12-17"]
["San Andrés y Providenciap2Homicidio","San Andrés y Providencia","Homicidio","p2","2010-2015",3,48276,100000,"12-17"]
["Amazonasp2Homicidio","Amazonas","Homicidio","p2","2010-2015",4,64198,100000,"12-17"]
["Guainíap2Homicidio","Guainía","Homicidio","p2","2010-2015",2,36308,100000,"12-17"]
["Guaviarep2Homicidio","Guaviare","Homicidio","p2","2010-2015",9,89347,100000,"12-17"]
["Vaupésp2Homicidio","Vaupés","Homicidio","p2","2010-2015",1,35940,100000,"12-17"]
["Vichadap2Homicidio","Vichada","Homicidio","p2","2010-2015",0,58727,100000,"12-17"]
["Antioquiap1Tasa de Fecundidad","Antioquia","Tasa de Fecundidad","p1","2000-2005",128881,1542628,1000,"15-19"]
["Atlánticop1Tasa de Fecundidad","Atlántico","Tasa de Fecundidad","p1","2000-2005",42940,630689,1000,"15-19"]
["Bogotáp1Tasa de Fecundidad","Bogotá","Tasa de Fecundidad","p1","2000-2005",121119,1889164,1000,"15-19"]
["Bolívarp1Tasa de Fecundidad","Bolívar","Tasa de Fecundidad","p1","2000-2005",39763,545244,1000,"15-19"]
["Boyacáp1Tasa de Fecundidad","Boyacá","Tasa de Fecundidad","p1","2000-2005",25525,346474,1000,"15-19"]
["Caldasp1Tasa de Fecundidad","Caldas","Tasa de Fecundidad","p1","2000-2005",20860,276727,1000,"15-19"]
["Caquetáp1Tasa de Fecundidad","Caquetá","Tasa de Fecundidad","p1","2000-2005",11176,122500,1000,"15-19"]
["Caucap1Tasa de Fecundidad","Cauca","Tasa de Fecundidad","p1","2000-2005",29075,362526,1000,"15-19"]
["Cesarp1Tasa de Fecundidad","Cesar","Tasa de Fecundidad","p1","2000-2005",26229,270692,1000,"15-19"]
["Córdobap1Tasa de Fecundidad","Córdoba","Tasa de Fecundidad","p1","2000-2005",34706,416582,1000,"15-19"]
["Cundinamarcap1Tasa de Fecundidad","Cundinamarca","Tasa de Fecundidad","p1","2000-2005",46030,605748,1000,"15-19"]
["Chocóp1Tasa de Fecundidad","Chocó","Tasa de Fecundidad","p1","2000-2005",7197,152549,1000,"15-19"]
["Huilap1Tasa de Fecundidad","Huila","Tasa de Fecundidad","p1","2000-2005",30206,276769,1000,"15-19"]
["La Guajirap1Tasa de Fecundidad","La Guajira","Tasa de Fecundidad","p1","2000-2005",11593,185382,1000,"15-19"]
["Magdalenap1Tasa de Fecundidad","Magdalena","Tasa de Fecundidad","p1","2000-2005",24825,337000,1000,"15-19"]
["Metap1Tasa de Fecundidad","Meta","Tasa de Fecundidad","p1","2000-2005",21388,221243,1000,"15-19"]
["Nariñop1Tasa de Fecundidad","Nariño","Tasa de Fecundidad","p1","2000-2005",28536,449308,1000,"15-19"]
["Norte de Santanderp1Tasa de Fecundidad","Norte de Santander","Tasa de Fecundidad","p1","2000-2005",27160,360389,1000,"15-19"]
["Quindíop1Tasa de Fecundidad","Quindío","Tasa de Fecundidad","p1","2000-2005",12960,138123,1000,"15-19"]
["Risaraldap1Tasa de Fecundidad","Risaralda","Tasa de Fecundidad","p1","2000-2005",20274,245431,1000,"15-19"]
["Santanderp1Tasa de Fecundidad","Santander","Tasa de Fecundidad","p1","2000-2005",40664,558338,1000,"15-19"]
["Sucrep1Tasa de Fecundidad","Sucre","Tasa de Fecundidad","p1","2000-2005",18367,217602,1000,"15-19"]
["Tolimap1Tasa de Fecundidad","Tolima","Tasa de Fecundidad","p1","2000-2005",32747,361781,1000,"15-19"]
["Valle Del Caucap1Tasa de Fecundidad","Valle Del Cauca","Tasa de Fecundidad","p1","2000-2005",83729,1146505,1000,"15-19"]
["Araucap1Tasa de Fecundidad","Arauca","Tasa de Fecundidad","p1","2000-2005",8392,65843,1000,"15-19"]
["Casanarep1Tasa de Fecundidad","Casanare","Tasa de Fecundidad","p1","2000-2005",8579,80823,1000,"15-19"]
["Putumayop1Tasa de Fecundidad","Putumayo","Tasa de Fecundidad","p1","2000-2005",7828,93589,1000,"15-19"]
["San Andrés y Providenciap1Tasa de Fecundidad","San Andrés y Providencia","Tasa de Fecundidad","p1","2000-2005",987,18900,1000,"15-19"]
["Amazonasp1Tasa de Fecundidad","Amazonas","Tasa de Fecundidad","p1","2000-2005",1754,21427,1000,"15-19"]
["Guainíap1Tasa de Fecundidad","Guainía","Tasa de Fecundidad","p1","2000-2005",845,10156,1000,"15-19"]
["Guaviarep1Tasa de Fecundidad","Guaviare","Tasa de Fecundidad","p1","2000-2005",2682,26726,1000,"15-19"]
["Vaupésp1Tasa de Fecundidad","Vaupés","Tasa de Fecundidad","p1","2000-2005",660,11086,1000,"15-19"]
["Vichadap1Tasa de Fecundidad","Vichada","Tasa de Fecundidad","p1","2000-2005",1251,16028,1000,"15-19"]
["Antioquiap2Tasa de Fecundidad","Antioquia","Tasa de Fecundidad","p2","2010-2015",109462,1658904,1000,"15-19"]
["Atlánticop2Tasa de Fecundidad","Atlántico","Tasa de Fecundidad","p2","2010-2015",45165,630890,1000,"15-19"]
["Bogotáp2Tasa de Fecundidad","Bogotá","Tasa de Fecundidad","p2","2010-2015",107895,1922826,1000,"15-19"]
["Bolívarp2Tasa de Fecundidad","Bolívar","Tasa de Fecundidad","p2","2010-2015",48775,590131,1000,"15-19"]
["Boyacáp2Tasa de Fecundidad","Boyacá","Tasa de Fecundidad","p2","2010-2015",20574,336109,1000,"15-19"]
["Caldasp2Tasa de Fecundidad","Caldas","Tasa de Fecundidad","p2","2010-2015",14884,248811,1000,"15-19"]
["Caquetáp2Tasa de Fecundidad","Caquetá","Tasa de Fecundidad","p2","2010-2015",13137,141601,1000,"15-19"]
["Caucap2Tasa de Fecundidad","Cauca","Tasa de Fecundidad","p2","2010-2015",27946,396287,1000,"15-19"]
["Cesarp2Tasa de Fecundidad","Cesar","Tasa de Fecundidad","p2","2010-2015",29659,306734,1000,"15-19"]
["Córdobap2Tasa de Fecundidad","Córdoba","Tasa de Fecundidad","p2","2010-2015",39607,485465,1000,"15-19"]
["Cundinamarcap2Tasa de Fecundidad","Cundinamarca","Tasa de Fecundidad","p2","2010-2015",48252,710246,1000,"15-19"]
["Chocóp2Tasa de Fecundidad","Chocó","Tasa de Fecundidad","p2","2010-2015",9079,164483,1000,"15-19"]
["Huilap2Tasa de Fecundidad","Huila","Tasa de Fecundidad","p2","2010-2015",29968,334778,1000,"15-19"]
["La Guajirap2Tasa de Fecundidad","La Guajira","Tasa de Fecundidad","p2","2010-2015",17327,257149,1000,"15-19"]
["Magdalenap2Tasa de Fecundidad","Magdalena","Tasa de Fecundidad","p2","2010-2015",33025,366615,1000,"15-19"]
["Metap2Tasa de Fecundidad","Meta","Tasa de Fecundidad","p2","2010-2015",21625,256996,1000,"15-19"]
["Nariñop2Tasa de Fecundidad","Nariño","Tasa de Fecundidad","p2","2010-2015",26291,468395,1000,"15-19"]
["Norte de Santanderp2Tasa de Fecundidad","Norte de Santander","Tasa de Fecundidad","p2","2010-2015",26748,387310,1000,"15-19"]
["Quindíop2Tasa de Fecundidad","Quindío","Tasa de Fecundidad","p2","2010-2015",8650,146510,1000,"15-19"]
["Risaraldap2Tasa de Fecundidad","Risaralda","Tasa de Fecundidad","p2","2010-2015",15905,244099,1000,"15-19"]
["Santanderp2Tasa de Fecundidad","Santander","Tasa de Fecundidad","p2","2010-2015",36913,549034,1000,"15-19"]
["Sucrep2Tasa de Fecundidad","Sucre","Tasa de Fecundidad","p2","2010-2015",20903,249420,1000,"15-19"]
[{"$f":"CONCATENATE(B323,D323,C323)","v":"Tolimap2Tasa de Fecundidad"},"Tolima","Tasa de Fecundidad","p2","2010-2015",28168,383710,1000,"15-19"]
["Valle Del Caucap2Tasa de Fecundidad","Valle Del Cauca","Tasa de Fecundidad","p2","2010-2015",68697,1176166,1000,"15-19"]
["Araucap2Tasa de Fecundidad","Arauca","Tasa de Fecundidad","p2","2010-2015",7160,79158,1000,"15-19"]
["Casanarep2Tasa de Fecundidad","Casanare","Tasa de Fecundidad","p2","2010-2015",9790,104935,1000,"15-19"]
["Putumayop2Tasa de Fecundidad","Putumayo","Tasa de Fecundidad","p2","2010-2015",7035,109909,1000,"15-19"]
["San Andrés y Providenciap2Tasa de Fecundidad","San Andrés y Providencia","Tasa de Fecundidad","p2","2010-2015",880,19903,1000,"15-19"]
["Amazonasp2Tasa de Fecundidad","Amazonas","Tasa de Fecundidad","p2","2010-2015",2052,25752,1000,"15-19"]
["Guainíap2Tasa de Fecundidad","Guainía","Tasa de Fecundidad","p2","2010-2015",975,14312,1000,"15-19"]
["Guaviarep2Tasa de Fecundidad","Guaviare","Tasa de Fecundidad","p2","2010-2015",2180,36044,1000,"15-19"]
["Vaupésp2Tasa de Fecundidad","Vaupés","Tasa de Fecundidad","p2","2010-2015",846,14018,1000,"15-19"]
["Vichadap2Tasa de Fecundidad","Vichada","Tasa de Fecundidad","p2","2010-2015",1440,22572,1000,"15-19"]
["Antioquiap1Tasa de mortalidad <1","Antioquia","Tasa de mortalidad <1","p1","2005-2010",6818,536377,1000]
["Atlánticop1Tasa de mortalidad <1","Atlántico","Tasa de mortalidad <1","p1","2005-2010",3856,238112,1000]
["Bogotáp1Tasa de mortalidad <1","Bogotá","Tasa de mortalidad <1","p1","2005-2010",9130,687959,1000]
["Bolívarp1Tasa de mortalidad <1","Bolívar","Tasa de mortalidad <1","p1","2005-2010",2871,192071,1000]
["Boyacáp1Tasa de mortalidad <1","Boyacá","Tasa de mortalidad <1","p1","2005-2010",1683,115741,1000]
["Caldasp1Tasa de mortalidad <1","Caldas","Tasa de mortalidad <1","p1","2005-2010",1017,75312,1000]
["Caquetáp1Tasa de mortalidad <1","Caquetá","Tasa de mortalidad <1","p1","2005-2010",935,43476,1000]
["Caucap1Tasa de mortalidad <1","Cauca","Tasa de mortalidad <1","p1","2005-2010",1932,105817,1000]
["Cesarp1Tasa de mortalidad <1","Cesar","Tasa de mortalidad <1","p1","2005-2010",2173,122276,1000]
["Córdobap1Tasa de mortalidad <1","Córdoba","Tasa de mortalidad <1","p1","2005-2010",2755,147613,1000]
["Cundinamarcap1Tasa de mortalidad <1","Cundinamarca","Tasa de mortalidad <1","p1","2005-2010",2948,217412,1000]
["Chocóp1Tasa de mortalidad <1","Chocó","Tasa de mortalidad <1","p1","2005-2010",1106,32790,1000]
["Huilap1Tasa de mortalidad <1","Huila","Tasa de mortalidad <1","p1","2005-2010",1637,121890,1000]
["La Guajirap1Tasa de mortalidad <1","La Guajira","Tasa de mortalidad <1","p1","2005-2010",1578,73757,1000]
["Magdalenap1Tasa de mortalidad <1","Magdalena","Tasa de mortalidad <1","p1","2005-2010",2515,131304,1000]
["Metap1Tasa de mortalidad <1","Meta","Tasa de mortalidad <1","p1","2005-2010",1349,92407,1000]
["Nariñop1Tasa de mortalidad <1","Nariño","Tasa de mortalidad <1","p1","2005-2010",1898,128080,1000]
["Norte de Santanderp1Tasa de mortalidad <1","Norte de Santander","Tasa de mortalidad <1","p1","2005-2010",1939,128498,1000]
["Quindíop1Tasa de mortalidad <1","Quindío","Tasa de mortalidad <1","p1","2005-2010",600,41006,1000]
["Risaraldap1Tasa de mortalidad <1","Risaralda","Tasa de mortalidad <1","p1","2005-2010",1066,76496,1000]
["Santanderp1Tasa de mortalidad <1","Santander","Tasa de mortalidad <1","p1","2005-2010",2100,190997,1000]
["Sucrep1Tasa de mortalidad <1","Sucre","Tasa de mortalidad <1","p1","2005-2010",1090,91534,1000]
["Tolimap1Tasa de mortalidad <1","Tolima","Tasa de mortalidad <1","p1","2005-2010",1692,130016,1000]
["Valle del Caucap1Tasa de mortalidad <1","Valle del Cauca","Tasa de mortalidad <1","p1","2005-2010",4447,357521,1000]
["Araucap1Tasa de mortalidad <1","Arauca","Tasa de mortalidad <1","p1","2005-2010",353,29117,1000]
["Casanarep1Tasa de mortalidad <1","Casanare","Tasa de mortalidad <1","p1","2005-2010",467,36577,1000]
["Putumayop1Tasa de mortalidad <1","Putumayo","Tasa de mortalidad <1","p1","2005-2010",496,29031,1000]
["San Andrés y Providenciap1Tasa de mortalidad <1","San Andrés y Providencia","Tasa de mortalidad <1","p1","2005-2010",93,5371,1000]
["Amazonasp1Tasa de mortalidad <1","Amazonas","Tasa de mortalidad <1","p1","2005-2010",226,7445,1000]
["Guainíap1Tasa de mortalidad <1","Guainía","Tasa de mortalidad <1","p1","2005-2010",130,3328,1000]
["Guaviarep1Tasa de mortalidad <1","Guaviare","Tasa de mortalidad <1","p1","2005-2010",171,8946,1000]
["Vaupésp1Tasa de mortalidad <1","Vaupés","Tasa de mortalidad <1","p1","2005-2010",102,3624,1000]
["Vichadap1Tasa de mortalidad <1","Vichada","Tasa de mortalidad <1","p1","2005-2010",170,4745,1000]
["Antioquiap2Tasa de mortalidad <1","Antioquia","Tasa de mortalidad <1","p2","2011-2015",3727,380662,1000]
["Atlánticop2Tasa de mortalidad <1","Atlántico","Tasa de mortalidad <1","p2","2011-2015",2687,195621,1000]
["Bogotáp2Tasa de mortalidad <1","Bogotá","Tasa de mortalidad <1","p2","2011-2015",5551,522365,1000]
["Bolívarp2Tasa de mortalidad <1","Bolívar","Tasa de mortalidad <1","p2","2011-2015",2148,179914,1000]
["Boyacáp2Tasa de mortalidad <1","Boyacá","Tasa de mortalidad <1","p2","2011-2015",784,81923,1000]
["Caldasp2Tasa de mortalidad <1","Caldas","Tasa de mortalidad <1","p2","2011-2015",591,51205,1000]
["Caquetáp2Tasa de mortalidad <1","Caquetá","Tasa de mortalidad <1","p2","2011-2015",455,37904,1000]
["Caucap2Tasa de mortalidad <1","Cauca","Tasa de mortalidad <1","p2","2011-2015",1205,89172,1000]
["Cesarp2Tasa de mortalidad <1","Cesar","Tasa de mortalidad <1","p2","2011-2015",1458,104870,1000]
["Córdobap2Tasa de mortalidad <1","Córdoba","Tasa de mortalidad <1","p2","2011-2015",2119,135964,1000]
["Cundinamarcap2Tasa de mortalidad <1","Cundinamarca","Tasa de mortalidad <1","p2","2011-2015",1844,172988,1000]
["Chocóp2Tasa de mortalidad <1","Chocó","Tasa de mortalidad <1","p2","2011-2015",839,32946,1000]
["Huilap2Tasa de mortalidad <1","Huila","Tasa de mortalidad <1","p2","2011-2015",1021,101404,1000]
["La Guajirap2Tasa de mortalidad <1","La Guajira","Tasa de mortalidad <1","p2","2011-2015",1244,69049,1000]
["Magdalenap2Tasa de mortalidad <1","Magdalena","Tasa de mortalidad <1","p2","2011-2015",1601,114298,1000]
["Metap2Tasa de mortalidad <1","Meta","Tasa de mortalidad <1","p2","2011-2015",911,77773,1000]
["Nariñop2Tasa de mortalidad <1","Nariño","Tasa de mortalidad <1","p2","2011-2015",1163,89995,1000]
["Norte de Santanderp2Tasa de mortalidad <1","Norte de Santander","Tasa de mortalidad <1","p2","2011-2015",1104,103117,1000]
["Quindíop2Tasa de mortalidad <1","Quindío","Tasa de mortalidad <1","p2","2011-2015",334,29783,1000]
["Risaraldap2Tasa de mortalidad <1","Risaralda","Tasa de mortalidad <1","p2","2011-2015",606,57265,1000]
[{"$f":"CONCATENATE(B387,D387,C387)","v":"Santanderp2Tasa de mortalidad <1"},"Santander","Tasa de mortalidad <1","p2","2011-2015",1337,154596,1000]
["Sucrep2Tasa de mortalidad <1","Sucre","Tasa de mortalidad <1","p2","2011-2015",792,75472,1000]
["Tolimap2Tasa de mortalidad <1","Tolima","Tasa de mortalidad <1","p2","2011-2015",981,94565,1000]
["Valle del Caucap2Tasa de mortalidad <1","Valle del Cauca","Tasa de mortalidad <1","p2","2011-2015",2741,269736,1000]
["Araucap2Tasa de mortalidad <1","Arauca","Tasa de mortalidad <1","p2","2011-2015",210,21142,1000]
["Casanarep2Tasa de mortalidad <1","Casanare","Tasa de mortalidad <1","p2","2011-2015",299,34800,1000]
["Putumayop2Tasa de mortalidad <1","Putumayo","Tasa de mortalidad <1","p2","2011-2015",279,21810,1000]
["San Andrés y Providenciap2Tasa de mortalidad <1","San Andrés y Providencia","Tasa de mortalidad <1","p2","2011-2015",75,4270,1000]
["Amazonasp2Tasa de mortalidad <1","Amazonas","Tasa de mortalidad <1","p2","2011-2015",137,7356,1000]
["Guainíap2Tasa de mortalidad <1","Guainía","Tasa de mortalidad <1","p2","2011-2015",79,2930,1000]
["Guaviarep2Tasa de mortalidad <1","Guaviare","Tasa de mortalidad <1","p2","2011-2015",84,5890,1000]
["Vaupésp2Tasa de mortalidad <1","Vaupés","Tasa de mortalidad <1","p2","2011-2015",95,3002,1000]
["Vichadap2Tasa de mortalidad <1","Vichada","Tasa de mortalidad <1","p2","2011-2015",103,5219,1000]
["Antioquiap1Tasa de mortalidad IRA <5","Antioquia","Tasa de mortalidad IRA <5","p1","2005-2010",620,3103060,100000]
["Atlánticop1Tasa de mortalidad IRA <5","Atlántico","Tasa de mortalidad IRA <5","p1","2005-2010",270,1311448,100000]
["Bogotáp1Tasa de mortalidad IRA <5","Bogotá","Tasa de mortalidad IRA <5","p1","2005-2010",883,3552591,100000]
["Bolívarp1Tasa de mortalidad IRA <5","Bolívar","Tasa de mortalidad IRA <5","p1","2005-2010",271,1249555,100000]
["Boyacáp1Tasa de mortalidad IRA <5","Boyacá","Tasa de mortalidad IRA <5","p1","2005-2010",139,739536,100000]
["Caldasp1Tasa de mortalidad IRA <5","Caldas","Tasa de mortalidad IRA <5","p1","2005-2010",78,506374,100000]
["Caquetáp1Tasa de mortalidad IRA <5","Caquetá","Tasa de mortalidad IRA <5","p1","2005-2010",108,326860,100000]
["Caucap1Tasa de mortalidad IRA <5","Cauca","Tasa de mortalidad IRA <5","p1","2005-2010",226,799721,100000]
["Cesarp1Tasa de mortalidad IRA <5","Cesar","Tasa de mortalidad IRA <5","p1","2005-2010",225,671530,100000]
["Córdobap1Tasa de mortalidad IRA <5","Córdoba","Tasa de mortalidad IRA <5","p1","2005-2010",219,1052516,100000]
["Cundinamarcap1Tasa de mortalidad IRA <5","Cundinamarca","Tasa de mortalidad IRA <5","p1","2005-2010",273,1375169,100000]
["Chocóp1Tasa de mortalidad IRA <5","Chocó","Tasa de mortalidad IRA <5","p1","2005-2010",151,398618,100000]
["Huilap1Tasa de mortalidad IRA <5","Huila","Tasa de mortalidad IRA <5","p1","2005-2010",120,679652,100000]
["La Guajirap1Tasa de mortalidad IRA <5","La Guajira","Tasa de mortalidad IRA <5","p1","2005-2010",177,641911,100000]
["Magdalenap1Tasa de mortalidad IRA <5","Magdalena","Tasa de mortalidad IRA <5","p1","2005-2010",192,852763,100000]
["Metap1Tasa de mortalidad IRA <5","Meta","Tasa de mortalidad IRA <5","p1","2005-2010",185,526052,100000]
["Nariñop1Tasa de mortalidad IRA <5","Nariño","Tasa de mortalidad IRA <5","p1","2005-2010",180,998320,100000]
["Norte de Santanderp1Tasa de mortalidad IRA <5","Norte de Santander","Tasa de mortalidad IRA <5","p1","2005-2010",142,781899,100000]
["Quindíop1Tasa de mortalidad IRA <5","Quindío","Tasa de mortalidad IRA <5","p1","2005-2010",35,278181,100000]
["Risaraldap1Tasa de mortalidad IRA <5","Risaralda","Tasa de mortalidad IRA <5","p1","2005-2010",134,465579,100000]
["Santanderp1Tasa de mortalidad IRA <5","Santander","Tasa de mortalidad IRA <5","p1","2005-2010",120,1040855,100000]
["Sucrep1Tasa de mortalidad IRA <5","Sucre","Tasa de mortalidad IRA <5","p1","2005-2010",69,509032,100000]
["Tolimap1Tasa de mortalidad IRA <5","Tolima","Tasa de mortalidad IRA <5","p1","2005-2010",191,806988,100000]
["Valle del Caucap1Tasa de mortalidad IRA <5","Valle del Cauca","Tasa de mortalidad IRA <5","p1","2005-2010",351,2175971,100000]
["Araucap1Tasa de mortalidad IRA <5","Arauca","Tasa de mortalidad IRA <5","p1","2005-2010",38,204110,100000]
["Casanarep1Tasa de mortalidad IRA <5","Casanare","Tasa de mortalidad IRA <5","p1","2005-2010",44,211557,100000]
["Putumayop1Tasa de mortalidad IRA <5","Putumayo","Tasa de mortalidad IRA <5","p1","2005-2010",55,241391,100000]
["San Andrés y Providenciap1Tasa de mortalidad IRA <5","San Andrés y Providencia","Tasa de mortalidad IRA <5","p1","2005-2010",7,38798,100000]
["Amazonasp1Tasa de mortalidad IRA <5","Amazonas","Tasa de mortalidad IRA <5","p1","2005-2010",33,60511,100000]
["Guainíap1Tasa de mortalidad IRA <5","Guainía","Tasa de mortalidad IRA <5","p1","2005-2010",23,29056,100000]
["Guaviarep1Tasa de mortalidad IRA <5","Guaviare","Tasa de mortalidad IRA <5","p1","2005-2010",18,82444,100000]
["Vaupésp1Tasa de mortalidad IRA <5","Vaupés","Tasa de mortalidad IRA <5","p1","2005-2010",27,36600,100000]
["Vichadap1Tasa de mortalidad IRA <5","Vichada","Tasa de mortalidad IRA <5","p1","2005-2010",28,52930,100000]
["Antioquiap2Tasa de mortalidad IRA <5","Antioquia","Tasa de mortalidad IRA <5","p2","2011-2015",264,2624198,100000]
["Atlánticop2Tasa de mortalidad IRA <5","Atlántico","Tasa de mortalidad IRA <5","p2","2011-2015",154,1073041,100000]
["Bogotáp2Tasa de mortalidad IRA <5","Bogotá","Tasa de mortalidad IRA <5","p2","2011-2015",422,3000510,100000]
["Bolívarp2Tasa de mortalidad IRA <5","Bolívar","Tasa de mortalidad IRA <5","p2","2011-2015",206,1031898,100000]
["Boyacáp2Tasa de mortalidad IRA <5","Boyacá","Tasa de mortalidad IRA <5","p2","2011-2015",61,559587,100000]
["Caldasp2Tasa de mortalidad IRA <5","Caldas","Tasa de mortalidad IRA <5","p2","2011-2015",45,404140,100000]
["Caquetáp2Tasa de mortalidad IRA <5","Caquetá","Tasa de mortalidad IRA <5","p2","2011-2015",37,269056,100000]
["Caucap2Tasa de mortalidad IRA <5","Cauca","Tasa de mortalidad IRA <5","p2","2011-2015",122,657150,100000]
["Cesarp2Tasa de mortalidad IRA <5","Cesar","Tasa de mortalidad IRA <5","p2","2011-2015",134,552076,100000]
["Córdobap2Tasa de mortalidad IRA <5","Córdoba","Tasa de mortalidad IRA <5","p2","2011-2015",149,899142,100000]
["Cundinamarcap2Tasa de mortalidad IRA <5","Cundinamarca","Tasa de mortalidad IRA <5","p2","2011-2015",138,1190430,100000]
["Chocóp2Tasa de mortalidad IRA <5","Chocó","Tasa de mortalidad IRA <5","p2","2011-2015",131,330222,100000]
["Huilap2Tasa de mortalidad IRA <5","Huila","Tasa de mortalidad IRA <5","p2","2011-2015",52,567193,100000]
["La Guajirap2Tasa de mortalidad IRA <5","La Guajira","Tasa de mortalidad IRA <5","p2","2011-2015",131,613448,100000]
["Magdalenap2Tasa de mortalidad IRA <5","Magdalena","Tasa de mortalidad IRA <5","p2","2011-2015",144,693756,100000]
["Metap2Tasa de mortalidad IRA <5","Meta","Tasa de mortalidad IRA <5","p2","2011-2015",69,460819,100000]
["Nariñop2Tasa de mortalidad IRA <5","Nariño","Tasa de mortalidad IRA <5","p2","2011-2015",94,819181,100000]
["Norte de Santanderp2Tasa de mortalidad IRA <5","Norte de Santander","Tasa de mortalidad IRA <5","p2","2011-2015",67,634205,100000]
[{"$f":"CONCATENATE(B451,D451,C451)","v":"Quindíop2Tasa de mortalidad IRA <5"},"Quindío","Tasa de mortalidad IRA <5","p2","2011-2015",19,229910,100000]
["Risaraldap2Tasa de mortalidad IRA <5","Risaralda","Tasa de mortalidad IRA <5","p2","2011-2015",50,381666,100000]
["Santanderp2Tasa de mortalidad IRA <5","Santander","Tasa de mortalidad IRA <5","p2","2011-2015",80,838670,100000]
["Sucrep2Tasa de mortalidad IRA <5","Sucre","Tasa de mortalidad IRA <5","p2","2011-2015",51,420805,100000]
["Tolimap2Tasa de mortalidad IRA <5","Tolima","Tasa de mortalidad IRA <5","p2","2011-2015",100,641030,100000]
["Valle del Caucap2Tasa de mortalidad IRA <5","Valle del Cauca","Tasa de mortalidad IRA <5","p2","2011-2015",209,1813613,100000]
["Araucap2Tasa de mortalidad IRA <5","Arauca","Tasa de mortalidad IRA <5","p2","2011-2015",21,165672,100000]
["Casanarep2Tasa de mortalidad IRA <5","Casanare","Tasa de mortalidad IRA <5","p2","2011-2015",23,179557,100000]
["Putumayop2Tasa de mortalidad IRA <5","Putumayo","Tasa de mortalidad IRA <5","p2","2011-2015",24,197045,100000]
["San Andrés y Providenciap2Tasa de mortalidad IRA <5","San Andrés y Providencia","Tasa de mortalidad IRA <5","p2","2011-2015",5,31853,100000]
["Amazonasp2Tasa de mortalidad IRA <5","Amazonas","Tasa de mortalidad IRA <5","p2","2011-2015",24,51705,100000]
["Guainíap2Tasa de mortalidad IRA <5","Guainía","Tasa de mortalidad IRA <5","p2","2011-2015",11,25681,100000]
["Guaviarep2Tasa de mortalidad IRA <5","Guaviare","Tasa de mortalidad IRA <5","p2","2011-2015",11,71036,100000]
["Vaupésp2Tasa de mortalidad IRA <5","Vaupés","Tasa de mortalidad IRA <5","p2","2011-2015",26,29894,100000]
["Vichadap2Tasa de mortalidad IRA <5","Vichada","Tasa de mortalidad IRA <5","p2","2011-2015",10,48682,100000]
["Antioquiap1Tasa de mortalidad DNT <5","Antioquia","Tasa de mortalidad DNT <5","p1","2005-2010",202,3103060,100000]
["Atlánticop1Tasa de mortalidad DNT <5","Atlántico","Tasa de mortalidad DNT <5","p1","2005-2010",269,1311448,100000]
["Bogotáp1Tasa de mortalidad DNT <5","Bogotá","Tasa de mortalidad DNT <5","p1","2005-2010",122,3552591,100000]
["Bolívarp1Tasa de mortalidad DNT <5","Bolívar","Tasa de mortalidad DNT <5","p1","2005-2010",206,1249555,100000]
["Boyacáp1Tasa de mortalidad DNT <5","Boyacá","Tasa de mortalidad DNT <5","p1","2005-2010",50,739536,100000]
["Caldasp1Tasa de mortalidad DNT <5","Caldas","Tasa de mortalidad DNT <5","p1","2005-2010",21,506374,100000]
["Caquetáp1Tasa de mortalidad DNT <5","Caquetá","Tasa de mortalidad DNT <5","p1","2005-2010",76,326860,100000]
["Caucap1Tasa de mortalidad DNT <5","Cauca","Tasa de mortalidad DNT <5","p1","2005-2010",66,799721,100000]
["Cesarp1Tasa de mortalidad DNT <5","Cesar","Tasa de mortalidad DNT <5","p1","2005-2010",183,671530,100000]
["Córdobap1Tasa de mortalidad DNT <5","Córdoba","Tasa de mortalidad DNT <5","p1","2005-2010",184,1052516,100000]
["Cundinamarcap1Tasa de mortalidad DNT <5","Cundinamarca","Tasa de mortalidad DNT <5","p1","2005-2010",38,1375169,100000]
["Chocóp1Tasa de mortalidad DNT <5","Chocó","Tasa de mortalidad DNT <5","p1","2005-2010",102,398618,100000]
["Huilap1Tasa de mortalidad DNT <5","Huila","Tasa de mortalidad DNT <5","p1","2005-2010",54,679652,100000]
["La Guajirap1Tasa de mortalidad DNT <5","La Guajira","Tasa de mortalidad DNT <5","p1","2005-2010",275,641911,100000]
["Magdalenap1Tasa de mortalidad DNT <5","Magdalena","Tasa de mortalidad DNT <5","p1","2005-2010",237,852763,100000]
["Metap1Tasa de mortalidad DNT <5","Meta","Tasa de mortalidad DNT <5","p1","2005-2010",81,526052,100000]
["Nariñop1Tasa de mortalidad DNT <5","Nariño","Tasa de mortalidad DNT <5","p1","2005-2010",73,998320,100000]
["Norte de Santanderp1Tasa de mortalidad DNT <5","Norte de Santander","Tasa de mortalidad DNT <5","p1","2005-2010",70,781899,100000]
["Quindíop1Tasa de mortalidad DNT <5","Quindío","Tasa de mortalidad DNT <5","p1","2005-2010",8,278181,100000]
["Risaraldap1Tasa de mortalidad DNT <5","Risaralda","Tasa de mortalidad DNT <5","p1","2005-2010",32,465579,100000]
["Santanderp1Tasa de mortalidad DNT <5","Santander","Tasa de mortalidad DNT <5","p1","2005-2010",56,1040855,100000]
["Sucrep1Tasa de mortalidad DNT <5","Sucre","Tasa de mortalidad DNT <5","p1","2005-2010",51,509032,100000]
["Tolimap1Tasa de mortalidad DNT <5","Tolima","Tasa de mortalidad DNT <5","p1","2005-2010",66,806988,100000]
["Valle del Caucap1Tasa de mortalidad DNT <5","Valle del Cauca","Tasa de mortalidad DNT <5","p1","2005-2010",116,2175971,100000]
["Araucap1Tasa de mortalidad DNT <5","Arauca","Tasa de mortalidad DNT <5","p1","2005-2010",11,204110,100000]
["Casanarep1Tasa de mortalidad DNT <5","Casanare","Tasa de mortalidad DNT <5","p1","2005-2010",13,211557,100000]
["Putumayop1Tasa de mortalidad DNT <5","Putumayo","Tasa de mortalidad DNT <5","p1","2005-2010",20,241391,100000]
["San Andrés y Providenciap1Tasa de mortalidad DNT <5","San Andrés y Providencia","Tasa de mortalidad DNT <5","p1","2005-2010",2,38798,100000]
["Amazonasp1Tasa de mortalidad DNT <5","Amazonas","Tasa de mortalidad DNT <5","p1","2005-2010",32,60511,100000]
["Guainíap1Tasa de mortalidad DNT <5","Guainía","Tasa de mortalidad DNT <5","p1","2005-2010",20,29056,100000]
["Guaviarep1Tasa de mortalidad DNT <5","Guaviare","Tasa de mortalidad DNT <5","p1","2005-2010",15,82444,100000]
["Vaupésp1Tasa de mortalidad DNT <5","Vaupés","Tasa de mortalidad DNT <5","p1","2005-2010",23,36600,100000]
["Vichadap1Tasa de mortalidad DNT <5","Vichada","Tasa de mortalidad DNT <5","p1","2005-2010",57,52930,100000]
["Antioquiap2Tasa de mortalidad DNT <5","Antioquia","Tasa de mortalidad DNT <5","p2","2011-2015",65,2624198,100000]
["Atlánticop2Tasa de mortalidad DNT <5","Atlántico","Tasa de mortalidad DNT <5","p2","2011-2015",45,1073041,100000]
["Bogotáp2Tasa de mortalidad DNT <5","Bogotá","Tasa de mortalidad DNT <5","p2","2011-2015",16,3000510,100000]
["Bolívarp2Tasa de mortalidad DNT <5","Bolívar","Tasa de mortalidad DNT <5","p2","2011-2015",88,1031898,100000]
["Boyacáp2Tasa de mortalidad DNT <5","Boyacá","Tasa de mortalidad DNT <5","p2","2011-2015",15,559587,100000]
["Caldasp2Tasa de mortalidad DNT <5","Caldas","Tasa de mortalidad DNT <5","p2","2011-2015",7,404140,100000]
["Caquetáp2Tasa de mortalidad DNT <5","Caquetá","Tasa de mortalidad DNT <5","p2","2011-2015",25,269056,100000]
["Caucap2Tasa de mortalidad DNT <5","Cauca","Tasa de mortalidad DNT <5","p2","2011-2015",35,657150,100000]
["Cesarp2Tasa de mortalidad DNT <5","Cesar","Tasa de mortalidad DNT <5","p2","2011-2015",98,552076,100000]
["Córdobap2Tasa de mortalidad DNT <5","Córdoba","Tasa de mortalidad DNT <5","p2","2011-2015",77,899142,100000]
["Cundinamarcap2Tasa de mortalidad DNT <5","Cundinamarca","Tasa de mortalidad DNT <5","p2","2011-2015",19,1190430,100000]
["Chocóp2Tasa de mortalidad DNT <5","Chocó","Tasa de mortalidad DNT <5","p2","2011-2015",62,330222,100000]
["Huilap2Tasa de mortalidad DNT <5","Huila","Tasa de mortalidad DNT <5","p2","2011-2015",11,567193,100000]
["La Guajirap2Tasa de mortalidad DNT <5","La Guajira","Tasa de mortalidad DNT <5","p2","2011-2015",145,613448,100000]
["Magdalenap2Tasa de mortalidad DNT <5","Magdalena","Tasa de mortalidad DNT <5","p2","2011-2015",96,693756,100000]
["Metap2Tasa de mortalidad DNT <5","Meta","Tasa de mortalidad DNT <5","p2","2011-2015",42,460819,100000]
[{"$f":"CONCATENATE(B515,D515,C515)","v":"Nariñop2Tasa de mortalidad DNT <5"},"Nariño","Tasa de mortalidad DNT <5","p2","2011-2015",40,819181,100000]
["Norte de Santanderp2Tasa de mortalidad DNT <5","Norte de Santander","Tasa de mortalidad DNT <5","p2","2011-2015",23,634205,100000]
["Quindíop2Tasa de mortalidad DNT <5","Quindío","Tasa de mortalidad DNT <5","p2","2011-2015",3,229910,100000]
["Risaraldap2Tasa de mortalidad DNT <5","Risaralda","Tasa de mortalidad DNT <5","p2","2011-2015",33,381666,100000]
["Santanderp2Tasa de mortalidad DNT <5","Santander","Tasa de mortalidad DNT <5","p2","2011-2015",17,838670,100000]
["Sucrep2Tasa de mortalidad DNT <5","Sucre","Tasa de mortalidad DNT <5","p2","2011-2015",33,420805,100000]
["Tolimap2Tasa de mortalidad DNT <5","Tolima","Tasa de mortalidad DNT <5","p2","2011-2015",23,641030,100000]
["Valle del Caucap2Tasa de mortalidad DNT <5","Valle del Cauca","Tasa de mortalidad DNT <5","p2","2011-2015",60,1813613,100000]
["Araucap2Tasa de mortalidad DNT <5","Arauca","Tasa de mortalidad DNT <5","p2","2011-2015",8,165672,100000]
["Casanarep2Tasa de mortalidad DNT <5","Casanare","Tasa de mortalidad DNT <5","p2","2011-2015",4,179557,100000]
["Putumayop2Tasa de mortalidad DNT <5","Putumayo","Tasa de mortalidad DNT <5","p2","2011-2015",20,197045,100000]
["San Andrés y Providenciap2Tasa de mortalidad DNT <5","San Andrés y Providencia","Tasa de mortalidad DNT <5","p2","2011-2015",0,31853,100000]
["Amazonasp2Tasa de mortalidad DNT <5","Amazonas","Tasa de mortalidad DNT <5","p2","2011-2015",15,51705,100000]
["Guainíap2Tasa de mortalidad DNT <5","Guainía","Tasa de mortalidad DNT <5","p2","2011-2015",21,25681,100000]
["Guaviarep2Tasa de mortalidad DNT <5","Guaviare","Tasa de mortalidad DNT <5","p2","2011-2015",4,71036,100000]
["Vaupésp2Tasa de mortalidad DNT <5","Vaupés","Tasa de mortalidad DNT <5","p2","2011-2015",4,29894,100000]
["Vichadap2Tasa de mortalidad DNT <5","Vichada","Tasa de mortalidad DNT <5","p2","2011-2015",42,48682,100000]
["Antioquiap1BPN","Antioquia","BPN","p1","2005-2010",49763,531929,100]
["Atlánticop1BPN","Atlántico","BPN","p1","2005-2010",19531,236736,100]
["Bogotáp1BPN","Bogotá","BPN","p1","2005-2010",629,6512,100]
["Bolívarp1BPN","Bolívar","BPN","p1","2005-2010",85800,687479,100]
["Boyacáp1BPN","Boyacá","BPN","p1","2005-2010",14418,191066,100]
["Caldasp1BPN","Caldas","BPN","p1","2005-2010",10353,114815,100]
["Caquetáp1BPN","Caquetá","BPN","p1","2005-2010",5001,74569,100]
["Caucap1BPN","Cauca","BPN","p1","2005-2010",2462,43347,100]
["Cesarp1BPN","Cesar","BPN","p1","2005-2010",8564,103961,100]
["Córdobap1BPN","Córdoba","BPN","p1","2005-2010",9199,118658,100]
["Cundinamarcap1BPN","Cundinamarca","BPN","p1","2005-2010",11750,146833,100]
["Chocóp1BPN","Chocó","BPN","p1","2005-2010",22224,217011,100]
["Huilap1BPN","Huila","BPN","p1","2005-2010",3028,31958,100]
["La Guajirap1BPN","La Guajira","BPN","p1","2005-2010",7138,116367,100]
["Magdalenap1BPN","Magdalena","BPN","p1","2005-2010",5957,71251,100]
["Metap1BPN","Meta","BPN","p1","2005-2010",9098,131006,100]
["Nariñop1BPN","Nariño","BPN","p1","2005-2010",5253,89634,100]
["Norte de Santanderp1BPN","Norte de Santander","BPN","p1","2005-2010",10754,124068,100]
["Quindíop1BPN","Quindío","BPN","p1","2005-2010",7530,126553,100]
["Risaraldap1BPN","Risaralda","BPN","p1","2005-2010",3041,40792,100]
["Santanderp1BPN","Santander","BPN","p1","2005-2010",5771,76240,100]
["Sucrep1BPN","Sucre","BPN","p1","2005-2010",13775,187322,100]
["Tolimap1BPN","Tolima","BPN","p1","2005-2010",6860,90985,100]
["Valle del Caucap1BPN","Valle del Cauca","BPN","p1","2005-2010",7938,125717,100]
["Araucap1BPN","Arauca","BPN","p1","2005-2010",31349,356178,100]
["Casanarep1BPN","Casanare","BPN","p1","2005-2010",1551,25293,100]
["Putumayop1BPN","Putumayo","BPN","p1","2005-2010",1971,36155,100]
["San Andrés y Providenciap1BPN","San Andrés y Providencia","BPN","p1","2005-2010",1553,28463,100]
["Amazonasp1BPN","Amazonas","BPN","p1","2005-2010",435,5364,100]
["Guainíap1BPN","Guainía","BPN","p1","2005-2010",512,7075,100]
["Guaviarep1BPN","Guaviare","BPN","p1","2005-2010",203,3312,100]
["Vaupésp1BPN","Vaupés","BPN","p1","2005-2010",744,8919,100]
["Vichadap1BPN","Vichada","BPN","p1","2005-2010",158,3194,100]
["Antioquiap2BPN","Antioquia","BPN","p2","2011-2015",28238,456175,100]
["Atlánticop2BPN","Atlántico","BPN","p2","2011-2015",13952,236594,100]
["Bogotáp2BPN","Bogotá","BPN","p2","2011-2015",249,2222,100]
["Bolívarp2BPN","Bolívar","BPN","p2","2011-2015",53056,626102,100]
["Boyacáp2BPN","Boyacá","BPN","p2","2011-2015",11340,216470,100]
["Caldasp2BPN","Caldas","BPN","p2","2011-2015",6059,97707,100]
["Caquetáp2BPN","Caquetá","BPN","p2","2011-2015",3020,61099,100]
["Caucap2BPN","Cauca","BPN","p2","2011-2015",1780,42844,100]
["Cesarp2BPN","Cesar","BPN","p2","2011-2015",5770,107280,100]
["Córdobap2BPN","Córdoba","BPN","p2","2011-2015",6818,126187,100]
["Cundinamarcap2BPN","Cundinamarca","BPN","p2","2011-2015",9054,163138,100]
["Chocóp2BPN","Chocó","BPN","p2","2011-2015",14894,207893,100]
["Huilap2BPN","Huila","BPN","p2","2011-2015",2306,38529,100]
["La Guajirap2BPN","La Guajira","BPN","p2","2011-2015",5184,120773,100]
[{"$f":"CONCATENATE(B579,D579,C579)","v":"Magdalenap2BPN"},"Magdalena","BPN","p2","2011-2015",4831,83631,100]
["Metap2BPN","Meta","BPN","p2","2011-2015",7109,137075,100]
["Nariñop2BPN","Nariño","BPN","p2","2011-2015",3737,93337,100]
["Norte de Santanderp2BPN","Norte de Santander","BPN","p2","2011-2015",6440,108262,100]
["Quindíop2BPN","Quindío","BPN","p2","2011-2015",5077,121732,100]
["Risaraldap2BPN","Risaralda","BPN","p2","2011-2015",1695,35605,100]
["Santanderp2BPN","Santander","BPN","p2","2011-2015",3607,66205,100]
["Sucrep2BPN","Sucre","BPN","p2","2011-2015",9012,185251,100]
["Tolimap2BPN","Tolima","BPN","p2","2011-2015",5098,90490,100]
["Valle del Caucap2BPN","Valle del Cauca","BPN","p2","2011-2015",4886,111039,100]
["Araucap2BPN","Arauca","BPN","p2","2011-2015",18642,323029,100]
["Casanarep2BPN","Casanare","BPN","p2","2011-2015",1025,23599,100]
["Putumayop2BPN","Putumayo","BPN","p2","2011-2015",1581,41543,100]
["San Andrés y Providenciap2BPN","San Andrés y Providencia","BPN","p2","2011-2015",1068,25696,100]
["Amazonasp2BPN","Amazonas","BPN","p2","2011-2015",294,5138,100]
["Guainíap2BPN","Guainía","BPN","p2","2011-2015",364,8463,100]
["Guaviarep2BPN","Guaviare","BPN","p2","2011-2015",135,3527,100]
["Vaupésp2BPN","Vaupés","BPN","p2","2011-2015",314,6968,100]
["Vichadap2BPN","Vichada","BPN","p2","2011-2015",139,2804,100]
["Amazonasp1Mortalidad EDA<5 años","Amazonas","Mortalidad EDA<5 años","p1","2005-2010",24,60511,100000]
["Amazonasp2Mortalidad EDA<5 años","Amazonas","Mortalidad EDA<5 años","p2","2011-2015",10,51705,100000]
["Antioquiap1Mortalidad EDA<5 años","Antioquia","Mortalidad EDA<5 años","p1","2005-2010",262,3103060,100000]
["Antioquiap2Mortalidad EDA<5 años","Antioquia","Mortalidad EDA<5 años","p2","2011-2015",64,2624198,100000]
["Araucap1Mortalidad EDA<5 años","Arauca","Mortalidad EDA<5 años","p1","2005-2010",22,204110,100000]
["Araucap2Mortalidad EDA<5 años","Arauca","Mortalidad EDA<5 años","p2","2011-2015",8,165672,100000]
["San Andrés y Providenciap1Mortalidad EDA<5 años","San Andrés y Providencia","Mortalidad EDA<5 años","p1","2005-2010",1,38798,100000]
["San Andrés y Providenciap2Mortalidad EDA<5 años","San Andrés y Providencia","Mortalidad EDA<5 años","p2","2011-2015",2,31853,100000]
["Atlánticop1Mortalidad EDA<5 años","Atlántico","Mortalidad EDA<5 años","p1","2005-2010",134,1311448,100000]
["Atlánticop2Mortalidad EDA<5 años","Atlántico","Mortalidad EDA<5 años","p2","2011-2015",24,1073041,100000]
["Bogotáp1Mortalidad EDA<5 años","Bogotá","Mortalidad EDA<5 años","p1","2005-2010",87,3552591,100000]
["Bogotáp2Mortalidad EDA<5 años","Bogotá","Mortalidad EDA<5 años","p2","2011-2015",42,3000510,100000]
["Bolívarp1Mortalidad EDA<5 años","Bolívar","Mortalidad EDA<5 años","p1","2005-2010",155,1249555,100000]
["Bolívarp2Mortalidad EDA<5 años","Bolívar","Mortalidad EDA<5 años","p2","2011-2015",47,1031898,100000]
["Boyacáp1Mortalidad EDA<5 años","Boyacá","Mortalidad EDA<5 años","p1","2005-2010",29,739536,100000]
["Boyacáp2Mortalidad EDA<5 años","Boyacá","Mortalidad EDA<5 años","p2","2011-2015",10,559587,100000]
["Caldasp1Mortalidad EDA<5 años","Caldas","Mortalidad EDA<5 años","p1","2005-2010",37,506374,100000]
["Caldasp2Mortalidad EDA<5 años","Caldas","Mortalidad EDA<5 años","p2","2011-2015",5,404140,100000]
["Caquetáp1Mortalidad EDA<5 años","Caquetá","Mortalidad EDA<5 años","p1","2005-2010",46,326860,100000]
["Caquetáp2Mortalidad EDA<5 años","Caquetá","Mortalidad EDA<5 años","p2","2011-2015",16,269056,100000]
["Casanarep1Mortalidad EDA<5 años","Casanare","Mortalidad EDA<5 años","p1","2005-2010",18,211557,100000]
["Casanarep2Mortalidad EDA<5 años","Casanare","Mortalidad EDA<5 años","p2","2011-2015",8,179557,100000]
["Caucap1Mortalidad EDA<5 años","Cauca","Mortalidad EDA<5 años","p1","2005-2010",184,799721,100000]
["Caucap2Mortalidad EDA<5 años","Cauca","Mortalidad EDA<5 años","p2","2011-2015",42,657150,100000]
["Cesarp1Mortalidad EDA<5 años","Cesar","Mortalidad EDA<5 años","p1","2005-2010",149,671530,100000]
["Cesarp2Mortalidad EDA<5 años","Cesar","Mortalidad EDA<5 años","p2","2011-2015",37,552076,100000]
["Chocóp1Mortalidad EDA<5 años","Chocó","Mortalidad EDA<5 años","p1","2005-2010",99,398618,100000]
["Chocóp2Mortalidad EDA<5 años","Chocó","Mortalidad EDA<5 años","p2","2011-2015",53,330222,100000]
["Córdobap1Mortalidad EDA<5 años","Córdoba","Mortalidad EDA<5 años","p1","2005-2010",94,1052516,100000]
["Córdobap2Mortalidad EDA<5 años","Córdoba","Mortalidad EDA<5 años","p2","2011-2015",33,899142,100000]
["Cundinamarcap1Mortalidad EDA<5 años","Cundinamarca","Mortalidad EDA<5 años","p1","2005-2010",29,1375169,100000]
["Cundinamarcap2Mortalidad EDA<5 años","Cundinamarca","Mortalidad EDA<5 años","p2","2011-2015",11,1190430,100000]
["Guainíap1Mortalidad EDA<5 años","Guainía","Mortalidad EDA<5 años","p1","2005-2010",9,29056,100000]
["Guainíap2Mortalidad EDA<5 años","Guainía","Mortalidad EDA<5 años","p2","2011-2015",3,25681,100000]
["Guaviarep1Mortalidad EDA<5 años","Guaviare","Mortalidad EDA<5 años","p1","2005-2010",7,82444,100000]
["Guaviarep2Mortalidad EDA<5 años","Guaviare","Mortalidad EDA<5 años","p2","2011-2015",2,71036,100000]
["Huilap1Mortalidad EDA<5 años","Huila","Mortalidad EDA<5 años","p1","2005-2010",53,679652,100000]
["Huilap2Mortalidad EDA<5 años","Huila","Mortalidad EDA<5 años","p2","2011-2015",25,567193,100000]
["La Guajirap1Mortalidad EDA<5 años","La Guajira","Mortalidad EDA<5 años","p1","2005-2010",183,641911,100000]
["La Guajirap2Mortalidad EDA<5 años","La Guajira","Mortalidad EDA<5 años","p2","2011-2015",39,613448,100000]
["Magdalenap1Mortalidad EDA<5 años","Magdalena","Mortalidad EDA<5 años","p1","2005-2010",148,852763,100000]
["Magdalenap2Mortalidad EDA<5 años","Magdalena","Mortalidad EDA<5 años","p2","2011-2015",40,693756,100000]
["Metap1Mortalidad EDA<5 años","Meta","Mortalidad EDA<5 años","p1","2005-2010",35,526052,100000]
["Metap2Mortalidad EDA<5 años","Meta","Mortalidad EDA<5 años","p2","2011-2015",21,460819,100000]
["Nariñop1Mortalidad EDA<5 años","Nariño","Mortalidad EDA<5 años","p1","2005-2010",92,998320,100000]
[{"$f":"CONCATENATE(B643,D643,C643)","v":"Nariñop2Mortalidad EDA<5 años"},"Nariño","Mortalidad EDA<5 años","p2","2011-2015",21,819181,100000]
["Norte de Santanderp1Mortalidad EDA<5 años","Norte de Santander","Mortalidad EDA<5 años","p1","2005-2010",74,781899,100000]
["Norte de Santanderp2Mortalidad EDA<5 años","Norte de Santander","Mortalidad EDA<5 años","p2","2011-2015",16,634205,100000]
["Putumayop1Mortalidad EDA<5 años","Putumayo","Mortalidad EDA<5 años","p1","2005-2010",29,241391,100000]
["Putumayop2Mortalidad EDA<5 años","Putumayo","Mortalidad EDA<5 años","p2","2011-2015",12,197045,100000]
["Quindíop1Mortalidad EDA<5 años","Quindío","Mortalidad EDA<5 años","p1","2005-2010",8,278181,100000]
["Quindíop2Mortalidad EDA<5 años","Quindío","Mortalidad EDA<5 años","p2","2011-2015",2,229910,100000]
["Risaraldap1Mortalidad EDA<5 años","Risaralda","Mortalidad EDA<5 años","p1","2005-2010",74,465579,100000]
["Risaraldap2Mortalidad EDA<5 años","Risaralda","Mortalidad EDA<5 años","p2","2011-2015",28,381666,100000]
["Santanderp1Mortalidad EDA<5 años","Santander","Mortalidad EDA<5 años","p1","2005-2010",61,1040855,100000]
["Santanderp2Mortalidad EDA<5 años","Santander","Mortalidad EDA<5 años","p2","2011-2015",14,838670,100000]
["Sucrep1Mortalidad EDA<5 años","Sucre","Mortalidad EDA<5 años","p1","2005-2010",33,509032,100000]
["Sucrep2Mortalidad EDA<5 años","Sucre","Mortalidad EDA<5 años","p2","2011-2015",17,420805,100000]
["Tolimap1Mortalidad EDA<5 años","Tolima","Mortalidad EDA<5 años","p1","2005-2010",81,806988,100000]
["Tolimap2Mortalidad EDA<5 años","Tolima","Mortalidad EDA<5 años","p2","2011-2015",16,641030,100000]
["Valle del Caucap1Mortalidad EDA<5 años","Valle del Cauca","Mortalidad EDA<5 años","p1","2005-2010",151,2175971,100000]
["Valle del Caucap2Mortalidad EDA<5 años","Valle del Cauca","Mortalidad EDA<5 años","p2","2011-2015",42,1813613,100000]
["Vaupésp1Mortalidad EDA<5 años","Vaupés","Mortalidad EDA<5 años","p1","2005-2010",23,36600,100000]
["Vaupésp2Mortalidad EDA<5 años","Vaupés","Mortalidad EDA<5 años","p2","2011-2015",11,29894,100000]
["Vichadap1Mortalidad EDA<5 años","Vichada","Mortalidad EDA<5 años","p1","2005-2010",22,52930,100000]
["Vichadap2Mortalidad EDA<5 años","Vichada","Mortalidad EDA<5 años","p2","2011-2015",8,48682,100000]
["Amazonasp1Tasa de mortalidad en niñez","Amazonas","Tasa de mortalidad en niñez","p1","2005-2010",283,7445,1000]
["Amazonasp2Tasa de mortalidad en niñez","Amazonas","Tasa de mortalidad en niñez","p2","2011-2015",196,7356,1000]
["Antioquiap1Tasa de mortalidad en niñez","Antioquia","Tasa de mortalidad en niñez","p1","2005-2010",8453,536377,1000]
["Antioquiap2Tasa de mortalidad en niñez","Antioquia","Tasa de mortalidad en niñez","p2","2011-2015",4595,380662,1000]
["Araucap1Tasa de mortalidad en niñez","Arauca","Tasa de mortalidad en niñez","p1","2005-2010",470,29117,1000]
["Araucap2Tasa de mortalidad en niñez","Arauca","Tasa de mortalidad en niñez","p2","2011-2015",284,21142,1000]
["San Andrés y Providenciap1Tasa de mortalidad en niñez","San Andrés y Providencia","Tasa de mortalidad en niñez","p1","2005-2010",103,5371,1000]
["San Andrés y Providenciap2Tasa de mortalidad en niñez","San Andrés y Providencia","Tasa de mortalidad en niñez","p2","2011-2015",84,4270,1000]
["Atlánticop1Tasa de mortalidad en niñez","Atlántico","Tasa de mortalidad en niñez","p1","2005-2010",4404,238112,1000]
["Atlánticop2Tasa de mortalidad en niñez","Atlántico","Tasa de mortalidad en niñez","p2","2011-2015",3068,195621,1000]
["Bogotáp1Tasa de mortalidad en niñez","Bogotá","Tasa de mortalidad en niñez","p1","2005-2010",10528,687959,1000]
["Bogotáp2Tasa de mortalidad en niñez","Bogotá","Tasa de mortalidad en niñez","p2","2011-2015",6384,522365,1000]
["Bolívarp1Tasa de mortalidad en niñez","Bolívar","Tasa de mortalidad en niñez","p1","2005-2010",3422,192071,1000]
["Bolívarp2Tasa de mortalidad en niñez","Bolívar","Tasa de mortalidad en niñez","p2","2011-2015",2545,179914,1000]
["Boyacáp1Tasa de mortalidad en niñez","Boyacá","Tasa de mortalidad en niñez","p1","2005-2010",2112,115741,1000]
["Boyacáp2Tasa de mortalidad en niñez","Boyacá","Tasa de mortalidad en niñez","p2","2011-2015",1001,81923,1000]
["Caldasp1Tasa de mortalidad en niñez","Caldas","Tasa de mortalidad en niñez","p1","2005-2010",1261,75312,1000]
["Caldasp2Tasa de mortalidad en niñez","Caldas","Tasa de mortalidad en niñez","p2","2011-2015",693,51205,1000]
["Caquetáp1Tasa de mortalidad en niñez","Caquetá","Tasa de mortalidad en niñez","p1","2005-2010",1161,43476,1000]
["Caquetáp2Tasa de mortalidad en niñez","Caquetá","Tasa de mortalidad en niñez","p2","2011-2015",594,37904,1000]
["Casanarep1Tasa de mortalidad en niñez","Casanare","Tasa de mortalidad en niñez","p1","2005-2010",610,36577,1000]
["Casanarep2Tasa de mortalidad en niñez","Casanare","Tasa de mortalidad en niñez","p2","2011-2015",383,34800,1000]
["Caucap1Tasa de mortalidad en niñez","Cauca","Tasa de mortalidad en niñez","p1","2005-2010",2529,105817,1000]
["Caucap2Tasa de mortalidad en niñez","Cauca","Tasa de mortalidad en niñez","p2","2011-2015",1520,89172,1000]
["Cesarp1Tasa de mortalidad en niñez","Cesar","Tasa de mortalidad en niñez","p1","2005-2010",2610,122276,1000]
["Cesarp2Tasa de mortalidad en niñez","Cesar","Tasa de mortalidad en niñez","p2","2011-2015",1742,104870,1000]
["Chocóp1Tasa de mortalidad en niñez","Chocó","Tasa de mortalidad en niñez","p1","2005-2010",1423,32790,1000]
["Chocóp2Tasa de mortalidad en niñez","Chocó","Tasa de mortalidad en niñez","p2","2011-2015",1086,32946,1000]
["Córdobap1Tasa de mortalidad en niñez","Córdoba","Tasa de mortalidad en niñez","p1","2005-2010",3211,147613,1000]
["Córdobap2Tasa de mortalidad en niñez","Córdoba","Tasa de mortalidad en niñez","p2","2011-2015",2453,135964,1000]
["Cundinamarcap1Tasa de mortalidad en niñez","Cundinamarca","Tasa de mortalidad en niñez","p1","2005-2010",3566,217412,1000]
["Cundinamarcap2Tasa de mortalidad en niñez","Cundinamarca","Tasa de mortalidad en niñez","p2","2011-2015",2230,172988,1000]
["Guainíap1Tasa de mortalidad en niñez","Guainía","Tasa de mortalidad en niñez","p1","2005-2010",162,3328,1000]
["Guainíap2Tasa de mortalidad en niñez","Guainía","Tasa de mortalidad en niñez","p2","2011-2015",107,2930,1000]
["Guaviarep1Tasa de mortalidad en niñez","Guaviare","Tasa de mortalidad en niñez","p1","2005-2010",233,8946,1000]
["Guaviarep2Tasa de mortalidad en niñez","Guaviare","Tasa de mortalidad en niñez","p2","2011-2015",107,5890,1000]
["Huilap1Tasa de mortalidad en niñez","Huila","Tasa de mortalidad en niñez","p1","2005-2010",2069,121890,1000]
["Huilap2Tasa de mortalidad en niñez","Huila","Tasa de mortalidad en niñez","p2","2011-2015",1282,101404,1000]
["La Guajirap1Tasa de mortalidad en niñez","La Guajira","Tasa de mortalidad en niñez","p1","2005-2010",2000,73757,1000]
["La Guajirap2Tasa de mortalidad en niñez","La Guajira","Tasa de mortalidad en niñez","p2","2011-2015",1539,69049,1000]
["Magdalenap1Tasa de mortalidad en niñez","Magdalena","Tasa de mortalidad en niñez","p1","2005-2010",2960,131304,1000]
["Magdalenap2Tasa de mortalidad en niñez","Magdalena","Tasa de mortalidad en niñez","p2","2011-2015",1883,114298,1000]
["Metap1Tasa de mortalidad en niñez","Meta","Tasa de mortalidad en niñez","p1","2005-2010",1722,92407,1000]
[{"$f":"CONCATENATE(B707,D707,C707)","v":"Metap2Tasa de mortalidad en niñez"},"Meta","Tasa de mortalidad en niñez","p2","2011-2015",1143,77773,1000]
["Nariñop1Tasa de mortalidad en niñez","Nariño","Tasa de mortalidad en niñez","p1","2005-2010",2393,128080,1000]
["Nariñop2Tasa de mortalidad en niñez","Nariño","Tasa de mortalidad en niñez","p2","2011-2015",1459,89995,1000]
["Norte de Santanderp1Tasa de mortalidad en niñez","Norte de Santander","Tasa de mortalidad en niñez","p1","2005-2010",2370,128498,1000]
["Norte de Santanderp2Tasa de mortalidad en niñez","Norte de Santander","Tasa de mortalidad en niñez","p2","2011-2015",1320,103117,1000]
["Putumayop1Tasa de mortalidad en niñez","Putumayo","Tasa de mortalidad en niñez","p1","2005-2010",619,29031,1000]
["Putumayop2Tasa de mortalidad en niñez","Putumayo","Tasa de mortalidad en niñez","p2","2011-2015",340,21810,1000]
["Quindíop1Tasa de mortalidad en niñez","Quindío","Tasa de mortalidad en niñez","p1","2005-2010",707,41006,1000]
["Quindíop2Tasa de mortalidad en niñez","Quindío","Tasa de mortalidad en niñez","p2","2011-2015",398,29783,1000]
["Risaraldap1Tasa de mortalidad en niñez","Risaralda","Tasa de mortalidad en niñez","p1","2005-2010",1340,76496,1000]
["Risaraldap2Tasa de mortalidad en niñez","Risaralda","Tasa de mortalidad en niñez","p2","2011-2015",772,57265,1000]
["Santanderp1Tasa de mortalidad en niñez","Santander","Tasa de mortalidad en niñez","p1","2005-2010",2539,190997,1000]
["Santanderp2Tasa de mortalidad en niñez","Santander","Tasa de mortalidad en niñez","p2","2011-2015",1598,154596,1000]
["Sucrep1Tasa de mortalidad en niñez","Sucre","Tasa de mortalidad en niñez","p1","2005-2010",1287,91534,1000]
["Sucrep2Tasa de mortalidad en niñez","Sucre","Tasa de mortalidad en niñez","p2","2011-2015",939,75472,1000]
["Tolimap1Tasa de mortalidad en niñez","Tolima","Tasa de mortalidad en niñez","p1","2005-2010",2210,130016,1000]
["Tolimap2Tasa de mortalidad en niñez","Tolima","Tasa de mortalidad en niñez","p2","2011-2015",1264,94565,1000]
["Valle del Caucap1Tasa de mortalidad en niñez","Valle del Cauca","Tasa de mortalidad en niñez","p1","2005-2010",5402,357521,1000]
["Valle del Caucap2Tasa de mortalidad en niñez","Valle del Cauca","Tasa de mortalidad en niñez","p2","2011-2015",3300,269736,1000]
["Vaupésp1Tasa de mortalidad en niñez","Vaupés","Tasa de mortalidad en niñez","p1","2005-2010",166,3624,1000]
["Vaupésp2Tasa de mortalidad en niñez","Vaupés","Tasa de mortalidad en niñez","p2","2011-2015",130,3002,1000]
["Vichadap1Tasa de mortalidad en niñez","Vichada","Tasa de mortalidad en niñez","p1","2005-2010",236,4745,1000]
["Vichadap2Tasa de mortalidad en niñez","Vichada","Tasa de mortalidad en niñez","p2","2011-2015",160,5219,1000]
["Amazonasp1Tasa de Mortalidad Neonatal","Amazonas","Tasa de Mortalidad Neonatal","p1","2005-2010",108,7445,1000]
["Amazonasp2Tasa de Mortalidad Neonatal","Amazonas","Tasa de Mortalidad Neonatal","p2","2011-2015",70,7356,1000]
["Antioquiap2Tasa de Mortalidad Neonatal","Antioquia","Tasa de Mortalidad Neonatal","p2","2011-2015",2419,380662,1000]
["Antioquiap1Tasa de Mortalidad Neonatal","Antioquia","Tasa de Mortalidad Neonatal","p1","2005-2010",4356,536377,1000]
["Araucap1Tasa de Mortalidad Neonatal","Arauca","Tasa de Mortalidad Neonatal","p1","2005-2010",210,29117,1000]
["Araucap2Tasa de Mortalidad Neonatal","Arauca","Tasa de Mortalidad Neonatal","p2","2011-2015",128,21142,1000]
["San Andrés y Providenciap1Tasa de Mortalidad Neonatal","San Andrés y Providencia","Tasa de Mortalidad Neonatal","p1","2005-2010",70,5371,1000]
["San Andrés y Providenciap2Tasa de Mortalidad Neonatal","San Andrés y Providencia","Tasa de Mortalidad Neonatal","p2","2011-2015",59,4270,1000]
["Atlánticop2Tasa de Mortalidad Neonatal","Atlántico","Tasa de Mortalidad Neonatal","p2","2011-2015",1836,195621,1000]
["Atlánticop1Tasa de Mortalidad Neonatal","Atlántico","Tasa de Mortalidad Neonatal","p1","2005-2010",2394,238112,1000]
["Bogotáp2Tasa de Mortalidad Neonatal","Bogotá","Tasa de Mortalidad Neonatal","p2","2011-2015",3585,522365,1000]
["Bogotáp1Tasa de Mortalidad Neonatal","Bogotá","Tasa de Mortalidad Neonatal","p1","2005-2010",5775,687959,1000]
["Bolívarp2Tasa de Mortalidad Neonatal","Bolívar","Tasa de Mortalidad Neonatal","p2","2011-2015",1335,179914,1000]
["Bolívarp1Tasa de Mortalidad Neonatal","Bolívar","Tasa de Mortalidad Neonatal","p1","2005-2010",1634,192071,1000]
["Boyacáp1Tasa de Mortalidad Neonatal","Boyacá","Tasa de Mortalidad Neonatal","p1","2005-2010",1016,115741,1000]
["Boyacáp2Tasa de Mortalidad Neonatal","Boyacá","Tasa de Mortalidad Neonatal","p2","2011-2015",486,81923,1000]
["Caldasp1Tasa de Mortalidad Neonatal","Caldas","Tasa de Mortalidad Neonatal","p1","2005-2010",691,75312,1000]
["Caldasp2Tasa de Mortalidad Neonatal","Caldas","Tasa de Mortalidad Neonatal","p2","2011-2015",401,51205,1000]
["Caquetáp1Tasa de Mortalidad Neonatal","Caquetá","Tasa de Mortalidad Neonatal","p1","2005-2010",510,43476,1000]
["Caquetáp2Tasa de Mortalidad Neonatal","Caquetá","Tasa de Mortalidad Neonatal","p2","2011-2015",252,37904,1000]
["Casanarep1Tasa de Mortalidad Neonatal","Casanare","Tasa de Mortalidad Neonatal","p1","2005-2010",288,36577,1000]
["Casanarep2Tasa de Mortalidad Neonatal","Casanare","Tasa de Mortalidad Neonatal","p2","2011-2015",182,34800,1000]
["Caucap1Tasa de Mortalidad Neonatal","Cauca","Tasa de Mortalidad Neonatal","p1","2005-2010",1093,105817,1000]
["Caucap2Tasa de Mortalidad Neonatal","Cauca","Tasa de Mortalidad Neonatal","p2","2011-2015",737,89172,1000]
["Cesarp1Tasa de Mortalidad Neonatal","Cesar","Tasa de Mortalidad Neonatal","p1","2005-2010",1290,122276,1000]
["Cesarp2Tasa de Mortalidad Neonatal","Cesar","Tasa de Mortalidad Neonatal","p2","2011-2015",905,104870,1000]
["Chocóp1Tasa de Mortalidad Neonatal","Chocó","Tasa de Mortalidad Neonatal","p1","2005-2010",630,32790,1000]
["Chocóp2Tasa de Mortalidad Neonatal","Chocó","Tasa de Mortalidad Neonatal","p2","2011-2015",479,32946,1000]
["Córdobap1Tasa de Mortalidad Neonatal","Córdoba","Tasa de Mortalidad Neonatal","p1","2005-2010",1788,147613,1000]
["Córdobap2Tasa de Mortalidad Neonatal","Córdoba","Tasa de Mortalidad Neonatal","p2","2011-2015",1374,135964,1000]
["Cundinamarcap1Tasa de Mortalidad Neonatal","Cundinamarca","Tasa de Mortalidad Neonatal","p1","2005-2010",1781,217412,1000]
["Cundinamarcap2Tasa de Mortalidad Neonatal","Cundinamarca","Tasa de Mortalidad Neonatal","p2","2011-2015",1174,172988,1000]
["Guainíap1Tasa de Mortalidad Neonatal","Guainía","Tasa de Mortalidad Neonatal","p1","2005-2010",53,3328,1000]
["Guainíap2Tasa de Mortalidad Neonatal","Guainía","Tasa de Mortalidad Neonatal","p2","2011-2015",30,2930,1000]
["Guaviarep1Tasa de Mortalidad Neonatal","Guaviare","Tasa de Mortalidad Neonatal","p1","2005-2010",102,8946,1000]
["Guaviarep2Tasa de Mortalidad Neonatal","Guaviare","Tasa de Mortalidad Neonatal","p2","2011-2015",52,5890,1000]
["Huilap1Tasa de Mortalidad Neonatal","Huila","Tasa de Mortalidad Neonatal","p1","2005-2010",1044,121890,1000]
["Huilap2Tasa de Mortalidad Neonatal","Huila","Tasa de Mortalidad Neonatal","p2","2011-2015",680,101404,1000]
["La Guajirap1Tasa de Mortalidad Neonatal","La Guajira","Tasa de Mortalidad Neonatal","p1","2005-2010",849,73757,1000]
["La Guajirap2Tasa de Mortalidad Neonatal","La Guajira","Tasa de Mortalidad Neonatal","p2","2011-2015",740,69049,1000]
["Magdalenap1Tasa de Mortalidad Neonatal","Magdalena","Tasa de Mortalidad Neonatal","p1","2005-2010",1592,131304,1000]
[{"$f":"CONCATENATE(B771,D771,C771)","v":"Magdalenap2Tasa de Mortalidad Neonatal"},"Magdalena","Tasa de Mortalidad Neonatal","p2","2011-2015",999,114298,1000]
["Metap1Tasa de Mortalidad Neonatal","Meta","Tasa de Mortalidad Neonatal","p1","2005-2010",791,92407,1000]
["Metap2Tasa de Mortalidad Neonatal","Meta","Tasa de Mortalidad Neonatal","p2","2011-2015",559,77773,1000]
["Nariñop1Tasa de Mortalidad Neonatal","Nariño","Tasa de Mortalidad Neonatal","p1","2005-2010",1200,128080,1000]
["Nariñop2Tasa de Mortalidad Neonatal","Nariño","Tasa de Mortalidad Neonatal","p2","2011-2015",728,89995,1000]
["Norte de Santanderp1Tasa de Mortalidad Neonatal","Norte de Santander","Tasa de Mortalidad Neonatal","p1","2005-2010",1179,128498,1000]
["Norte de Santanderp2Tasa de Mortalidad Neonatal","Norte de Santander","Tasa de Mortalidad Neonatal","p2","2011-2015",734,103117,1000]
["Putumayop1Tasa de Mortalidad Neonatal","Putumayo","Tasa de Mortalidad Neonatal","p1","2005-2010",291,29031,1000]
["Putumayop2Tasa de Mortalidad Neonatal","Putumayo","Tasa de Mortalidad Neonatal","p2","2011-2015",152,21810,1000]
["Quindíop1Tasa de Mortalidad Neonatal","Quindío","Tasa de Mortalidad Neonatal","p1","2005-2010",428,41006,1000]
["Quindíop2Tasa de Mortalidad Neonatal","Quindío","Tasa de Mortalidad Neonatal","p2","2011-2015",236,29783,1000]
["Risaraldap1Tasa de Mortalidad Neonatal","Risaralda","Tasa de Mortalidad Neonatal","p1","2005-2010",658,76496,1000]
["Risaraldap2Tasa de Mortalidad Neonatal","Risaralda","Tasa de Mortalidad Neonatal","p2","2011-2015",374,57265,1000]
["Santanderp1Tasa de Mortalidad Neonatal","Santander","Tasa de Mortalidad Neonatal","p1","2005-2010",1353,190997,1000]
["Santanderp2Tasa de Mortalidad Neonatal","Santander","Tasa de Mortalidad Neonatal","p2","2011-2015",897,154596,1000]
["Sucrep1Tasa de Mortalidad Neonatal","Sucre","Tasa de Mortalidad Neonatal","p1","2005-2010",661,91534,1000]
["Sucrep2Tasa de Mortalidad Neonatal","Sucre","Tasa de Mortalidad Neonatal","p2","2011-2015",453,75472,1000]
["Tolimap1Tasa de Mortalidad Neonatal","Tolima","Tasa de Mortalidad Neonatal","p1","2005-2010",1004,130016,1000]
["Tolimap2Tasa de Mortalidad Neonatal","Tolima","Tasa de Mortalidad Neonatal","p2","2011-2015",578,94565,1000]
["Valle del Caucap1Tasa de Mortalidad Neonatal","Valle del Cauca","Tasa de Mortalidad Neonatal","p1","2005-2010",2843,357521,1000]
["Valle del Caucap2Tasa de Mortalidad Neonatal","Valle del Cauca","Tasa de Mortalidad Neonatal","p2","2011-2015",1837,269736,1000]
["Vaupésp1Tasa de Mortalidad Neonatal","Vaupés","Tasa de Mortalidad Neonatal","p1","2005-2010",51,3624,1000]
["Vaupésp2Tasa de Mortalidad Neonatal","Vaupés","Tasa de Mortalidad Neonatal","p2","2011-2015",43,3002,1000]
["Vichadap1Tasa de Mortalidad Neonatal","Vichada","Tasa de Mortalidad Neonatal","p1","2005-2010",70,4745,1000]
["Vichadap2Tasa de Mortalidad Neonatal","Vichada","Tasa de Mortalidad Neonatal","p2","2011-2015",42,5219,1000]
["Antioquiap1Nacimientos por cesarea","Antioquia","Nacimientos por cesarea","p1","2000-2005",137716,560885,100]
["Atlánticop1Nacimientos por cesarea","Atlántico","Nacimientos por cesarea","p1","2000-2005",105924,243546,100]
["Bogotáp1Nacimientos por cesarea","Bogotá","Nacimientos por cesarea","p1","2000-2005",255549,746764,100]
["Bolívarp1Nacimientos por cesarea","Bolívar","Nacimientos por cesarea","p1","2000-2005",66584,176416,100]
["Boyacáp1Nacimientos por cesarea","Boyacá","Nacimientos por cesarea","p1","2000-2005",27738,121392,100]
["Caldasp1Nacimientos por cesarea","Caldas","Nacimientos por cesarea","p1","2000-2005",15765,87042,100]
["Caquetáp1Nacimientos por cesarea","Caquetá","Nacimientos por cesarea","p1","2000-2005",8883,37774,100]
["Caucap1Nacimientos por cesarea","Cauca","Nacimientos por cesarea","p1","2000-2005",18569,79804,100]
["Cesarp1Nacimientos por cesarea","Cesar","Nacimientos por cesarea","p1","2000-2005",32788,106614,100]
["Córdobap1Nacimientos por cesarea","Córdoba","Nacimientos por cesarea","p1","2000-2005",46380,142977,100]
["Cundinamarcap1Nacimientos por cesarea","Cundinamarca","Nacimientos por cesarea","p1","2000-2005",41016,163699,100]
["Chocóp1Nacimientos por cesarea","Chocó","Nacimientos por cesarea","p1","2000-2005",3699,22621,100]
["Huilap1Nacimientos por cesarea","Huila","Nacimientos por cesarea","p1","2000-2005",27950,113472,100]
["La Guajirap1Nacimientos por cesarea","La Guajira","Nacimientos por cesarea","p1","2000-2005",14862,56529,100]
["Magdalenap1Nacimientos por cesarea","Magdalena","Nacimientos por cesarea","p1","2000-2005",36060,112086,100]
["Metap1Nacimientos por cesarea","Meta","Nacimientos por cesarea","p1","2000-2005",19596,82732,100]
["Nariñop1Nacimientos por cesarea","Nariño","Nacimientos por cesarea","p1","2000-2005",34463,112134,100]
["Norte de Santanderp1Nacimientos por cesarea","Norte de Santander","Nacimientos por cesarea","p1","2000-2005",44789,123855,100]
["Quindíop1Nacimientos por cesarea","Quindío","Nacimientos por cesarea","p1","2000-2005",12177,51354,100]
["Risaraldap1Nacimientos por cesarea","Risaralda","Nacimientos por cesarea","p1","2000-2005",20737,84057,100]
["Santanderp1Nacimientos por cesarea","Santander","Nacimientos por cesarea","p1","2000-2005",74684,196784,100]
["Sucrep1Nacimientos por cesarea","Sucre","Nacimientos por cesarea","p1","2000-2005",24518,80730,100]
["Tolimap1Nacimientos por cesarea","Tolima","Nacimientos por cesarea","p1","2000-2005",25735,126927,100]
["Valle del Caucap1Nacimientos por cesarea","Valle del Cauca","Nacimientos por cesarea","p1","2000-2005",115909,371269,100]
["Araucap1Nacimientos por cesarea","Arauca","Nacimientos por cesarea","p1","2000-2005",6371,23523,100]
["Casanarep1Nacimientos por cesarea","Casanare","Nacimientos por cesarea","p1","2000-2005",5996,32207,100]
["Putumayop1Nacimientos por cesarea","Putumayo","Nacimientos por cesarea","p1","2000-2005",6109,22931,100]
["San Andrés y Providenciap1Nacimientos por cesarea","San Andrés y Providencia","Nacimientos por cesarea","p1","2000-2005",3799,5742,100]
["Amazonasp1Nacimientos por cesarea","Amazonas","Nacimientos por cesarea","p1","2000-2005",941,6120,100]
["Guainíap1Nacimientos por cesarea","Guainía","Nacimientos por cesarea","p1","2000-2005",360,2241,100]
["Guaviarep1Nacimientos por cesarea","Guaviare","Nacimientos por cesarea","p1","2000-2005",1414,8898,100]
["Vaupésp1Nacimientos por cesarea","Vaupés","Nacimientos por cesarea","p1","2000-2005",232,1345,100]
["Vichadap1Nacimientos por cesarea","Vichada","Nacimientos por cesarea","p1","2000-2005",579,3320,100]
["Antioquiap2Nacimientos por cesarea","Antioquia","Nacimientos por cesarea","p2","2010-2015",152474,454238,100]
["Atlánticop2Nacimientos por cesarea","Atlántico","Nacimientos por cesarea","p2","2010-2015",171691,235955,100]
["Bogotáp2Nacimientos por cesarea","Bogotá","Nacimientos por cesarea","p2","2010-2015",291133,709245,100]
["Bolívarp2Nacimientos por cesarea","Bolívar","Nacimientos por cesarea","p2","2010-2015",114525,202792,100]
["Boyacáp2Nacimientos por cesarea","Boyacá","Nacimientos por cesarea","p2","2010-2015",33057,99878,100]
["Caldasp2Nacimientos por cesarea","Caldas","Nacimientos por cesarea","p2","2010-2015",16441,62224,100]
[{"$f":"CONCATENATE(B835,D835,C835)","v":"Caquetáp2Nacimientos por cesarea"},"Caquetá","Nacimientos por cesarea","p2","2010-2015",16865,42649,100]
["Caucap2Nacimientos por cesarea","Cauca","Nacimientos por cesarea","p2","2010-2015",28384,90921,100]
["Cesarp2Nacimientos por cesarea","Cesar","Nacimientos por cesarea","p2","2010-2015",71555,122102,100]
["Córdobap2Nacimientos por cesarea","Córdoba","Nacimientos por cesarea","p2","2010-2015",99369,164653,100]
["Cundinamarcap2Nacimientos por cesarea","Cundinamarca","Nacimientos por cesarea","p2","2010-2015",46613,138665,100]
["Chocóp2Nacimientos por cesarea","Chocó","Nacimientos por cesarea","p2","2010-2015",7742,32329,100]
["Huilap2Nacimientos por cesarea","Huila","Nacimientos por cesarea","p2","2010-2015",44088,121368,100]
["La Guajirap2Nacimientos por cesarea","La Guajira","Nacimientos por cesarea","p2","2010-2015",38995,80497,100]
["Magdalenap2Nacimientos por cesarea","Magdalena","Nacimientos por cesarea","p2","2010-2015",80799,135265,100]
["Metap2Nacimientos por cesarea","Meta","Nacimientos por cesarea","p2","2010-2015",31056,96506,100]
["Nariñop2Nacimientos por cesarea","Nariño","Nacimientos por cesarea","p2","2010-2015",52002,108473,100]
["Norte de Santanderp2Nacimientos por cesarea","Norte de Santander","Nacimientos por cesarea","p2","2010-2015",69220,121492,100]
["Quindíop2Nacimientos por cesarea","Quindío","Nacimientos por cesarea","p2","2010-2015",11425,37103,100]
["Risaraldap2Nacimientos por cesarea","Risaralda","Nacimientos por cesarea","p2","2010-2015",19023,69394,100]
["Santanderp2Nacimientos por cesarea","Santander","Nacimientos por cesarea","p2","2010-2015",99844,187611,100]
["Sucrep2Nacimientos por cesarea","Sucre","Nacimientos por cesarea","p2","2010-2015",57447,90530,100]
["Tolimap2Nacimientos por cesarea","Tolima","Nacimientos por cesarea","p2","2010-2015",38279,104282,100]
["Valle del Caucap2Nacimientos por cesarea","Valle del Cauca","Nacimientos por cesarea","p2","2010-2015",124436,332629,100]
["Araucap2Nacimientos por cesarea","Arauca","Nacimientos por cesarea","p2","2010-2015",10150,23866,100]
["Casanarep2Nacimientos por cesarea","Casanare","Nacimientos por cesarea","p2","2010-2015",12005,38154,100]
["Putumayop2Nacimientos por cesarea","Putumayo","Nacimientos por cesarea","p2","2010-2015",7961,23220,100]
["San Andrés y Providenciap2Nacimientos por cesarea","San Andrés y Providencia","Nacimientos por cesarea","p2","2010-2015",3528,4991,100]
["Amazonasp2Nacimientos por cesarea","Amazonas","Nacimientos por cesarea","p2","2010-2015",1378,7341,100]
["Guainíap2Nacimientos por cesarea","Guainía","Nacimientos por cesarea","p2","2010-2015",867,3056,100]
["Guaviarep2Nacimientos por cesarea","Guaviare","Nacimientos por cesarea","p2","2010-2015",1945,6990,100]
["Vaupésp2Nacimientos por cesarea","Vaupés","Nacimientos por cesarea","p2","2010-2015",255,1764,100]
["Vichadap2Nacimientos por cesarea","Vichada","Nacimientos por cesarea","p2","2010-2015",559,3362,100]

{"sheet":"recoding","index":4,"n_rows":6,"n_cols":3,"rows_kept":6,"cut":false,"hidden":false,"merged":[]}
["indicador","año","periodo"]
["IDH",2005,"2000-2005"]
["IPM",2005,"2000-2005"]
["IDH",2015,"2010-2015"]
["IPM",2013,"2010-2015"]
["IRCA"]